Wybierz Rok lub Miesiąc Raportu
2024: Sty Lut Mar Kwi Maj Cze Lip Sie Wrz Paź Lis Gru
2023: Sty Lut Mar Kwi Maj Cze Lip Sie Wrz Paź Lis Gru
2022: Sty Lut Mar Kwi Maj Cze Lip Sie Wrz Paź Lis Gru
2021: Sty Lut Mar Kwi Maj Cze Lip Sie Wrz Paź Lis Gru
2020: Sty Lut Mar Kwi Maj Cze Lip Sie Wrz Paź Lis Gru
2019: Sty Lut Mar Kwi Maj Cze Lip Sie Wrz Paź Lis Gru
2018: Sty Lut Mar Kwi Maj Cze Lip Sie Wrz Paź Lis Gru
2017: Sty Lut Mar Kwi Maj Cze Lip Sie Wrz Paź Lis Gru
2016: Sty Lut Mar Kwi Maj Cze Lip Sie Wrz Paź Lis Gru
2015: Sty Lut Mar Kwi Maj Cze Lip Sie Wrz Paź Lis Gru
2014: Sty Lut Mar Kwi Maj Cze Lip Sie Wrz Paź Lis Gru
2013: Sty Lut Mar Kwi Maj Cze Lip Sie Wrz Paź Lis Gru
2024: Sty Lut Mar Kwi Maj Cze Lip Sie Wrz Paź Lis Gru
2023: Sty Lut Mar Kwi Maj Cze Lip Sie Wrz Paź Lis Gru
2022: Sty Lut Mar Kwi Maj Cze Lip Sie Wrz Paź Lis Gru
2021: Sty Lut Mar Kwi Maj Cze Lip Sie Wrz Paź Lis Gru
2020: Sty Lut Mar Kwi Maj Cze Lip Sie Wrz Paź Lis Gru
2019: Sty Lut Mar Kwi Maj Cze Lip Sie Wrz Paź Lis Gru
2018: Sty Lut Mar Kwi Maj Cze Lip Sie Wrz Paź Lis Gru
2017: Sty Lut Mar Kwi Maj Cze Lip Sie Wrz Paź Lis Gru
2016: Sty Lut Mar Kwi Maj Cze Lip Sie Wrz Paź Lis Gru
2015: Sty Lut Mar Kwi Maj Cze Lip Sie Wrz Paź Lis Gru
2014: Sty Lut Mar Kwi Maj Cze Lip Sie Wrz Paź Lis Gru
2013: Sty Lut Mar Kwi Maj Cze Lip Sie Wrz Paź Lis Gru
Raport za 2024 Marzec
Monthly Climatological Summary for mar 2024 Name: Stacja Pogodowa Tarnów/Moscice City: Tarnów State: Polska Elevation: 209 m Lat: N 50° 00' 41" Lon: E 020° 55' 50" Temperature (°C), Rain (mm), Wind Speed (km/h) Heat Cool Avg Mean Deg Deg Wind Dom Day Temp High Time Low Time Days Days Rain Speed High Time Dir ---------------------------------------------------------------------------------- 01 9,2 15,1 13:13 5,8 05:35 9,1 0,0 0,0 0,8 12,9 14:35 N 02 9,7 14,9 14:29 6,9 05:53 8,6 0,0 0,0 0,7 16,1 12:12 ESE 03 10,4 17,1 12:43 6,1 06:50 7,9 0,0 0,0 1,1 14,5 10:04 E 04 10,5 17,4 13:06 6,1 06:09 7,8 0,0 1,6 1,0 25,7 14:40 ESE 05 6,7 7,7 09:24 5,3 22:52 11,6 0,0 3,8 0,5 9,7 18:20 NW 06 3,3 5,4 00:00 2,0 07:38 15,0 0,0 7,6 2,2 12,9 04:47 WNW 07 2,3 4,8 13:13 1,1 06:33 16,0 0,0 0,0 3,1 16,1 05:37 WNW 08 2,3 7,4 15:31 -1,6 23:52 16,0 0,0 0,0 1,0 14,5 13:01 E 09 4,3 11,5 13:31 -2,4 03:43 14,0 0,0 0,0 2,3 22,5 12:54 ESE 10 8,7 13,2 11:13 5,6 04:57 9,6 0,0 2,6 5,1 38,6 18:10 ESE 11 9,1 12,7 12:09 7,0 00:00 9,2 0,0 1,6 3,5 24,1 03:42 ESE 12 8,2 11,8 11:33 6,3 04:42 10,1 0,0 1,2 0,9 9,7 02:13 NW 13 5,2 6,7 00:00 4,2 23:47 13,1 0,0 4,2 0,6 6,4 02:36 WNW 14 5,1 8,3 14:17 1,6 23:59 13,2 0,0 0,2 0,1 6,4 16:14 NE 15 6,2 14,0 15:16 -0,2 05:51 12,1 0,0 0,0 1,0 14,5 08:23 ESE 16 9,9 13,2 16:13 7,4 00:23 8,4 0,0 5,6 1,7 16,1 11:28 S 17 6,6 9,6 00:00 3,3 23:44 11,7 0,0 2,2 3,1 22,5 08:12 WNW 18 1,6 3,4 00:00 -0,2 04:56 16,7 0,0 0,0 1,7 16,1 08:38 WNW ---------------------------------------------------------------------------------- 6,6 17,4 4 -2,4 9 210,1 0,0 30,6 1,7 38,6 10 ESE Max >= 27,0 0 Max <= 0,0 0 Min <= 0,0 4 Min <= -18,0 0 Max Rain: 7,6 on day 6 Days of Rain: 10 (>= 0,2 mm) 6 (>= 2,0 mm) 0 (>= 20,0 mm) Heat Base: 18,3 Cool Base: 18,3 Method: Integration