Brak ostrzeżeń pogodowych   -   Brak ostrzeżeń pogodowych


Raport za 2019 Kwiecień
                   Monthly Climatological Summary for kwi 2019

Name: Stacja Pogodowa Tarnów/Moœcice   City: Tarnów   State: Polska
Elevation: 209 m  Lat: N 50° 00' 41"   Lon: E 020° 55' 50"

                  Temperature (°C), Rain (mm), Wind Speed (km/h)

                                      Heat  Cool        Avg
    Mean                              Deg   Deg         Wind                 Dom
Day Temp  High   Time   Low    Time   Days  Days  Rain  Speed High   Time    Dir
----------------------------------------------------------------------------------
 1   7,7  12,3   15:14   2,9   23:53  10,6   0,0   0,0   1,9  12,9   12:30     W
 2   7,8  16,1   15:31  -0,4   03:57  10,5   0,0   0,0   2,8  20,9   09:21     E
 3  12,1  18,1   15:39   6,0   01:18   6,2   0,0   0,0   5,2  29,0   13:49     E
 4  13,0  19,1   16:46   6,4   06:15   5,3   0,0   0,0   2,8  24,1   12:19   ESE
 5  14,6  21,6   16:19   8,1   04:29   4,3   0,6   0,0   1,9  24,1   13:40     E
 6  10,8  16,6   13:29   7,5   03:51   7,5   0,0   5,4   0,4  25,7   14:57   WSW
 7  10,2  16,3   15:03   5,2   03:53   8,1   0,0   0,0   0,5  17,7   12:45     W
 8  11,0  19,8   14:51   2,5   06:03   7,4   0,1   0,0   0,3   9,7   16:46     W
 9  11,8  18,8   15:23   4,1   06:30   6,5   0,0   0,0   0,8  17,7   15:40     W
10   7,3   9,4   13:51   4,1   06:13  11,0   0,0   0,0   0,7  11,3   11:30     W
11   4,8   7,5   00:00   3,2   22:33  13,5   0,0   1,0   0,4  11,3   04:14     W
12   2,4   3,2   00:00   1,2   04:37  15,9   0,0   4,8   0,4   9,7   14:49     W
13   6,1  10,6   18:08   2,6   05:19  12,2   0,0   0,0   0,3   8,0   13:09     W
14   9,3  15,4   15:45   4,4   05:12   9,0   0,0   0,0   1,3  12,9   12:37     W
15   6,6  13,1   14:59  -0,3   05:46  11,7   0,0   0,0   0,8  17,7   13:19     W
16   6,6  14,9   17:15  -2,1   05:34  11,7   0,0   0,8   1,0  16,1   18:58     W
17   9,7  16,7   17:36   4,7   00:00   8,6   0,0   0,0   0,3   9,7   13:33     W
18  11,6  19,6   16:30   2,7   05:12   6,9   0,1   0,0   0,8  14,5   13:13     W
19  12,1  20,7   16:22   2,5   05:52   6,6   0,4   0,0   0,6  11,3   12:26     W
20  12,8  22,2   16:24   1,5   05:36   6,3   0,8   0,0   0,6  19,3   14:02     W
21  12,0  19,0   14:44   4,9   03:55   6,4   0,0   0,0   0,5  14,5   16:26     W
22  12,4  17,9   16:14   8,4   05:27   5,9   0,0   1,0   1,0  20,9   16:26   WSW
23  12,5  18,7   15:32   6,4   05:35   5,8   0,0   0,4   3,1  33,8   15:00     E
24  14,4  17,5   17:13  10,8   05:11   3,9   0,0   0,0   5,1  32,2   10:15   ESE
----------------------------------------------------------------------------------
    10,0  22,2    20    -2,1    16   201,8   2,0  13,4   1,4  33,8    23     ESE

Max >=  27,0:  0
Max <=   0,0:  0
Min <=   0,0:  3
Min <= -18,0:  0
Max Rain: 5,4 on day 6
Days of Rain: 24 (>= 0,0 mm)  2 (>= 2,0 mm)  0 (>= 20,0 mm)
Heat Base: 18,3  Cool Base: 18,3  Method: Integration