Upały Początek: 25-06-2019 11:30 Koniec: 26-06-2019 19:00 Ostrzeżenie dla: Upały Poziom: Pomarańczowy
Pogoda niebezpieczna.
info button


Raport za 2019 Czerwiec
                   Monthly Climatological Summary for cze 2019

Name: Stacja Pogodowa Tarnów/Moœcice   City: Tarnów   State: Polska
Elevation: 209 m  Lat: N 50° 00' 41"   Lon: E 020° 55' 50"

                  Temperature (°C), Rain (mm), Wind Speed (km/h)

                                      Heat  Cool        Avg
    Mean                              Deg   Deg         Wind                 Dom
Day Temp  High   Time   Low    Time   Days  Days  Rain  Speed High   Time    Dir
----------------------------------------------------------------------------------
 1  18,4  25,4   13:55  10,8   01:26   2,2   2,2   0,0   0,3   9,7   12:35     W
 2  21,0  27,9   16:30  13,9   05:35   1,1   3,8   0,0   0,2   6,4   15:00     W
 3  21,3  27,9   15:54  13,2   04:44   1,1   4,1   0,0   0,8   8,0   11:37     W
 4  22,1  27,9   12:02  14,6   04:46   0,7   4,5   0,0   0,7  14,5   10:45   WSW
 5  21,4  27,3   14:33  15,2   04:44   0,5   3,6   0,0   1,0  16,1   18:00    SE
 6  21,2  27,1   14:43  15,1   04:53   0,6   3,6   0,0   2,1  19,3   13:02   ESE
 7  21,9  29,1   14:54  16,4   04:05   0,3   3,9   0,4   0,9  12,9   12:35   SSW
 8  23,6  30,6   14:47  17,3   04:51   0,1   5,4   0,0   0,7  19,3   20:00   WSW
 9  22,2  26,9   16:41  16,4   05:56   0,2   4,1   0,0   0,5   8,0   00:15     W
10  26,1  31,8   15:11  22,9   23:50   0,0   7,8   0,0   1,2  19,3   15:13   ESE
11  26,0  31,8   17:10  18,8   05:08   0,0   7,7   0,0   1,8  20,9   13:33   ESE
12  26,4  32,7   15:45  19,4   04:50   0,0   8,1   0,0   1,9  25,7   15:58   ESE
13  26,9  33,6   14:46  19,5   04:40   0,0   8,6   0,0   1,1  20,9   16:32   ESE
14  25,3  32,0   17:44  20,1   09:31   0,0   7,0   3,2   0,1   6,4   03:15     W
15  27,8  35,3   15:35  20,7   03:24   0,0   9,5   0,0   0,6  12,9   12:35   ESE
16  24,4  32,1   15:10  19,1   17:59   0,0   6,1  10,4   0,9  19,3   17:29     W
17  19,0  23,0   17:05  15,3   23:52   0,2   1,0   0,2   0,0   6,4   09:57     W
18  20,1  25,2   15:56  13,5   04:53   1,2   3,0   0,0   0,1   8,0   11:11   SSW
19  22,9  30,6   15:46  16,5   05:15   0,2   4,8   0,0   0,6  19,3   16:00    SE
20  22,6  29,2   14:00  18,3   04:32   0,0   4,3   1,6   0,4  12,9   18:22   SSW
21  22,1  28,5   15:41  18,6   03:20   0,0   3,8   3,8   0,6   9,7   06:56   WSW
22  21,5  26,2   15:05  17,3   04:41   0,1   3,3   0,0   0,5   9,7   18:34     W
23  21,9  26,9   16:37  17,1   06:20   0,2   3,7   0,0   0,8   9,7   16:54     W
24  21,8  26,0   17:24  16,5   05:01   0,2   3,7   0,0   1,0  12,9   09:58     W
25  25,2  32,5   17:10  17,2   03:04   0,2   7,1   0,0   0,6  11,3   10:55     S
----------------------------------------------------------------------------------
    22,9  35,3    15    10,8     1     9,1 124,7  19,6   0,8  25,7    12     SSE

Max >=  27,0: 18
Max <=   0,0:  0
Min <=   0,0:  0
Min <= -18,0:  0
Max Rain: 10,4 on day 16
Days of Rain: 25 (>= 0,0 mm)  3 (>= 2,0 mm)  0 (>= 20,0 mm)
Heat Base: 18,3  Cool Base: 18,3  Method: Integration