Upały Początek: 25-06-2019 11:30 Koniec: 26-06-2019 19:00 Ostrzeżenie dla: Upały Poziom: Pomarańczowy
Pogoda niebezpieczna.
info button


Raport za 2013 Maj
                   Monthly Climatological Summary for maj 2013

Name: Stacja Pogodowa Tarnów/Mościce   City: Tarnów   State: Polska
Elevation: 209 m  Lat: N 50° 00' 41"   Lon: E 020° 55' 50"

                  Temperature (°C), Rain (mm), Wind Speed (km/h)

                                      Heat  Cool        Avg
    Mean                              Deg   Deg         Wind                 Dom
Day Temp  High   Time   Low    Time   Days  Days  Rain  Speed High   Time    Dir
----------------------------------------------------------------------------------
 1  12,7  15,2   17:04  10,6   08:41   5,6   0,0   0,0   1,4  11,1   21:17     W
 2  13,3  17,2   14:12   9,6   05:47   5,0   0,0   0,7   0,9  16,7   10:35   WSW
 3  15,4  22,7   14:13  10,7   23:55   2,9   0,0  10,3   1,1  18,5   02:40   WSW
 4  11,3  13,4   17:39   9,6   03:22   7,0   0,0   0,7   3,0  18,5   00:24   WSW
 5  14,6  22,7   15:27   6,3   04:43   3,7   0,0   0,0   0,3   9,3   11:54   WSW
 6  17,1  24,3   15:43   9,1   04:39   1,2   0,0   0,0   0,9  22,2   11:07   WSW
 7  19,4  28,7   15:55  13,7   23:50   0,0   1,1   0,2   1,0  25,7   16:54   ESE
 8  20,3  28,7   16:38  10,5   05:37   0,0   2,0   0,0   1,0  17,8   15:14     E
 9  20,2  27,8   13:29  12,3   05:18   0,0   1,9   0,0   1,2  14,4   17:19   ESE
10  21,5  28,4   15:04  13,7   05:26   0,0   3,2   0,0   1,9  22,6   13:24    SE
11  19,1  26,5   15:41  14,4   02:43   0,0   0,8   0,0   1,0  13,0   21:22   WSW
12  13,0  16,6   00:00  11,2   22:33   5,3   0,0   0,0   1,2  17,8   12:20   WSW
13  10,8  11,4   08:55  10,3   04:42   7,5   0,0   2,2   1,6  13,0   01:30   WSW
14  14,2  20,2   17:26  10,1   04:15   4,1   0,0   0,0   1,1  11,3   16:11   WSW
15  16,3  23,0   15:24   7,6   05:30   2,0   0,0   0,0   0,5  11,3   12:34     S
16  19,0  25,1   13:24  12,6   02:51   0,0   0,7   0,0   2,2  24,1   16:46   ESE
17  20,3  26,3   14:11  13,2   05:10   0,0   2,0   0,0   2,0  17,8   10:16   ESE
18  20,2  25,5   15:33  16,1   23:17   0,0   1,9   0,0   2,6  19,3   09:14    SW
19  20,5  27,7   14:51  12,2   03:21   0,0   2,2   0,0   1,6  17,8   15:03   ESE
20  19,4  27,4   13:51  13,5   23:56   0,0   1,1   2,6   2,3  27,4   17:04     S
21  14,4  21,7   12:41   9,3   04:49   3,9   0,0   2,6   1,0  24,1   14:32    SW
22  12,9  20,4   13:07   8,7   05:01   5,4   0,0   6,8   1,0  32,2   13:36   SSE
23  10,5  12,5   14:33   8,3   06:07   7,8   0,0   0,4   1,2  24,1   03:39   WSW
24   9,9  11,2   14:37   8,7   01:55   8,4   0,0   4,8   0,9  16,1   16:37   WSW
25  12,3  17,2   14:54   8,2   05:01   6,0   0,0   0,0   2,3  19,3   09:15   WSW
26  10,9  14,8   16:30   7,2   02:17   7,4   0,0   3,2   0,2   6,5   15:33   WSW
27  10,7  13,6   14:32   8,5   06:12   7,6   0,0   2,2   0,9  14,4   09:19   WSW
28  13,0  17,2   14:24   9,4   03:11   5,3   0,0   2,4   2,0  20,9   13:46     S
29  17,9  23,8   14:49  10,9   05:04   0,4   0,0   0,0   2,2  19,3   13:52    SE
30  15,9  23,8   13:53  12,7   05:14   2,4   0,0  10,4   0,7  22,6   15:18   SSW
31  16,7  21,9   17:20  11,7   05:08   1,6   0,0   1,0   2,0  17,8   07:45   ESE
----------------------------------------------------------------------------------
    15,6  28,7     7     6,3     5   100,5  16,9  50,5   1,4  32,2    22     SSW

Max >=  27,0:  6
Max <=   0,0:  0
Min <=   0,0:  0
Min <= -18,0:  0
Max Rain: 10,4 on day 30
Days of Rain: 15 (>= 0,2 mm)  10 (>= 2,0 mm)  0 (>= 20,0 mm)
Heat Base: 18,3  Cool Base: 18,3  Method: Integration