Brak ostrzeżeń pogodowych   -   Brak ostrzeżeń pogodowych

Wybierz Rok lub Miesiąc Raportu
2019: Sty Lut Mar Kwi Maj Cze Lip Sie Wrz Paź Lis Gru
2018: Sty Lut Mar Kwi Maj Cze Lip Sie Wrz Paź Lis Gru
2017: Sty Lut Mar Kwi Maj Cze Lip Sie Wrz Paź Lis Gru
2016: Sty Lut Mar Kwi Maj Cze Lip Sie Wrz Paź Lis Gru
2015: Sty Lut Mar Kwi Maj Cze Lip Sie Wrz Paź Lis Gru
2014: Sty Lut Mar Kwi Maj Cze Lip Sie Wrz Paź Lis Gru
2013: Sty Lut Mar Kwi Maj Cze Lip Sie Wrz Paź Lis Gru

Raport za 2013 Czerwiec
                   Monthly Climatological Summary for cze 2013

Name: Stacja Pogodowa Tarnów/Mościce   City: Tarnów   State: Polska
Elevation: 209 m  Lat: N 50° 00' 41"   Lon: E 020° 55' 50"

                  Temperature (°C), Rain (mm), Wind Speed (km/h)

                                      Heat  Cool        Avg
    Mean                              Deg   Deg         Wind                 Dom
Day Temp  High   Time   Low    Time   Days  Days  Rain  Speed High   Time    Dir
----------------------------------------------------------------------------------
 1  12,7  14,7   00:04  11,7   23:58   5,6   0,0  17,6   3,1  19,3   02:51   WSW
 2  15,9  23,1   14:33   9,1   05:08   2,4   0,0   0,0   0,4   9,6   05:50   SSW
 3  14,7  19,2   14:20  13,2   08:03   3,6   0,0  20,8   2,9  22,6   14:21   WSW
 4  14,8  18,3   12:52  13,8   02:43   3,5   0,0  27,0   1,1  16,1   16:53   WSW
 5  14,3  16,7   15:17  12,8   09:07   4,0   0,0  15,0   3,0  19,3   08:19   WSW
 6  15,3  20,2   16:30  12,3   04:52   3,0   0,0   0,4   2,3  16,1   17:11   WSW
 7  17,9  23,6   15:26  14,7   02:56   0,4   0,0   1,2   0,7  11,3   00:56   WSW
 8  20,3  27,3   15:12  13,1   04:52   0,0   2,0   0,0   0,4  14,4   20:48   WSW
 9  21,6  27,8   13:24  13,9   05:00   0,0   3,3   0,0   0,8  16,1   13:25   SSE
10  21,0  27,4   13:41  15,3   20:42   0,0   2,7   4,2   1,9  29,1   12:23   SSW
11  16,7  23,1   13:34  14,4   04:08   1,6   0,0   2,6   0,4   9,6   14:39   WSW
12  16,3  22,7   15:16  12,2   05:54   2,0   0,0  36,4   0,6   9,6   08:12   WSW
13  18,7  25,7   15:12  10,9   05:05   0,0   0,4   0,0   0,3   6,5   06:41   WSW
14  20,5  27,6   15:09  12,1   04:50   0,0   2,2   0,0   0,7  14,4   13:18   WSW
15  20,8  26,4   17:07  16,2   05:30   0,0   2,5   0,0   0,5   6,5   10:31   WSW
16  22,3  29,3   14:10  15,5   04:50   0,0   4,0   0,0   0,9  25,7   18:09   WSW
17  22,8  29,5   14:34  15,3   04:48   0,0   4,5   0,0   0,2   6,5   11:35   WSW
18  25,1  34,5   17:29  16,6   04:19   0,0   6,8   0,0   0,7  16,1   18:32   WSW
19  22,9  28,8   15:55  18,7   05:00   0,0   4,6   0,0   0,4  13,0   15:40    SW
20  24,8  33,1   15:35  16,1   04:57   0,0   6,5   0,0   0,5   8,0   08:21     S
21  27,5  34,6   15:15  20,3   22:35   0,0   9,2  17,4   1,7  32,2   21:19   SSE
22  23,8  29,6   13:03  18,9   05:06   0,0   5,5   0,0   0,2   8,0   12:46     W
23  20,4  24,1   18:27  18,0   10:05   0,0   2,1   7,0   0,8  27,4   09:07   WSW
24  20,6  24,6   17:48  16,6   05:05   0,0   2,3   0,0   0,8   8,0   14:41     W
25  18,7  25,4   12:26  13,8   23:50   0,0   0,4   9,2   2,1  25,7   17:36   WSW
26  14,2  17,5   14:24  12,3   04:27   4,1   0,0   0,4   3,7  22,6   01:43   WSW
27  14,2  16,6   15:47  11,4   05:13   4,1   0,0   0,0   0,5   9,6   02:18   WSW
28  14,2  16,0   12:11  12,8   02:00   4,1   0,0  14,8   0,4   4,8   07:13     W
29  16,4  21,4   17:47  13,3   23:51   1,9   0,0   0,8   0,1   6,5   12:43   WSW
30  15,3  21,8   12:02  11,5   23:57   3,0   0,0   2,4   1,3  14,4   12:19   WSW
----------------------------------------------------------------------------------
    18,8  34,6    21     9,1     2    43,3  59,0 177,2   1,1  32,2    21     WSW

Max >=  27,0: 11
Max <=   0,0:  0
Min <=   0,0:  0
Min <= -18,0:  0
Max Rain: 36,4 on day 12
Days of Rain: 16 (>= 0,2 mm)  12 (>= 2,0 mm)  3 (>= 20,0 mm)
Heat Base: 18,3  Cool Base: 18,3  Method: Integration