Brak ostrzeżeń pogodowych   -   Brak ostrzeżeń pogodowych

Wybierz Rok lub Miesiąc Raportu
2019: Sty Lut Mar Kwi Maj Cze Lip Sie Wrz Paź Lis Gru
2018: Sty Lut Mar Kwi Maj Cze Lip Sie Wrz Paź Lis Gru
2017: Sty Lut Mar Kwi Maj Cze Lip Sie Wrz Paź Lis Gru
2016: Sty Lut Mar Kwi Maj Cze Lip Sie Wrz Paź Lis Gru
2015: Sty Lut Mar Kwi Maj Cze Lip Sie Wrz Paź Lis Gru
2014: Sty Lut Mar Kwi Maj Cze Lip Sie Wrz Paź Lis Gru
2013: Sty Lut Mar Kwi Maj Cze Lip Sie Wrz Paź Lis Gru

Raport za 2013 Lipiec
                   Monthly Climatological Summary for lip 2013

Name: Stacja Pogodowa Tarnów/Mościce   City: Tarnów   State: Polska
Elevation: 209 m  Lat: N 50° 00' 41"   Lon: E 020° 55' 50"

                  Temperature (°C), Rain (mm), Wind Speed (km/h)

                                      Heat  Cool        Avg
    Mean                              Deg   Deg         Wind                 Dom
Day Temp  High   Time   Low    Time   Days  Days  Rain  Speed High   Time    Dir
----------------------------------------------------------------------------------
 1  15,4  21,7   17:39   8,2   04:53   2,9   0,0   0,0   1,2  16,1   10:48   WSW
 2  20,4  27,6   17:11  12,4   01:05   0,0   2,1   0,0   0,7  13,0   12:33    SW
 3  22,7  29,6   15:48  14,8   04:35   0,0   4,4   0,0   0,6  11,3   16:22    SE
 4  23,0  29,7   16:04  15,2   04:32   0,0   4,7   0,0   0,6   9,6   10:22    SW
 5  21,3  27,8   12:11  14,4   04:50   0,0   3,0   0,0   0,7  11,3   23:36   WSW
 6  20,9  26,8   16:15  18,1   04:53   0,0   2,6   0,0   1,2   9,6   01:11   WSW
 7  21,3  26,4   16:47  16,2   23:53   0,0   3,0   0,0   0,3   6,5   11:11     W
 8  19,9  26,6   14:46  12,0   04:55   0,0   1,6   0,0   0,5   8,0   13:28     W
 9  21,1  28,9   15:50  12,5   05:27   0,0   2,8   0,0   0,4   6,5   12:13   WSW
10  22,4  30,2   17:12  14,2   04:22   0,0   4,1   0,0   0,5   9,6   15:32   WSW
11  16,7  20,6   00:00  14,2   12:49   1,6   0,0  24,6   0,8  13,0   00:56   WSW
12  16,2  21,2   14:16  13,7   03:19   2,1   0,0   2,4   2,7  22,6   14:39   WSW
13  14,2  16,8   17:23  12,3   05:17   4,1   0,0   8,8   3,8  25,7   11:16   WSW
14  17,7  23,8   15:00  14,2   04:57   0,6   0,0   1,6   3,1  24,1   10:24   WSW
15  15,5  17,2   11:57  12,7   23:31   2,8   0,0  12,4   2,0  16,1   17:55   WSW
16  18,4  24,3   14:12  12,5   01:38   0,0   0,1   0,0   1,6  17,8   14:16   WSW
17  20,9  27,2   14:57  14,5   01:35   0,0   2,6   0,0   0,5   9,6   09:21   WSW
18  21,7  28,7   15:27  14,7   04:44   0,0   3,4   0,0   0,4   6,5   09:12   WSW
19  22,2  29,0   15:58  14,7   05:12   0,0   3,9   0,0   1,2  16,1   15:10   WSW
20  19,2  23,8   15:10  13,4   23:55   0,0   0,9   0,8   0,8  14,4   12:21     W
21  18,2  25,2   17:26  10,9   04:20   0,1   0,0   0,0   0,7   9,6   12:48     W
22  21,8  28,9   15:58  14,7   05:30   0,0   3,5   0,0   1,4  13,0   01:21   WSW
23  19,2  25,4   16:35  13,6   03:46   0,0   0,9   0,0   0,6  14,4   12:37     W
24  18,2  25,0   14:39  10,3   05:28   0,1   0,0   0,0   0,8  16,1   10:33     W
25  20,5  27,6   15:23  13,1   04:50   0,0   2,2   0,0   1,2  17,8   18:26   WSW
26  23,3  30,3   17:11  17,3   05:36   0,0   5,0   0,0   1,0  16,1   14:10   WSW
27  24,5  32,8   14:10  15,7   05:25   0,0   6,2   0,0   0,6  11,3   14:01   WSW
28  27,7  35,8   14:55  19,2   04:11   0,0   9,4   0,0   0,6  11,3   14:22     S
29  29,7  36,6   14:16  23,6   02:55   0,0  11,4   0,0   1,3  14,4   14:24    SE
30  21,1  25,7   00:00  17,5   23:53   0,0   2,8   2,2   2,5  24,1   06:24   WSW
31  21,9  27,8   16:10  15,8   05:35   0,0   3,6   0,0   1,5  14,4   13:39   WSW
----------------------------------------------------------------------------------
    20,6  36,6    29     8,2     1    14,3  84,2  52,8   1,1  25,7    13     WSW

Max >=  27,0: 16
Max <=   0,0:  0
Min <=   0,0:  0
Min <= -18,0:  0
Max Rain: 24,6 on day 11
Days of Rain: 7 (>= 0,2 mm)  5 (>= 2,0 mm)  1 (>= 20,0 mm)
Heat Base: 18,3  Cool Base: 18,3  Method: Integration