Upały Początek: 25-06-2019 11:30 Koniec: 26-06-2019 19:00 Ostrzeżenie dla: Upały Poziom: Pomarańczowy
Pogoda niebezpieczna.
info button


Raport za 2013 Listopad
                   Monthly Climatological Summary for lis 2013

Name: Stacja Pogodowa Tarnów/Mościce   City: Tarnów   State: Polska
Elevation: 209 m  Lat: N 50° 00' 41"   Lon: E 020° 55' 50"

                  Temperature (°C), Rain (mm), Wind Speed (km/h)

                                      Heat  Cool        Avg
    Mean                              Deg   Deg         Wind                 Dom
Day Temp  High   Time   Low    Time   Days  Days  Rain  Speed High   Time    Dir
----------------------------------------------------------------------------------
 1   9,2  18,1   13:18   1,9   00:42   9,1   0,0   0,0   0,7   9,6   06:03    SE
 2  12,4  16,6   13:43   7,7   04:18   5,9   0,0   0,0   3,8  25,2   13:46   SSE
 3  12,8  15,3   12:09   7,8   23:59   5,5   0,0   7,8   4,9  34,8   17:17    SW
 4   9,6  13,1   13:01   5,3   06:57   8,7   0,0   0,0   5,1  25,2   17:47    SE
 5   9,5  11,6   05:23   5,3   23:54   8,8   0,0  20,2   1,0  13,5   04:20    SW
 6   5,8   7,4   11:06   3,0   06:49  12,5   0,0   4,2   3,7  27,0   19:20   WSW
 7  10,3  14,8   22:51   6,2   03:39   8,0   0,0   0,4   5,6  29,1   14:13   WSW
 8  12,5  16,8   14:18   9,9   04:58   5,8   0,0   0,0   4,6  23,1   00:45   ESE
 9  11,0  14,2   11:51   8,4   23:04   7,3   0,0   9,6   2,0  23,1   12:57    SW
10   6,8  10,4   14:53   1,8   23:57  11,5   0,0  16,6   0,5  11,7   14:25    SW
11   5,0   7,2   16:26   1,7   00:09  13,3   0,0   0,2   0,5   9,6   01:15     W
12   4,7   5,8   14:15   3,1   06:50  13,6   0,0   0,0   0,6   9,6   00:07     W
13   4,3   5,9   12:43   2,2   05:22  14,0   0,0   0,6   2,4  19,3   14:13   WSW
14   4,8   9,1   13:29  -0,6   23:40  13,5   0,0   0,0   0,9   7,8   09:02   WSW
15   1,0   3,8   12:30  -2,8   07:17  17,3   0,0   0,0   0,3   7,8   11:02   WSW
16   3,9   6,0   13:38   1,7   01:11  14,4   0,0   0,0   2,9  21,3   13:09   WSW
17   3,9  10,0   14:28  -0,9   07:05  14,4   0,0   0,0   1,4  21,3   12:02   WSW
18   5,8  12,4   13:55   0,5   06:40  12,5   0,0   0,0   2,6  23,1   09:32   ESE
19   8,1  12,5   12:25   5,2   00:00  10,2   0,0   0,0   4,2  21,3   09:49   ESE
20  10,0  13,4   12:58   7,3   01:35   8,3   0,0   0,0   4,8  27,0   11:37   ESE
21   7,0   8,7   00:00   5,1   20:31  11,3   0,0   3,4   1,3  11,7   03:21   WSW
22   6,2   7,8   14:44   4,6   06:55  12,1   0,0   0,8   1,2  13,5   00:28   WSW
23   7,8   8,8   19:22   6,8   00:00  10,5   0,0   0,4   0,8   7,8   01:59     W
24   7,4   8,8   00:24   2,9   22:17  10,9   0,0  16,6   1,7  19,3   21:38     W
25   1,9   3,2   00:11   1,0   08:34  16,4   0,0   5,0   3,1  19,3   04:49     W
26   1,2   2,1   11:18   0,0   23:58  17,1   0,0   0,0   1,4  13,5   14:34     W
27  -1,2   1,3   14:11  -3,1   22:06  19,5   0,0   0,0   1,9  13,5   22:42   WSW
28   1,3   4,2   18:17  -2,9   00:00  17,0   0,0   0,2   8,4  38,7   21:56   WSW
29   3,5   4,0   14:00   2,7   22:22  14,8   0,0   0,0   5,3  40,6   00:04     W
30   3,8   5,6   10:17   2,3   02:19  14,5   0,0   0,0   3,8  30,9   12:08    SW
----------------------------------------------------------------------------------
     6,3  18,1     1    -3,1    27   358,7   0,0  86,0   2,7  40,6    29      SW

Max >=  27,0:  0
Max <=   0,0:  0
Min <=   0,0:  6
Min <= -18,0:  0
Max Rain: 20,2 on day 5
Days of Rain: 14 (>= 0,2 mm)  8 (>= 2,0 mm)  1 (>= 20,0 mm)
Heat Base: 18,3  Cool Base: 18,3  Method: Integration