Upały Początek: 25-06-2019 11:30 Koniec: 26-06-2019 19:00 Ostrzeżenie dla: Upały Poziom: Pomarańczowy
Pogoda niebezpieczna.
info button


Raport za 2013 Grudzień
                   Monthly Climatological Summary for gru 2013

Name: Stacja Pogodowa Tarnów/Mościce   City: Tarnów   State: Polska
Elevation: 209 m  Lat: N 50° 00' 41"   Lon: E 020° 55' 50"

                  Temperature (°C), Rain (mm), Wind Speed (km/h)

                                      Heat  Cool        Avg
    Mean                              Deg   Deg         Wind                 Dom
Day Temp  High   Time   Low    Time   Days  Days  Rain  Speed High   Time    Dir
----------------------------------------------------------------------------------
 1   4,2   5,6   14:45   2,9   03:07  14,1   0,0   0,0   9,2  36,7   20:33   WSW
 2   3,6   6,0   11:44  -1,5   23:56  14,7   0,0   0,4   3,0  25,2   00:04     W
 3   0,4   6,2   13:37  -4,2   06:33  17,9   0,0   0,0   0,8  15,4   12:09   SSW
 4   0,2   4,6   12:11  -2,4   03:09  18,1   0,0   0,0   2,7  30,9   21:14   WSW
 5   2,5   4,6   23:18   0,9   00:00  15,8   0,0   0,4   7,4  54,1   23:28   WSW
 6   1,9   4,4   03:25  -1,5   21:46  16,4   0,0   2,0  17,1  67,6   10:55     W
 7  -0,1   1,2   12:22  -1,8   20:44  18,4   0,0   0,0  12,7  58,0   09:25     W
 8  -0,7   2,5   23:55  -2,8   08:02  19,0   0,0   0,2   3,7  25,2   10:46   WSW
 9   3,8   5,8   12:53   0,1   23:30  14,5   0,0  10,6   9,0  44,4   12:23     W
10  -1,0   2,0   13:21  -3,3   08:16  19,3   0,0   0,0   0,6   9,6   08:55     W
11   2,3   5,2   14:12  -2,7   00:00  16,0   0,0   0,0   2,3  17,4   14:54   WSW
12   3,6   6,8   14:25  -0,4   23:50  14,7   0,0   0,0   1,9  19,3   12:58   WSW
13   0,9   7,7   14:53  -4,7   07:35  17,4   0,0   0,0   1,7  15,4   19:38   WSW
14   0,7   6,7   14:04  -2,6   03:43  17,6   0,0   0,0   1,6  23,1   20:31   WSW
15   1,7   3,3   11:48   0,3   01:13  16,6   0,0   0,4   1,8  19,3   01:07   WSW
16   2,3   4,9   12:24   0,4   21:26  16,0   0,0   1,0   2,9  21,3   12:59    SE
17   1,8   5,6   12:36   0,2   04:34  16,5   0,0   0,0   5,7  23,1   12:38   ESE
18  -1,2   2,4   13:50  -3,4   07:14  19,5   0,0   0,0   0,2   9,6   19:39    SE
19  -1,0   2,9   12:58  -2,7   01:40  19,3   0,0   0,0   2,8  19,3   10:46   ESE
20  -0,1   2,4   12:58  -2,5   01:23  18,4   0,0   0,0   1,8  21,3   23:23     S
21   3,6   9,1   14:24   0,7   23:57  14,7   0,0   0,0   3,9  23,1   03:03   WSW
22   2,6   5,3   11:45  -0,2   02:06  15,7   0,0   0,0   5,8  30,9   13:58   ESE
23   5,6  10,5   14:19   2,6   23:12  12,7   0,0   0,0   3,1  25,2   14:08    SE
24   6,9  11,1   13:41   2,5   03:49  11,4   0,0   0,0   6,8  36,7   22:04   ESE
25   9,0  12,1   11:45   6,5   07:04   9,3   0,0   0,0   8,9  38,7   04:39   ESE
26   8,5   9,8   19:53   6,8   07:46   9,8   0,0   0,0   8,0  34,8   10:57   ESE
27   9,5  13,1   13:40   7,5   18:33   8,8   0,0   0,0   1,8  19,3   02:23   ESE
28  10,3  15,2   12:40   6,2   08:24   8,0   0,0   0,0   3,5  25,2   11:13   ESE
29   8,6  10,3   11:22   4,1   22:56   9,7   0,0   0,0   2,1  17,4   03:22   SSW
30   3,7   7,6   12:09  -1,7   23:55  14,6   0,0   0,0   0,6   9,6   10:21   WSW
31  -0,7   2,2   14:02  -3,9   05:54  19,0   0,0   0,0   0,0   3,9   14:54     W
----------------------------------------------------------------------------------
     3,0  15,2    28    -4,7    13   473,9   0,0  15,0   4,3  67,6     6      SW

Max >=  27,0:  0
Max <=   0,0:  0
Min <=   0,0: 17
Min <= -18,0:  0
Max Rain: 10,6 on day 9
Days of Rain: 7 (>= 0,2 mm)  2 (>= 2,0 mm)  0 (>= 20,0 mm)
Heat Base: 18,3  Cool Base: 18,3  Method: Integration