Brak ostrzeżeń pogodowych   -   Brak ostrzeżeń pogodowych


Raport za 2014 Styczeń
                   Monthly Climatological Summary for sty 2014

Name: Stacja Pogodowa Tarnów/Mościce   City: Tarnów   State: Polska
Elevation: 209 m  Lat: N 50° 00' 41"   Lon: E 020° 55' 50"

                  Temperature (°C), Rain (mm), Wind Speed (km/h)

                                      Heat  Cool        Avg
    Mean                              Deg   Deg         Wind                 Dom
Day Temp  High   Time   Low    Time   Days  Days  Rain  Speed High   Time    Dir
----------------------------------------------------------------------------------
 1  -0,9   2,7   19:14  -4,1   08:17  19,2   0,0   0,0   0,4   9,6   21:36    SE
 2   3,4   9,2   11:10  -1,2   05:15  14,9   0,0   0,2   1,9  21,3   13:02   ESE
 3   4,7   9,6   13:38   3,2   02:20  13,6   0,0   0,0   2,5  19,3   00:17   ESE
 4   6,5  10,1   13:42   3,4   00:00  11,8   0,0   0,0   2,9  30,9   22:01   ESE
 5   9,6  11,4   13:24   7,6   00:03   8,7   0,0   0,2   5,9  29,1   04:33   ESE
 6   6,2   9,4   00:10   3,8   17:54  12,1   0,0   0,4   2,0  17,4   00:59   WSW
 7   6,5   9,3   12:45   3,9   02:31  11,8   0,0   0,0   1,2  19,3   06:22    SE
 8   8,1  14,2   14:35   5,7   00:00  10,2   0,0   0,0   3,0  21,3   12:47   SSW
 9   6,1   9,9   12:20   1,5   06:32  12,2   0,0   0,0   4,7  23,1   15:06   ESE
10   7,1   8,4   10:54   6,1   23:05  11,2   0,0   2,8  10,3  40,6   19:32   WSW
11   5,5   8,6   13:08   3,6   18:43  12,8   0,0   0,0   5,0  32,8   01:13   WSW
12   3,7   6,4   02:39   1,0   15:42  14,6   0,0   4,2   9,6  50,2   12:37     W
13   2,2   4,3   12:11  -0,6   22:57  16,1   0,0   0,0   5,4  40,6   00:34     W
14   3,2   6,7   23:06  -0,9   08:02  15,1   0,0   0,4   2,2  25,2   10:26   ESE
15   3,5   6,0   00:02   1,5   23:28  14,8   0,0   3,6   3,1  23,1   13:42   WSW
16   3,3   6,9   13:22   0,9   07:02  15,0   0,0   0,0   1,3  17,4   21:45   ESE
17   5,3   9,0   13:15   3,7   05:51  13,0   0,0   1,0   3,0  15,4   03:49    SE
18   5,7   9,9   14:12   3,9   17:38  12,6   0,0   1,2   0,9  21,3   21:46     W
19   5,2   6,8   15:08   3,9   04:57  13,1   0,0   0,4   1,9  13,5   16:21     W
20   2,2   4,2   00:00   0,1   23:29  16,1   0,0   3,8   1,9  13,5   01:00     W
21  -1,6   0,1   00:00  -3,7   22:17  19,9   0,0   0,2   1,5   9,6   05:51     W
22  -5,6  -3,7   00:00  -7,1   22:34  23,9   0,0   0,0   0,5   7,8   07:01     W
23  -6,1  -4,9   14:02  -7,0   00:02  24,4   0,0   0,0   0,3   7,8   20:50     W
24  -8,4  -5,9   12:25 -11,8   23:50  26,7   0,0   0,0   2,7  17,4   07:07     W
25 -12,5 -11,2   15:14 -13,8   07:30  30,8   0,0   0,0   2,1  13,5   05:12     W
26  -9,6  -7,1   12:42 -12,3   00:00  27,9   0,0   0,0   0,1   9,6   11:55     E
27  -7,7  -3,1   13:49 -12,2   05:06  26,0   0,0   0,0   0,4   9,6   19:19     W
28  -7,7  -6,6   00:42  -8,9   06:58  26,0   0,0   0,0   2,0  15,4   14:40     W
29  -6,5  -4,8   11:26  -7,8   00:00  24,8   0,0   0,0   1,9  23,1   13:32   ESE
30  -6,6  -3,9   15:08  -9,2   23:56  24,9   0,0   0,0   3,1  27,0   14:22     E
31  -2,2   6,7   13:51 -10,5   01:41  20,5   0,0   4,8   5,1  29,1   13:26   ESE
----------------------------------------------------------------------------------
     0,7  14,2     8   -13,8    25   544,7   0,0  23,2   2,9  50,2    12      SW

Max >=  27,0:  0
Max <=   0,0:  9
Min <=   0,0: 15
Min <= -18,0:  0
Max Rain: 4,8 on day 31
Days of Rain: 13 (>= 0,2 mm)  5 (>= 2,0 mm)  0 (>= 20,0 mm)
Heat Base: 18,3  Cool Base: 18,3  Method: Integration