Brak ostrzeżeń pogodowych   -   Brak ostrzeżeń pogodowych


Raport za 2014 Luty
                   Monthly Climatological Summary for lut 2014

Name: Stacja Pogodowa Tarnów/Mościce   City: Tarnów   State: Polska
Elevation: 209 m  Lat: N 50° 00' 41"   Lon: E 020° 55' 50"

                  Temperature (°C), Rain (mm), Wind Speed (km/h)

                                      Heat  Cool        Avg
    Mean                              Deg   Deg         Wind                 Dom
Day Temp  High   Time   Low    Time   Days  Days  Rain  Speed High   Time    Dir
----------------------------------------------------------------------------------
 1   5,8   7,8   11:55   4,3   00:01  12,5   0,0   0,0  10,5  40,6   05:11   ESE
 2   5,4   6,9   11:28  -0,2   23:35  12,9   0,0   0,0   4,5  32,8   01:51   ESE
 3  -0,2   5,2   22:18  -5,3   07:34  18,5   0,0   0,0   0,4  19,3   22:17    SE
 4   4,1  10,4   12:54  -5,2   06:25  14,2   0,0   0,0   4,0  30,9   14:16   ESE
 5   4,0   8,1   11:47   1,2   04:46  14,3   0,0   0,0   4,2  29,1   15:38   ESE
 6   4,0   8,3   12:54   1,4   23:57  14,3   0,0   0,0   2,4  29,1   03:35    SE
 7   4,4   8,2   11:50   0,8   03:04  13,9   0,0   0,0   5,5  34,8   09:39   ESE
 8   4,5   7,8   14:45   2,7   21:17  13,8   0,0   0,0   1,4  21,3   14:48   ESE
 9   6,3  11,8   12:35   2,8   00:25  12,0   0,0   0,2   1,5  15,4   16:51   ESE
10   4,7  10,6   15:35   0,7   03:46  13,6   0,0   5,4   3,5  27,0   23:31   WSW
11   7,0   9,2   14:00   5,4   03:29  11,3   0,0   0,4   3,1  29,1   01:48   ESE
12   3,8   6,6   11:55   0,4   23:51  14,5   0,0   5,8   2,3  25,2   14:27     W
13   3,5   8,8   15:56   0,4   00:17  14,8   0,0   2,4   2,4  15,4   14:26   ESE
14   4,1   6,6   13:45   1,6   23:56  14,2   0,0   2,4   2,6  23,1   14:23   WSW
15   4,0   8,8   12:44  -0,3   07:05  14,3   0,0   0,0   4,1  29,1   12:51   ESE
16   6,9  10,9   13:21   3,5   06:57  11,4   0,0   0,0   3,1  21,3   20:44    SW
17   6,2  11,3   13:34   0,3   23:57  12,1   0,0   0,0   2,2  17,4   12:18     W
18   5,3  11,8   13:22  -1,4   06:32  13,0   0,0   0,0   1,6  19,3   12:23   SSW
19   6,1   8,6   15:07   4,2   03:03  12,2   0,0   0,0   1,6  15,4   15:29   WSW
20   6,1   9,9   15:22   3,4   20:59  12,2   0,0   0,0   1,7  15,4   01:05   WSW
21   5,7  10,0   12:08   1,4   06:15  12,6   0,0   0,0   2,0  19,3   16:05   ESE
22   6,3   8,3   14:04   4,4   03:23  12,0   0,0   0,6   1,5  17,4   10:10   WSW
23   5,8  10,1   15:10   3,1   23:58  12,5   0,0   0,0   0,5   9,6   07:46     W
24   3,6   5,8   12:14   0,6   01:59  14,7   0,0   0,0   1,1  17,4   12:25     E
25   3,1   8,6   14:55  -1,0   22:57  15,2   0,0   0,0   1,0  11,7   13:51     W
26   3,1  10,7   15:13  -3,4   06:38  15,2   0,0   0,0   0,4  11,7   16:05   ENE
27   4,0  10,1   15:43  -2,3   05:09  14,3   0,0   0,0   1,2  11,7   09:48   ESE
28   7,7  14,4   15:04   2,3   06:40  10,6   0,0   0,0   3,2  21,3   14:16   ESE
----------------------------------------------------------------------------------
     4,8  14,4    28    -5,3     3   377,1   0,0  17,2   2,6  40,6     1      SE

Max >=  27,0:  0
Max <=   0,0:  0
Min <=   0,0:  8
Min <= -18,0:  0
Max Rain: 5,8 on day 12
Days of Rain: 7 (>= 0,2 mm)  4 (>= 2,0 mm)  0 (>= 20,0 mm)
Heat Base: 18,3  Cool Base: 18,3  Method: Integration