Brak ostrzeżeń pogodowych   -   Brak ostrzeżeń pogodowych


Raport za 2014 Marzec
                   Monthly Climatological Summary for mar 2014

Name: Stacja Pogodowa Tarnów/Mościce   City: Tarnów   State: Polska
Elevation: 209 m  Lat: N 50° 00' 41"   Lon: E 020° 55' 50"

                  Temperature (°C), Rain (mm), Wind Speed (km/h)

                                      Heat  Cool        Avg
    Mean                              Deg   Deg         Wind                 Dom
Day Temp  High   Time   Low    Time   Days  Days  Rain  Speed High   Time    Dir
----------------------------------------------------------------------------------
 1   8,2  13,5   12:51   4,0   23:54  10,1   0,0   0,0   1,9  19,3   14:06   ESE
 2   2,5   4,4   19:06  -1,2   06:51  15,8   0,0   0,0   1,2  15,4   16:16     W
 3   5,5   8,9   13:52   3,3   06:12  12,8   0,0   0,0   3,0  25,2   09:00     E
 4   4,5   7,6   14:34   0,9   04:13  13,8   0,0   0,0   1,6  15,4   15:30     W
 5   4,1   5,3   15:29   3,3   06:26  14,2   0,0   2,6   0,5   9,6   18:08     W
 6   3,8   4,8   15:20   3,3   00:00  14,5   0,0   0,0   1,0  11,7   11:09     W
 7   3,8   5,6   12:19   2,7   06:24  14,5   0,0   0,6   0,9   9,6   11:21     W
 8   4,2   5,2   17:27   3,5   00:00  14,1   0,0   0,0   0,5   9,6   08:11     W
 9   6,9  13,8   15:17   1,3   23:59  11,4   0,0   0,0   1,1  19,3   14:27     W
10   6,3  15,8   14:55  -1,3   06:02  12,0   0,0   0,0   1,9  27,0   11:51   ESE
11   5,2  15,8   15:42  -3,0   06:23  13,1   0,0   0,0   0,5   9,6   08:02     W
12   5,4  13,7   14:47  -2,1   06:17  12,9   0,0   0,0   0,6  13,5   10:40     W
13   6,8  17,6   15:27  -2,2   05:42  11,5   0,0   0,0   0,8   9,6   09:40     W
14   9,1  18,1   15:43  -0,2   06:05   9,2   0,0   0,0   1,4  19,3   09:26     W
15   6,9  13,0   08:57   2,7   23:36  11,4   0,0   7,6   8,6  71,5   09:43     W
16   4,7   8,8   17:39   2,4   00:35  13,6   0,0  17,2   6,6  42,6   08:46     W
17   9,5  13,5   13:15   3,4   00:08   8,8   0,0   4,8  10,4  54,1   12:11     W
18  10,1  14,3   15:23   6,8   03:46   8,2   0,0   0,4   5,4  30,9   15:21     W
19   8,8  10,1   09:54   7,2   12:02   9,5   0,0   8,6   5,4  34,8   23:01     W
20  12,5  18,4   15:55   7,4   23:58   5,8   0,0   0,0   7,1  40,6   08:11     W
21  14,9  22,9   14:41   6,6   00:18   3,4   0,0   0,0   5,4  30,9   12:50   SSE
22  16,1  22,4   13:12  11,2   06:01   2,2   0,0   0,0   4,4  25,2   17:00   SSE
23  14,1  19,2   11:17   8,9   06:00   4,2   0,0   0,2   1,7  21,3   08:47   SSW
24   8,5  13,0   10:49   4,3   22:52   9,8   0,0  17,4   1,8  23,1   16:11     W
25   5,9  10,4   13:51   1,4   23:58  12,4   0,0   0,2   4,1  27,0   09:33     W
26   6,2  13,2   13:54  -0,6   05:00  12,1   0,0   0,0   1,1  13,5   15:10     W
27   6,3  12,7   13:12  -0,4   05:14  12,0   0,0   0,0   1,2  11,7   12:22     W
28   9,3  14,2   16:00   6,7   00:00   9,0   0,0   0,0   0,6   7,8   09:44     W
29   9,5  16,9   15:29   1,8   05:59   8,8   0,0   0,0   1,0  11,7   12:38   WNW
30   9,3  19,1   15:56  -0,6   05:36   9,0   0,0   0,0   0,5   9,6   13:48     W
31   9,2  18,2   16:57   0,3   05:52   9,1   0,0   0,0   0,7   9,6   09:45     W
----------------------------------------------------------------------------------
     7,7  22,9    21    -3,0    11   329,2   0,0  59,6   2,7  71,5    15     WSW

Max >=  27,0:  0
Max <=   0,0:  0
Min <=   0,0:  9
Min <= -18,0:  0
Max Rain: 17,4 on day 24
Days of Rain: 10 (>= 0,2 mm)  6 (>= 2,0 mm)  0 (>= 20,0 mm)
Heat Base: 18,3  Cool Base: 18,3  Method: Integration