Upały Początek: 25-06-2019 11:30 Koniec: 26-06-2019 19:00 Ostrzeżenie dla: Upały Poziom: Pomarańczowy
Pogoda niebezpieczna.
info button


Raport za 2014 Maj
                   Monthly Climatological Summary for maj 2014

Name: Stacja Pogodowa Tarnów/Mościce   City: Tarnów   State: Polska
Elevation: 209 m  Lat: N 50° 00' 41"   Lon: E 020° 55' 50"

                  Temperature (°C), Rain (mm), Wind Speed (km/h)

                                      Heat  Cool        Avg
    Mean                              Deg   Deg         Wind                 Dom
Day Temp  High   Time   Low    Time   Days  Days  Rain  Speed High   Time    Dir
----------------------------------------------------------------------------------
 1  15,2  22,6   15:12   8,4   03:26   3,1   0,0   0,0   0,5  11,7   07:03     W
 2  13,2  19,7   15:46   8,1   05:44   5,1   0,0   0,2   2,2  15,4   14:38     W
 3   7,9  10,7   10:43   5,1   20:19  10,4   0,0   0,6   0,7   9,6   07:41     W
 4   9,4  15,2   16:59   4,7   02:50   8,9   0,0   0,6   1,4  13,5   12:56     W
 5   9,1  14,7   17:18   4,5   05:51   9,2   0,0   0,0   0,7   9,6   09:51     W
 6  12,1  20,5   17:24   2,2   04:03   6,2   0,0   0,0   1,6  19,3   12:02    SE
 7  17,1  23,5   14:18  10,7   03:47   1,2   0,0   0,0   3,7  23,1   12:38    SE
 8  14,5  20,1   16:40  11,7   06:26   3,8   0,0  10,0   1,8  17,4   00:14   WSW
 9  16,1  21,8   11:27  10,0   05:07   2,2   0,0   0,0   2,1  27,0   11:50   SSW
10  14,6  19,7   15:18   9,8   23:55   3,7   0,0   0,8   1,8  27,0   11:10   WSW
11  14,3  20,7   14:33   9,8   00:00   4,0   0,0   5,0   2,7  25,2   18:01    SW
12  11,4  16,4   13:56   8,2   23:04   6,9   0,0   4,4   2,4  32,8   14:48   WSW
13  12,1  19,0   16:38   4,6   04:39   6,2   0,0   4,4   2,0  19,3   09:58   WSW
14  10,7  13,5   13:51   9,0   02:37   7,6   0,0   5,4   1,2  11,7   01:11     W
15  11,0  12,3   11:46   9,6   01:37   7,3   0,0  30,0   4,5  25,2   21:26     W
16  12,6  16,2   14:46  11,1   05:43   5,7   0,0  10,8   3,3  25,2   00:20     W
17  13,1  15,8   16:52  10,6   23:50   5,2   0,0  28,4   0,9  11,7   17:29   WSW
18  14,8  20,1   14:37   9,7   05:02   3,5   0,0   0,0   2,7  25,2   14:48   ESE
19  17,0  23,5   16:37   9,4   03:49   1,3   0,0   0,0   2,3  19,3   12:38   ESE
20  18,7  26,0   14:06  11,0   05:06   0,0   0,4   0,0   1,0  11,7   16:40    SW
21  20,8  28,2   17:27  11,7   04:34   0,0   2,5   0,0   0,6  11,7   13:42     S
22  21,8  28,8   15:36  12,8   04:56   0,0   3,5   0,0   2,3  23,1   12:43   ESE
23  22,9  28,7   14:52  17,4   04:43   0,0   4,6   0,0   4,2  29,1   12:53   ESE
24  22,7  29,3   13:12  15,4   05:22   0,0   4,4   0,0   1,9  21,3   13:36    SE
25  20,0  25,8   14:52  16,8   01:26   0,0   1,7   2,4   1,2  13,5   01:50   WSW
26  20,1  26,8   15:53  13,6   05:42   0,0   1,8   0,0   0,9   9,6   14:07     W
27  19,2  27,3   14:16  13,7   04:10   0,0   0,9   1,4   0,9  27,0   15:12    SW
28  18,8  25,1   11:45  14,2   05:08   0,0   0,5   6,8   1,0  27,0   14:50    SW
29  12,4  15,1   00:00   8,8   22:41   5,9   0,0   6,4   0,8  15,4   07:50   WSW
30  10,2  11,3   17:59   9,1   00:00   8,1   0,0   1,0   0,2   7,8   10:39     W
31  13,2  20,3   14:36   8,6   05:53   5,1   0,0   0,0   1,3  13,5   13:39     W
----------------------------------------------------------------------------------
    15,1  29,3    24     2,2     6   120,6  20,3 118,6   1,8  32,8    12      SW

Max >=  27,0:  5
Max <=   0,0:  0
Min <=   0,0:  0
Min <= -18,0:  0
Max Rain: 30,0 on day 15
Days of Rain: 17 (>= 0,2 mm)  11 (>= 2,0 mm)  2 (>= 20,0 mm)
Heat Base: 18,3  Cool Base: 18,3  Method: Integration