Brak ostrzeżeń pogodowych   -   Brak ostrzeżeń pogodowych


Raport za 2014 Czerwiec
                   Monthly Climatological Summary for cze 2014

Name: Stacja Pogodowa Tarnów/Mościce   City: Tarnów   State: Polska
Elevation: 209 m  Lat: N 50° 00' 41"   Lon: E 020° 55' 50"

                  Temperature (°C), Rain (mm), Wind Speed (km/h)

                                      Heat  Cool        Avg
    Mean                              Deg   Deg         Wind                 Dom
Day Temp  High   Time   Low    Time   Days  Days  Rain  Speed High   Time    Dir
----------------------------------------------------------------------------------
 1  15,5  19,0   17:39  11,7   04:57   2,8   0,0   1,8   1,5  17,4   02:06     W
 2  12,2  14,4   00:00  10,4   23:53   6,1   0,0   2,4   1,6  21,3   11:04   WSW
 3  13,4  18,3   11:49  10,3   00:19   4,9   0,0   2,2   1,9  17,4   10:08   WSW
 4  15,7  22,6   16:49   8,9   05:07   2,6   0,0   0,2   0,9  15,4   15:28   WSW
 5  19,3  27,4   17:16  10,0   05:07   0,0   1,0   0,0   0,6  11,7   11:29   WSW
 6  19,1  24,1   16:36  15,1   05:05   0,0   0,8   0,0   1,3  17,4   11:37   WSW
 7  18,8  26,8   17:37  11,2   05:02   0,0   0,5   0,0   0,4   9,6   12:05   WSW
 8  21,7  29,6   16:43  12,2   04:48   0,0   3,4   0,0   0,4   7,8   10:47     W
 9  24,6  34,4   17:56  13,9   04:55   0,0   6,3   0,0   0,4   7,8   10:12    SE
10  23,8  32,2   14:53  16,4   04:24   0,0   5,5   0,0   1,2  13,5   17:34   WSW
11  22,9  29,7   17:16  16,3   05:39   0,0   4,6   0,0   0,6  15,4   11:52     W
12  20,0  25,2   17:46  13,3   05:03   0,0   1,7   0,0   1,8  21,3   10:44   WSW
13  17,2  22,5   15:54  11,9   23:59   1,1   0,0   6,4   1,8  29,1   15:27   WSW
14  14,4  19,1   11:58  11,6   00:24   3,9   0,0   3,8   3,2  23,1   15:03   WSW
15  12,4  13,8   15:33   8,8   23:58   5,9   0,0   0,0   1,0  17,4   08:52   WSW
16  14,7  22,5   18:16   6,4   04:49   3,6   0,0   0,0   0,5   7,8   06:56     W
17  16,3  23,2   13:02   8,9   04:51   2,0   0,0   0,0   0,5   9,6   11:27     W
18  17,1  24,2   17:29   8,8   05:16   1,2   0,0   0,0   0,8  15,4   15:54   WSW
19  18,4  25,5   15:45   9,4   04:41   0,0   0,1   0,0   1,2  17,4   16:27   WSW
20  15,6  19,3   13:35  13,3   04:44   2,7   0,0   2,6   2,1  25,2   00:33   WSW
21  15,8  20,1   15:09  12,7   02:18   2,5   0,0   0,0   3,3  27,0   11:31   WSW
22  15,6  20,1   15:49  12,9   23:52   2,7   0,0   1,0   5,3  34,8   16:40   WSW
23  16,9  22,7   15:55  11,2   04:50   1,4   0,0   1,0   1,9  25,2   13:23     W
24  16,2  22,5   15:46   9,8   04:42   2,1   0,0   0,0   0,8  23,1   13:58     W
25  15,9  23,6   13:42   9,4   04:44   2,4   0,0   0,6   0,6  19,3   15:46   WSW
26  12,1  14,7   18:34   8,9   23:53   6,2   0,0   9,8   0,4   9,6   08:43     W
27  16,0  23,6   18:10   7,8   01:47   2,3   0,0   0,2   0,6  13,5   13:39     W
28  20,4  27,4   14:26  11,3   04:57   0,0   2,1   0,0   1,9  19,3   11:54   SSE
29  23,1  29,8   14:45  16,6   05:12   0,0   4,8   2,8   4,1  36,7   20:59    SE
30  16,6  19,2   14:43  13,3   23:05   1,7   0,0  24,6   1,5  27,0   15:12   WSW
----------------------------------------------------------------------------------
    17,4  34,4     9     6,4    16    58,1  30,8  59,4   1,5  36,7    29     WSW

Max >=  27,0:  7
Max <=   0,0:  0
Min <=   0,0:  0
Min <= -18,0:  0
Max Rain: 24,6 on day 30
Days of Rain: 14 (>= 0,2 mm)  8 (>= 2,0 mm)  1 (>= 20,0 mm)
Heat Base: 18,3  Cool Base: 18,3  Method: Integration