Upały Początek: 25-06-2019 11:30 Koniec: 26-06-2019 19:00 Ostrzeżenie dla: Upały Poziom: Pomarańczowy
Pogoda niebezpieczna.
info button


Raport za 2015 Marzec
                   Monthly Climatological Summary for mar 2015

Name: Stacja Pogodowa Tarnów/Moœcice   City: Tarnów   State: Polska
Elevation: 209 m  Lat: N 50° 00' 41"   Lon: E 020° 55' 50"

                  Temperature (°C), Rain (mm), Wind Speed (km/h)

                                      Heat  Cool        Avg
    Mean                              Deg   Deg         Wind                 Dom
Day Temp  High   Time   Low    Time   Days  Days  Rain  Speed High   Time    Dir
----------------------------------------------------------------------------------
 1   7,2  11,3   13:50   3,8   06:42  11,1   0,0   0,0   1,2  14,5   18:06   SSE
 2   5,9   9,8   15:36   2,2   21:19  12,4   0,0   5,4   2,1  20,9   15:34    SW
 3   2,8   6,2   16:24   0,4   23:56  15,5   0,0   0,4   3,3  27,4   11:45   WSW
 4   2,5   6,3   15:12  -0,1   22:47  15,8   0,0   2,4   2,9  24,1   09:15   WSW
 5   2,8   7,3   13:02  -0,7   06:30  15,5   0,0   0,2   1,0  16,1   14:31     W
 6   0,2   4,0   14:18  -1,9   22:51  18,1   0,0   0,0   0,2   6,4   12:10     W
 7   2,7   9,9   16:31  -3,8   05:21  15,6   0,0   0,0   0,5  12,9   11:14     W
 8   7,1  16,6   16:08  -0,9   02:16  11,2   0,0   0,0   0,7  11,3   12:04   ESE
 9   7,4  16,2   15:44   0,7   23:52  10,9   0,0   0,0   0,8  16,1   10:53   WSW
10   6,1  16,1   16:08  -1,8   05:46  12,2   0,0   0,0   0,3   9,7   11:57   SSW
11   3,8   6,8   10:19  -1,1   03:02  14,5   0,0   0,0   1,2  17,7   10:42     W
12   5,0   7,1   14:43   2,8   06:05  13,3   0,0   3,8   1,6  12,9   11:30     W
13   3,0   3,9   12:49   1,6   21:55  15,3   0,0   5,2   0,2   8,0   07:01     W
14   3,2   4,8   12:02   1,7   00:00  15,1   0,0   3,0   0,3   8,0   13:18     W
15   5,9  10,6   10:57   1,3   06:26  12,4   0,0   0,2   1,1  14,5   16:10    NE
16   7,1  13,3   12:15   2,6   01:24  11,2   0,0   0,0   1,4  24,1   16:05     E
17   7,3  14,1   12:28   0,9   06:10  11,0   0,0   0,0   1,6  19,3   12:18     W
18   4,4  10,4   15:50  -1,9   05:37  13,9   0,0   0,0   1,2  17,7   09:28     W
19   3,4   8,7   14:34  -2,3   04:16  14,9   0,0   0,0   0,8  14,5   11:36     W
20   4,3  12,2   14:55  -2,9   05:11  14,0   0,0   0,0   0,6  14,5   13:48     S
21   7,9  16,2   15:42   0,1   05:05  10,4   0,0   0,0   1,4  17,7   10:07   WSW
22   2,5   7,5   00:00  -2,7   23:52  15,8   0,0   1,0   0,7  12,9   08:39     W
23   2,9  11,9   16:28  -5,1   05:32  15,4   0,0   0,0   0,6  14,5   08:29     E
24  10,1  17,9   14:17   0,6   01:49   8,2   0,0   0,0   2,3  20,9   09:31    SE
25  13,1  18,4   14:02   7,7   05:53   5,2   0,0   0,0   2,0  20,9   13:22   ESE
26  14,3  19,2   15:46  10,2   01:22   4,0   0,0   0,0   2,5  22,5   09:27   ESE
27  10,9  18,9   11:08   6,6   23:37   7,4   0,0   7,6   1,7  25,7   12:24     W
28   6,7   8,5   15:45   5,7   04:14  11,6   0,0   1,6   0,9  16,1   01:59     W
29   9,2  14,4   16:05   3,9   07:00   8,7   0,0   0,6   1,8  20,9   13:44   WSW
30   8,6  13,6   14:08   4,9   16:17   9,7   0,0   4,6   5,7  40,2   08:22   WSW
31   5,6   8,7   21:22   2,7   12:58  12,7   0,0   8,6   6,1  32,2   11:13   WSW
----------------------------------------------------------------------------------
     5,9  19,2    26    -5,1    23   383,0   0,0  44,6   1,6  40,2    30     WSW

Max >=  27,0:  0
Max <=   0,0:  0
Min <=   0,0: 12
Min <= -18,0:  0
Max Rain: 8,6 on day 31
Days of Rain: 14 (>= 0,2 mm)  8 (>= 2,0 mm)  0 (>= 20,0 mm)
Heat Base: 18,3  Cool Base: 18,3  Method: Integration