Brak ostrzeżeń pogodowych   -   Brak ostrzeżeń pogodowych


Raport za 2015 Czerwiec
                   Monthly Climatological Summary for cze 2015

Name: Stacja Pogodowa Tarnów/Moœcice   City: Tarnów   State: Polska
Elevation: 209 m  Lat: N 50° 00' 41"   Lon: E 020° 55' 50"

                  Temperature (°C), Rain (mm), Wind Speed (km/h)

                                      Heat  Cool        Avg
    Mean                              Deg   Deg         Wind                 Dom
Day Temp  High   Time   Low    Time   Days  Days  Rain  Speed High   Time    Dir
----------------------------------------------------------------------------------
 1  19,6  27,9   14:57   9,2   04:20   2,4   3,6   0,0   0,7  16,1   13:12   SSW
 2  20,9  28,3   12:48  13,8   04:53   0,9   3,5   0,0   1,1  20,9   15:04    SW
 3  23,8  30,4   15:40  15,1   04:19   0,6   6,1   0,0   1,4  20,9   11:58   WSW
 4  19,3  22,8   17:17  12,8   23:56   0,5   1,5   3,4   0,4  16,1   00:31     W
 5  17,6  25,1   17:52   8,5   04:53   2,8   2,1   0,0   0,7  16,1   11:38    SW
 6  20,5  30,6   17:21   9,2   04:53   2,3   4,5   0,0   0,5   9,7   09:37   ESE
 7  24,6  32,5   16:16  15,4   04:41   0,4   6,7   0,0   0,5  11,3   12:11   WSW
 8  19,3  23,2   14:35  16,4   05:44   0,5   1,5   0,0   1,1   9,7   15:22     W
 9  19,0  24,9   14:00  14,6   05:33   1,2   1,9   0,0   1,6  11,3   11:24     W
10  18,6  25,2   15:06  12,8   03:42   1,6   1,9   0,0   0,7   9,7   13:05     W
11  19,7  25,3   15:33  13,6   05:41   1,1   2,5   0,0   0,3   8,0   12:18     W
12  22,9  30,6   14:36  13,9   04:03   1,0   5,6   0,0   1,0  14,5   17:29   ESE
13  26,3  34,3   15:14  16,6   04:32   0,1   8,1   0,0   1,3  17,7   11:17     S
14  25,2  30,6   16:19  20,1   05:11   0,0   6,9   0,0   1,5  20,9   11:01   WSW
15  19,0  24,4   13:27  14,7   23:41   0,6   1,2   4,6   0,4  22,5   07:04     W
16  16,2  21,0   15:44  11,7   23:31   2,5   0,4   0,0   0,5  11,3   14:21     W
17  13,6  20,9   16:44  11,3   23:57   4,9   0,2   0,0   0,1   9,7   13:45     W
18  16,1  21,4   13:50   8,1   04:31   3,1   0,9   0,0   0,4   9,7   11:06   WSW
19  13,7  15,8   00:00  10,6   23:56   4,6   0,0   9,4   0,7  12,9   16:39   WSW
20  13,1  19,1   16:19   8,8   04:51   5,2   0,0   0,2   0,9  19,3   14:53   WSW
21  13,4  18,3   18:12   9,4   00:51   4,9   0,0   3,8   1,5  12,9   09:32   WSW
22  16,2  22,6   14:12   7,5   04:49   3,1   1,0   0,0   1,5  22,5   12:44    SW
23  15,9  18,7   11:05  12,9   23:59   2,4   0,0   1,6   0,9  19,3   11:04    SW
24  16,1  20,9   14:48  11,0   05:34   2,6   0,4   0,0   0,7  11,3   09:42     W
25  14,9  19,1   14:07  10,1   04:53   3,5   0,0   0,0   0,3  12,9   11:05     W
26  18,4  24,2   16:11  13,9   03:50   1,6   1,7   0,0   0,3  11,3   12:39     W
27  17,6  22,1   14:27  13,9   00:41   1,4   0,7   0,0   0,2  12,9   15:37   WSW
28  18,0  23,6   12:57  13,2   02:54   1,5   1,1   0,0   0,9  14,5   15:26   WSW
29  17,6  21,4   16:46  14,3   23:55   1,1   0,3   0,0   1,0  17,7   11:23   WSW
30  19,2  26,1   15:45  13,2   01:26   1,6   2,6   0,0   0,7  11,3   11:54   WSW
----------------------------------------------------------------------------------
    18,5  34,3    13     7,5    22    60,0  66,9  23,0   0,8  22,5    15     WSW

Max >=  27,0:  8
Max <=   0,0:  0
Min <=   0,0:  0
Min <= -18,0:  0
Max Rain: 9,4 on day 19
Days of Rain: 6 (>= 0,2 mm)  4 (>= 2,0 mm)  0 (>= 20,0 mm)
Heat Base: 18,3  Cool Base: 18,3  Method: Integration