Brak ostrzeżeń pogodowych   -   Brak ostrzeżeń pogodowych

Wybierz Rok lub Miesiąc Raportu
2019: Sty Lut Mar Kwi Maj Cze Lip Sie Wrz Paź Lis Gru
2018: Sty Lut Mar Kwi Maj Cze Lip Sie Wrz Paź Lis Gru
2017: Sty Lut Mar Kwi Maj Cze Lip Sie Wrz Paź Lis Gru
2016: Sty Lut Mar Kwi Maj Cze Lip Sie Wrz Paź Lis Gru
2015: Sty Lut Mar Kwi Maj Cze Lip Sie Wrz Paź Lis Gru
2014: Sty Lut Mar Kwi Maj Cze Lip Sie Wrz Paź Lis Gru
2013: Sty Lut Mar Kwi Maj Cze Lip Sie Wrz Paź Lis Gru

Raport za 2015 Lipiec
                   Monthly Climatological Summary for lip 2015

Name: Stacja Pogodowa Tarnów/Moœcice   City: Tarnów   State: Polska
Elevation: 209 m  Lat: N 50° 00' 41"   Lon: E 020° 55' 50"

                  Temperature (°C), Rain (mm), Wind Speed (km/h)

                                      Heat  Cool        Avg
    Mean                              Deg   Deg         Wind                 Dom
Day Temp  High   Time   Low    Time   Days  Days  Rain  Speed High   Time    Dir
----------------------------------------------------------------------------------
 1  21,0  27,2   14:22  15,1   00:09   0,8   3,5   0,0   0,5   9,7   14:32     W
 2  20,6  28,0   16:41  11,8   04:59   1,4   3,7   0,0   0,6   9,7   11:41     W
 3  21,9  29,6   16:56  11,9   04:38   1,4   5,0   0,0   0,6  12,9   12:50    SE
 4  23,7  32,4   17:25  13,7   04:54   1,0   6,4   0,0   0,2   6,4   10:04   WSW
 5  25,7  34,3   16:45  15,2   04:43   0,5   7,9   0,0   0,3   9,7   13:12    SW
 6  27,5  35,2   13:51  20,0   04:54   0,0   9,2   1,0   1,1  24,1   12:28   WSW
 7  25,9  33,8   18:29  17,9   05:06   0,0   7,6   0,0   0,7  14,5   14:20   WSW
 8  24,1  33,3   13:39  18,2   23:13   0,0   5,8   6,0   1,5  30,6   06:40    SW
 9  19,2  24,6   14:22  13,2   23:54   0,9   1,8   1,4   2,6  24,1   16:59   WSW
10  14,8  19,1   16:45  11,0   23:56   3,5   0,0   0,0   2,5  25,7   13:15   WSW
11  16,6  23,3   16:12   9,7   04:56   3,1   1,3   0,0   2,2  24,1   13:34     W
12  19,3  26,9   16:39   9,2   05:32   2,5   3,4   0,0   0,9  17,7   11:24   WSW
13  17,1  20,8   17:09  14,3   05:17   1,4   0,2   7,0   2,5  27,4   14:41   WSW
14  18,4  22,5   16:25  15,2   02:07   0,9   1,0   1,6   2,0  22,5   12:19   WSW
15  19,2  24,3   15:25  15,8   23:58   0,6   1,5   5,4   1,6  16,1   17:18   WSW
16  21,0  27,8   15:36  13,0   05:00   1,2   3,9   0,0   1,1  17,7   11:39   WSW
17  25,0  32,3   16:39  17,5   05:19   0,0   6,7   0,0   1,1  19,3   13:41   WSW
18  26,4  34,4   15:24  18,9   05:16   0,0   8,1   0,0   1,9  30,6   17:26    SW
19  24,7  34,0   13:58  19,2   23:20   0,0   6,4  11,2   0,9  29,0   15:23    SE
20  21,7  26,6   16:02  15,9   23:56   0,1   3,5   9,4   2,0  24,1   12:17   WSW
21  23,0  32,4   18:21  13,3   04:32   1,2   5,9   0,0   0,8  16,1   11:59   WSW
22  27,4  34,5   18:30  20,4   05:37   0,0   9,1   0,0   0,4   9,7   16:17    SW
23  26,5  35,6   12:21  21,8   02:43   0,0   8,2   2,4   1,6  24,1   12:39    SW
24  24,5  29,0   17:21  20,8   05:55   0,0   6,2   0,0   0,5  11,3   16:03   WSW
25  25,4  34,3   16:10  19,3   05:07   0,0   7,1   0,0   1,1  32,2   16:34   ESE
26  19,1  23,8   17:02  14,7   23:44   0,8   1,7   9,2   1,9  20,9   02:14   WSW
27  17,8  22,4   15:28  12,1   05:28   1,8   1,2   0,0   1,1  14,5   20:10     S
28  20,1  25,9   13:14  13,6   05:11   0,9   2,7   0,2   3,6  30,6   14:00   WSW
29  18,2  23,3   18:31  15,5   06:43   1,2   1,1  11,8   1,4  17,7   13:44    SW
30  19,5  24,8   15:59  15,1   05:31   0,8   2,1   0,2   1,8  20,9   12:12   WSW
31  17,5  23,8   16:49  12,1   04:38   2,2   1,5   0,0   0,7  17,7   17:48   WSW
----------------------------------------------------------------------------------
    21,7  35,6    23     9,2    12    28,2 133,7  66,8   1,3  32,2    25     WSW

Max >=  27,0: 17
Max <=   0,0:  0
Min <=   0,0:  0
Min <= -18,0:  0
Max Rain: 11,8 on day 29
Days of Rain: 13 (>= 0,2 mm)  8 (>= 2,0 mm)  0 (>= 20,0 mm)
Heat Base: 18,3  Cool Base: 18,3  Method: Integration