Brak ostrzeżeń pogodowych   -   Brak ostrzeżeń pogodowych


Raport za 2015 Sierpień
                   Monthly Climatological Summary for sie 2015

Name: Stacja Pogodowa Tarnów/Moœcice   City: Tarnów   State: Polska
Elevation: 209 m  Lat: N 50° 00' 41"   Lon: E 020° 55' 50"

                  Temperature (°C), Rain (mm), Wind Speed (km/h)

                                      Heat  Cool        Avg
    Mean                              Deg   Deg         Wind                 Dom
Day Temp  High   Time   Low    Time   Days  Days  Rain  Speed High   Time    Dir
----------------------------------------------------------------------------------
 1  18,2  26,5   15:20   8,5   05:20   2,8   2,7   0,0   0,5  16,1   11:54     S
 2  20,5  28,6   16:35  11,7   04:38   1,6   3,8   0,0   0,2   9,7   13:15     S
 3  20,7  26,3   13:06  14,8   05:22   0,7   3,1   0,0   0,2   9,7   15:44   WSW
 4  24,5  32,6   15:49  16,9   05:36   0,2   6,3   0,0   0,6  16,1   13:22   SSE
 5  22,9  33,2   14:01  18,3   23:51   0,0   4,6  10,4   1,0  16,1   10:59   WSW
 6  23,9  32,4   16:53  16,3   05:00   0,3   5,9   0,2   0,3   9,7   08:02   WSW
 7  26,4  34,0   17:04  18,2   05:34   0,0   8,1   0,0   0,4   9,7   15:41   SSE
 8  28,1  35,5   14:21  21,2   04:04   0,0   9,8   0,0   1,1  19,3   15:33    SE
 9  28,1  35,2   14:00  22,0   05:21   0,0   9,8   0,0   0,8  17,7   14:53   WSW
10  26,8  34,8   16:36  18,8   05:55   0,0   8,5   0,0   0,4   9,7   16:23   WSW
11  27,6  35,5   15:56  19,6   06:07   0,0   9,3   0,0   0,4  11,3   14:22    SE
12  26,6  35,6   14:02  18,1   05:46   0,0   8,3   0,0   0,4  11,3   14:58   WSW
13  26,0  33,4   15:13  19,1   05:26   0,0   7,7   0,0   0,6   9,7   06:39     W
14  25,1  31,3   14:32  18,8   04:54   0,0   6,8   0,0   0,9  17,7   09:57   SSW
15  26,4  35,3   16:47  18,1   06:15   0,0   8,1   0,0   0,2   8,0   13:45     S
16  22,8  32,3   13:14  18,3   23:49   0,0   4,5   7,0   0,8  30,6   14:48   WSW
17  21,1  25,4   14:30  17,1   05:42   0,2   3,0   4,2   0,5  11,3   19:34   WSW
18  21,8  26,8   16:30  17,5   23:57   0,1   3,5   0,0   1,8  17,7   13:40   WSW
19  18,4  24,4   15:17  11,2   05:47   1,8   1,9   0,0   2,0  20,9   18:16     W
20  17,6  24,6   14:33   9,9   06:02   2,6   1,9   0,0   1,7  20,9   14:41     W
21  17,3  24,6   13:02   9,4   05:53   2,7   1,6   0,0   0,7  14,5   16:07     W
22  17,6  23,7   15:24  12,3   05:38   2,0   1,2   0,0   0,7   9,7   11:25     W
23  19,8  27,7   15:55  13,7   00:25   1,5   3,0   0,0   0,8  12,9   11:59    SE
24  20,9  28,0   16:28  13,2   05:04   1,2   3,9   0,0   2,2  29,0   13:36   ESE
25  20,0  27,2   10:32  15,1   17:48   0,9   2,6   2,0   1,4  19,3   15:24     S
26  19,4  27,1   17:34  13,3   05:59   1,5   2,6   0,0   0,3  11,3   12:59   WSW
27  22,2  32,7   16:22  12,6   05:52   1,5   5,5   0,0   0,4  11,3   12:42   SSE
28  25,6  34,1   15:49  16,7   05:29   0,2   7,5   0,0   1,6  19,3   12:42   WSW
29  21,5  25,7   16:19  17,7   23:54   0,0   3,2   2,4   0,1   4,8   09:54     W
30  24,9  35,2   14:45  15,3   04:52   0,7   7,3   0,2   0,4  11,3   08:37   SSE
31  27,8  37,7   16:13  18,6   04:41   0,0   9,5   0,0   0,6  11,3   10:08   SSE
----------------------------------------------------------------------------------
    22,9  37,7    31     8,5     1    22,5 165,5  26,4   0,8  30,6    16      SW

Max >=  27,0: 22
Max <=   0,0:  0
Min <=   0,0:  0
Min <= -18,0:  0
Max Rain: 10,4 on day 5
Days of Rain: 7 (>= 0,2 mm)  5 (>= 2,0 mm)  0 (>= 20,0 mm)
Heat Base: 18,3  Cool Base: 18,3  Method: Integration