Brak ostrzeżeń pogodowych   -   Brak ostrzeżeń pogodowych

Wybierz Rok lub Miesiąc Raportu
2019: Sty Lut Mar Kwi Maj Cze Lip Sie Wrz Paź Lis Gru
2018: Sty Lut Mar Kwi Maj Cze Lip Sie Wrz Paź Lis Gru
2017: Sty Lut Mar Kwi Maj Cze Lip Sie Wrz Paź Lis Gru
2016: Sty Lut Mar Kwi Maj Cze Lip Sie Wrz Paź Lis Gru
2015: Sty Lut Mar Kwi Maj Cze Lip Sie Wrz Paź Lis Gru
2014: Sty Lut Mar Kwi Maj Cze Lip Sie Wrz Paź Lis Gru
2013: Sty Lut Mar Kwi Maj Cze Lip Sie Wrz Paź Lis Gru

Raport za 2015 Październik
                   Monthly Climatological Summary for paŸ 2015

Name: Stacja Pogodowa Tarnów/Moœcice   City: Tarnów   State: Polska
Elevation: 209 m  Lat: N 50° 00' 41"   Lon: E 020° 55' 50"

                  Temperature (°C), Rain (mm), Wind Speed (km/h)

                                      Heat  Cool        Avg
    Mean                              Deg   Deg         Wind                 Dom
Day Temp  High   Time   Low    Time   Days  Days  Rain  Speed High   Time    Dir
----------------------------------------------------------------------------------
 1   8,5  17,7   16:23   1,4   06:28   9,8   0,0   0,0   0,2   9,7   13:14     W
 2  10,3  21,3   16:05   1,8   06:52   8,3   0,3   0,0   0,1   6,4   12:27   WSW
 3  13,6  23,8   16:05   4,3   06:37   5,5   0,8   0,0   0,8  16,1   14:27    SE
 4  18,0  25,3   16:16  12,2   05:02   2,2   1,9   0,0   1,4  22,5   12:45   SSE
 5  15,5  20,6   15:41  12,3   07:25   3,1   0,3   0,0   0,3   9,7   16:15   WSW
 6  13,6  20,8   14:25   8,7   05:36   4,9   0,3   0,0   0,2   8,0   13:09     W
 7  11,0  13,8   01:34   5,2   23:53   7,3   0,0   0,0   1,7  14,5   10:10     W
 8   7,3  13,6   14:35   1,7   07:08  11,0   0,0   0,0   0,4  11,3   15:53     W
 9   5,9  12,8   15:10  -0,6   07:17  12,4   0,0   0,0   0,5  12,9   15:17     W
10   4,9  11,7   15:23   0,0   07:36  13,4   0,0   0,0   1,2  16,1   12:39     W
11   4,3   8,6   13:23   1,0   06:46  14,0   0,0   0,0   3,0  22,5   10:57     W
12   1,6   3,4   00:00   0,5   06:50  16,7   0,0  17,0   1,0  14,5   01:00     W
13   4,4   8,1   14:02   1,2   00:00  13,9   0,0   2,2   0,1   6,4   00:27   WSW
14   7,5  11,6   11:30   5,4   00:00  10,8   0,0   0,0   0,8  16,1   15:14     W
15   7,7   8,7   21:51   6,7   08:44  10,6   0,0   3,0   1,1  17,7   08:49   SSE
16  13,2  18,0   12:46   8,2   00:32   5,1   0,0   2,8   1,6  24,1   12:48   ESE
17  12,6  14,9   11:41   9,3   23:44   5,7   0,0  16,8   0,5  17,7   20:42    SW
18   8,8  13,1   15:35   4,7   23:32   9,5   0,0   0,0   0,8  14,5   00:45   WSW
19   8,3  13,8   13:27   3,2   07:41  10,0   0,0   0,2   0,4   6,4   09:47     W
20   7,3   8,4   00:00   6,4   08:12  11,0   0,0   7,6   0,3  12,9   21:28     W
21   8,0  10,6   13:57   6,8   00:15  10,3   0,0   0,2   2,2  16,1   04:45   WSW
22   7,6   8,2   18:36   6,7   23:27  10,7   0,0   1,4   1,3  17,7   13:30     W
23   9,3  11,3   12:42   6,6   03:27   9,0   0,0   0,2   2,8  25,7   11:04   WSW
24   9,4  14,7   16:11   3,3   23:58   8,9   0,0   0,0   0,7  12,9   03:48   WSW
25   8,3  15,0   11:59   1,6   06:55  10,4   0,0   0,0   1,4  19,3   12:17   WSW
26   8,6  13,2   13:56   2,1   23:53   9,7   0,0   0,0   0,5  12,9   00:19     W
27   5,2  13,7   14:58  -0,8   05:08  13,1   0,0   0,2   0,3   9,7   13:34     S
28   7,9  17,4   14:54  -0,7   04:50  10,4   0,0   0,0   0,8  14,5   12:38   ESE
29   9,6  16,4   13:08   5,1   23:58   8,7   0,0   0,0   0,1   9,7   10:41   ESE
30   6,5  13,7   14:22   2,2   06:40  11,8   0,0   0,0   0,1   4,8   00:06   WSW
31   5,9  15,6   14:38   1,3   01:03  12,4   0,0   0,0   0,1   6,4   05:42     W
----------------------------------------------------------------------------------
     8,7  25,3     4    -0,8    27   300,6   3,6  51,6   0,9  25,7    23     WSW

Max >=  27,0:  0
Max <=   0,0:  0
Min <=   0,0:  4
Min <= -18,0:  0
Max Rain: 17,0 on day 12
Days of Rain: 11 (>= 0,2 mm)  6 (>= 2,0 mm)  0 (>= 20,0 mm)
Heat Base: 18,3  Cool Base: 18,3  Method: Integration