Upały Początek: 25-06-2019 11:30 Koniec: 26-06-2019 19:00 Ostrzeżenie dla: Upały Poziom: Pomarańczowy
Pogoda niebezpieczna.
info button


Raport za 2015 Listopad
                   Monthly Climatological Summary for lis 2015

Name: Stacja Pogodowa Tarnów/Moœcice   City: Tarnów   State: Polska
Elevation: 209 m  Lat: N 50° 00' 41"   Lon: E 020° 55' 50"

                  Temperature (°C), Rain (mm), Wind Speed (km/h)

                                      Heat  Cool        Avg
    Mean                              Deg   Deg         Wind                 Dom
Day Temp  High   Time   Low    Time   Days  Days  Rain  Speed High   Time    Dir
----------------------------------------------------------------------------------
 1   6,6  17,6   14:06  -3,1   06:24  11,7   0,0   0,0   0,2   8,0   11:56    SE
 2   7,6  16,6   14:57  -0,2   06:21  10,7   0,0   0,0   0,6  11,3   13:10   WSW
 3   7,9  16,8   14:27  -0,3   06:41  10,4   0,0   0,0   1,2  12,9   19:49   ESE
 4   7,4  16,5   15:07   0,9   23:53  10,9   0,0   0,0   0,4   9,7   05:14   SSW
 5   1,0   4,4   12:38  -1,6   06:00  17,3   0,0   0,0   0,0   4,8   13:57   ---
 6   1,7   3,7   14:07  -0,2   01:27  16,6   0,0   0,0   0,1   6,4   08:25   WSW
 7   8,2  15,1   11:01   1,0   02:29  10,1   0,0   3,2   0,2   8,0   16:14   WSW
 8  13,0  17,9   12:54   8,7   23:04   5,3   0,0   0,2   3,2  33,8   13:42     W
 9  10,0  13,1   23:28   4,7   05:20   8,3   0,0   1,8   2,5  20,9   14:12   WSW
10  13,4  15,0   21:26  11,7   09:14   4,9   0,0   1,0   5,8  33,8   15:25     W
11  14,3  14,9   00:21  13,0   07:15   4,0   0,0   0,2   5,1  29,0   00:51     W
12  12,9  15,9   12:04  10,0   23:57   5,4   0,0   0,0   3,3  24,1   12:10     W
13   9,3  14,8   14:33   4,6   06:52   9,0   0,0   0,0   0,8  11,3   12:43    SW
14   8,4  10,8   05:36   6,3   23:55   9,9   0,0   3,4   4,1  41,8   13:11     W
15   7,0  11,4   23:04   5,1   01:50  11,3   0,0  10,6   4,2  45,1   22:10   WSW
16   7,9  11,3   00:00   6,7   08:15  10,4   0,0   1,4   0,8  25,7   00:43     W
17  10,3  12,4   17:23   7,7   03:54   8,0   0,0   1,4   1,4  14,5   16:05    SW
18  12,3  16,5   09:15   9,2   23:59   6,0   0,0   7,2   6,0  54,7   16:58   WSW
19  10,1  13,4   12:12   8,1   17:44   8,2   0,0   2,6   2,9  27,4   12:46   WSW
20   7,9  11,1   01:32   6,2   23:58  10,4   0,0  14,2   1,6  20,9   01:29   WSW
21   4,5   6,2   00:00   3,5   06:52  13,8   0,0   7,8   1,0  11,3   09:17   WSW
22   3,0   4,3   00:45  -0,7   23:45  15,3   0,0   3,0   0,7  12,9   09:04     W
23   1,9   5,6   14:06  -0,7   00:00  16,4   0,0   0,6   0,8  29,0   20:43   WSW
24  -0,3   3,6   14:39  -3,5   22:39  18,6   0,0   0,2   0,9  19,3   00:08   WSW
25  -1,2   4,6   13:45  -5,4   04:32  19,5   0,0   0,0   0,5  11,3   11:08     E
26  -1,8   0,3   19:33  -5,1   05:47  20,1   0,0   0,0   0,1   6,4   09:36     W
27   0,2   0,9   13:03  -0,5   06:31  18,1   0,0   0,0   0,1   6,4   22:35     W
28  -0,3   0,8   23:39  -1,0   08:49  18,6   0,0   0,0   0,5  11,3   23:31   WSW
29   3,3   6,8   13:30   0,8   00:00  15,0   0,0   8,0   2,6  19,3   03:34   WSW
30   6,2   8,9   12:16   4,3   20:01  12,1   0,0   2,0   5,1  38,6   08:02   WSW
----------------------------------------------------------------------------------
     6,4  17,9     8    -5,4    25   356,3   0,0  68,8   1,9  54,7    18     WSW

Max >=  27,0:  0
Max <=   0,0:  0
Min <=   0,0: 12
Min <= -18,0:  0
Max Rain: 14,2 on day 20
Days of Rain: 18 (>= 0,2 mm)  10 (>= 2,0 mm)  0 (>= 20,0 mm)
Heat Base: 18,3  Cool Base: 18,3  Method: Integration