Upały Początek: 25-06-2019 11:30 Koniec: 26-06-2019 19:00 Ostrzeżenie dla: Upały Poziom: Pomarańczowy
Pogoda niebezpieczna.
info button


Raport za 2016 Marzec
                   Monthly Climatological Summary for mar 2016

Name: Stacja Pogodowa Tarnów/Moœcice   City: Tarnów   State: Polska
Elevation: 209 m  Lat: N 50° 00' 41"   Lon: E 020° 55' 50"

                  Temperature (°C), Rain (mm), Wind Speed (km/h)

                                      Heat  Cool        Avg
    Mean                              Deg   Deg         Wind                 Dom
Day Temp  High   Time   Low    Time   Days  Days  Rain  Speed High   Time    Dir
----------------------------------------------------------------------------------
 1   3,7   5,6   01:29   0,1   23:54  14,6   0,0  10,6   1,9  22,5   19:50     W
 2   2,9   8,7   14:07  -0,3   03:33  15,3   0,0   0,8   2,9  20,9   00:25   SSE
 3   5,7   9,6   14:31   3,6   05:26  12,6   0,0   0,0   1,1  14,5   00:04   ESE
 4   4,4   6,1   15:07   3,3   01:58  13,9   0,0   0,0   0,0   6,4   13:10     E
 5   5,7  10,4   14:02  -0,1   06:10  12,6   0,0   0,0   2,5  24,1   14:50   ESE
 6   8,9  12,5   12:41   6,4   23:51   9,4   0,0   0,0   2,5  22,5   03:16   ESE
 7   5,9   7,8   13:39   3,9   04:56  12,4   0,0   1,0   0,1   6,4   08:38   WSW
 8   5,8   9,6   15:44   4,0   05:36  12,5   0,0   0,8   0,4  11,3   09:15     W
 9   5,8   9,3   11:09   3,1   03:16  12,5   0,0   0,0   0,9  11,3   10:43     W
10   4,9   5,8   13:23   4,3   02:53  13,4   0,0   1,4   0,3   8,0   00:44     W
11   7,3  10,4   15:24   5,2   00:00  11,0   0,0   0,0   0,1   9,7   16:23     W
12   6,0   7,4   12:24   4,9   05:08  12,3   0,0   0,4   0,2   4,8   09:55     W
13   4,1   5,2   00:00   3,2   23:47  14,2   0,0   1,2   0,9  12,9   09:52     W
14   3,9   8,4   14:03  -1,4   05:23  14,4   0,0   0,0   0,9  12,9   14:11     W
15   1,5   3,6   00:00   0,4   02:41  16,8   0,0   3,6   1,6  19,3   00:08     W
16   3,0   9,4   14:28  -1,7   06:00  15,3   0,0   0,0   0,4  12,9   10:44   WNW
17   4,6  11,7   14:47  -2,8   04:30  13,7   0,0   0,0   1,6  17,7   13:08     W
18   6,7  12,7   14:18   2,2   06:25  11,6   0,0   0,0   3,5  30,6   11:14     W
19   2,6   5,0   16:06  -0,4   06:23  15,7   0,0   0,2   1,8  16,1   15:09     W
20   4,4   6,4   12:49   1,6   01:37  13,9   0,0   0,0   3,8  25,7   12:40   WSW
21   5,0   7,1   14:39   2,5   04:43  13,3   0,0   2,8   2,5  20,9   01:02   WSW
22   5,2   8,2   15:18   3,6   23:42  13,1   0,0   2,4   3,7  29,0   15:37   WSW
23   4,3   7,4   14:10   0,3   23:53  14,0   0,0   1,6   0,1   8,0   10:11     W
24   1,7   7,0   15:34  -2,9   05:35  16,6   0,0   0,0   0,8  14,5   09:45     W
25   3,9   9,7   11:13  -4,1   05:08  14,4   0,0   0,0   0,3   9,7   11:25    SW
26   5,4   6,9   14:03   3,6   01:49  12,9   0,0   7,6   1,1  16,1   13:28   WSW
27   7,1  11,6   15:39   4,2   06:36  10,7   0,0   0,0   0,7  16,1   12:10    SE
28   9,2  15,5   14:46   4,3   03:36   9,1   0,0   0,0   1,4  19,3   13:41   ESE
29  10,3  17,7   15:27   5,7   03:35   8,1   0,0   0,2   2,4  33,8   13:36     W
30  11,5  17,6   14:11   5,5   01:49   6,8   0,0   0,0   1,9  27,4   11:57   WSW
31  12,3  18,5   15:00   8,8   06:10   6,0   0,0   1,4   0,4   8,0   12:10     W
----------------------------------------------------------------------------------
     5,6  18,5    31    -4,1    25   393,1   0,0  36,0   1,4  33,8    29     WSW

Max >=  27,0:  0
Max <=   0,0:  0
Min <=   0,0:  8
Min <= -18,0:  0
Max Rain: 10,6 on day 1
Days of Rain: 15 (>= 0,2 mm)  5 (>= 2,0 mm)  0 (>= 20,0 mm)
Heat Base: 18,3  Cool Base: 18,3  Method: Integration