Brak ostrzeżeń pogodowych   -   Brak ostrzeżeń pogodowych


Raport za 2017 Styczeń
                   Monthly Climatological Summary for sty 2017

Name: Stacja Pogodowa Tarnów/Moœcice   City: Tarnów   State: Polska
Elevation: 209 m  Lat: N 50° 00' 41"   Lon: E 020° 55' 50"

                  Temperature (°C), Rain (mm), Wind Speed (km/h)

                                      Heat  Cool        Avg
    Mean                              Deg   Deg         Wind                 Dom
Day Temp  High   Time   Low    Time   Days  Days  Rain  Speed High   Time    Dir
----------------------------------------------------------------------------------
 1  -2,5   2,3   12:42  -5,7   02:39  20,8   0,0   0,0   1,2  14,5   16:30   ESE
 2  -1,3   1,7   14:21  -4,3   08:02  19,6   0,0   0,0   1,9  14,5   05:58   SSW
 3  -0,4   1,9   22:54  -3,1   07:53  18,7   0,0   0,0   5,3  30,6   22:19   WSW
 4   2,1   4,6   14:00  -0,2   06:04  16,2   0,0   0,8   9,8  38,6   14:57   WSW
 5  -4,7   0,8   00:00  -9,6   23:58  23,0   0,0   0,0   2,9  35,4   01:46     W
 6 -12,2  -9,6   00:00 -17,1   23:57  30,5   0,0   0,0   1,3  12,9   03:38     W
 7 -17,5 -14,1   14:24 -20,2   23:55  35,8   0,0   0,0   1,2  16,1   11:46     W
 8 -14,6  -8,5   22:41 -22,4   04:53  32,9   0,0   0,0   0,7  12,9   21:05     W
 9  -7,9  -6,6   18:19  -9,6   02:42  26,2   0,0   0,0   0,5  11,3   02:15     W
10  -9,3  -4,3   14:19 -12,1   06:20  27,6   0,0   0,0   0,4  11,3   15:04     E
11  -9,5  -1,1   14:29 -16,4   07:22  27,8   0,0   0,0   0,2  12,9   22:39   ESE
12  -1,7   3,0   13:11  -6,7   00:00  20,0   0,0   2,0   3,8  27,4   10:37    SW
13  -0,5   1,9   14:28  -4,9   00:00  18,8   0,0   0,0   4,3  25,7   01:01   ESE
14   0,6   1,6   02:46  -0,6   20:07  17,7   0,0   0,6   1,4  19,3   11:17     W
15  -1,2   1,1   14:41  -3,7   21:23  19,5   0,0   0,0   1,7  16,1   14:06   WSW
16  -3,5   1,4   13:44  -7,7   22:05  21,8   0,0   0,0   0,4  11,3   09:40   ESE
17  -6,7  -5,5   18:30  -8,3   03:02  25,0   0,0   0,0   0,0   6,4   13:49   ---
18  -6,5  -5,2   12:25  -7,8   04:36  24,8   0,0   0,0   0,0   6,4   02:51   WNW
19  -6,3  -4,8   13:30  -9,9   23:47  24,6   0,0   0,0   0,1   8,0   18:14   WSW
20  -3,0   0,6   15:03 -10,8   01:03  21,3   0,0   0,0   2,5  19,3   15:02   WSW
21   1,1   3,9   13:22  -0,7   01:30  17,2   0,0   0,2   1,9  20,9   03:30   WSW
22  -0,1   0,9   00:05  -2,5   23:41  18,4   0,0   0,0   0,2  11,3   23:02   ESE
23  -1,3   3,6   13:30  -5,4   23:57  19,6   0,0   0,0   1,3  12,9   14:06   ESE
24  -5,0  -3,7   13:08  -7,1   02:51  23,3   0,0   0,0   1,4  14,5   05:15   WSW
25  -1,9  -0,5   22:49  -3,8   00:00  20,2   0,0   0,0   1,3  12,9   00:16   WSW
26  -3,5   0,8   13:38  -8,7   23:46  21,8   0,0   0,0   0,1   6,4   14:36     E
27  -4,7   1,6   14:06 -10,8   05:03  23,0   0,0   0,0   0,7  11,3   08:30   ESE
28  -3,9   3,8   14:59  -9,1   05:16  22,2   0,0   0,0   0,2   6,4   00:30     E
29  -4,7   4,1   14:48 -10,2   06:56  23,0   0,0   0,0   0,0   1,6   05:41   ---
30  -1,8   4,9   15:10  -8,9   03:50  20,1   0,0   0,0   1,5  17,7   20:53   ESE
31  -0,6   3,5   13:18  -3,3   06:55  18,9   0,0   0,0   2,3  17,7   08:54   ESE
----------------------------------------------------------------------------------
    -4,3   4,9    30   -22,4     8   700,3   0,0   3,6   1,6  38,6     4     WSW

Max >=  27,0:  0
Max <=   0,0: 11
Min <=   0,0: 31
Min <= -18,0:  2
Max Rain: 2,0 on day 12
Days of Rain: 31 (>= 0,0 mm)  1 (>= 2,0 mm)  0 (>= 20,0 mm)
Heat Base: 18,3  Cool Base: 18,3  Method: Integration