Brak ostrzeżeń pogodowych   -   Brak ostrzeżeń pogodowych


Raport za 2017 Marzec
                   Monthly Climatological Summary for mar 2017

Name: Stacja Pogodowa Tarnów/Moœcice   City: Tarnów   State: Polska
Elevation: 209 m  Lat: N 50° 00' 41"   Lon: E 020° 55' 50"

                  Temperature (°C), Rain (mm), Wind Speed (km/h)

                                      Heat  Cool        Avg
    Mean                              Deg   Deg         Wind                 Dom
Day Temp  High   Time   Low    Time   Days  Days  Rain  Speed High   Time    Dir
----------------------------------------------------------------------------------
 1   7,4  11,9   03:50   3,6   23:13  10,9   0,0   1,4   3,9  32,2   05:09   WSW
 2   7,5  13,8   14:33   2,0   05:01  10,8   0,0   0,2   5,4  41,8   14:36   WSW
 3   7,2  12,6   16:12   4,2   05:45  11,1   0,0   0,0   4,5  30,6   03:35   WSW
 4  11,0  16,3   15:14   4,5   01:36   7,3   0,0   0,0   6,0  27,4   08:50   ESE
 5  14,3  19,2   15:05   8,3   23:56   4,0   0,0   3,8   4,5  27,4   10:37    SW
 6   6,4   8,3   00:00   3,5   23:58  11,9   0,0  10,6   2,1  22,5   09:19   WSW
 7   4,2   8,3   19:09   3,2   01:45  14,1   0,0   0,0   0,4  11,3   10:31   WSW
 8   4,1   5,8   00:00   2,3   22:35  14,2   0,0   0,0   0,2   8,0   06:50     W
 9   5,1   7,9   12:15   2,0   00:11  13,2   0,0   0,0   1,3  22,5   12:32   WSW
10   5,0   8,3   09:23   0,3   06:09  13,3   0,0   0,0   0,6   9,7   08:26     W
11   4,7   7,2   11:40   3,3   23:01  13,6   0,0   0,0   1,0  12,9   12:18     W
12   4,4   6,8   12:32   2,1   03:41  13,9   0,0   0,0   0,7   9,7   11:11     W
13   3,9   4,9   14:08   2,6   06:53  14,4   0,0   0,0   0,4   8,0   10:52   WSW
14   4,2   8,4   16:06  -0,8   23:56  14,1   0,0   0,0   0,3  14,5   12:59   WSW
15   5,5  12,1   15:40  -1,5   02:34  12,8   0,0   0,0   3,2  24,1   11:02     W
16   5,2  10,0   15:17   0,8   23:51  13,1   0,0   0,0   4,3  25,7   08:04     W
17   6,9  13,8   15:01  -2,0   05:35  11,4   0,0   2,0   2,0  17,7   13:02     S
18   5,6   8,6   17:43   3,4   06:19  12,7   0,0   8,8   5,4  37,0   19:22   WSW
19   5,2   9,2   14:11   2,7   06:06  13,1   0,0   0,0   6,0  37,0   08:00     W
20   9,4  12,9   16:26   2,8   01:58   8,9   0,0   5,0   3,6  29,0   08:09     W
21  11,6  17,1   15:22   7,2   02:43   6,7   0,0   0,0   1,6  27,4   10:26    SW
22   7,2   9,6   00:26   4,9   17:47  11,1   0,0   7,4   0,8  11,3   14:05     W
23   7,0  10,2   14:49   4,9   07:16  11,3   0,0   1,2   1,2  12,9   14:43     W
24   6,5   9,2   17:21   1,3   23:46  11,8   0,0   0,0   0,8   9,7   02:03     W
25   6,0  11,8   14:57  -1,3   05:25  12,3   0,0   0,2   2,6  20,9   15:28     W
26   4,5   9,0   16:54   2,1   06:18  13,2   0,0   0,0   1,5  12,9   01:06     W
27   8,8  16,7   16:46   1,9   02:09   9,5   0,0   0,0   4,8  25,7   09:06     W
28  13,2  21,1   16:34   5,4   06:37   5,6   0,4   0,0   3,7  20,9   12:09     W
29  13,5  21,0   14:42   4,8   05:31   5,3   0,5   0,0   3,5  33,8   15:18     W
30  10,3  14,6   16:33   5,2   23:50   8,0   0,0   0,5   0,9  12,9   00:01     W
31  13,3  22,5   17:12   4,9   00:21   5,6   0,7   0,0   1,9  19,3   10:38    SW
----------------------------------------------------------------------------------
     7,4  22,5    31    -2,0    17   339,2   1,6  41,1   2,6  41,8     2     WSW

Max >=  27,0:  0
Max <=   0,0:  0
Min <=   0,0:  4
Min <= -18,0:  0
Max Rain: 10,6 on day 6
Days of Rain: 31 (>= 0,0 mm)  6 (>= 2,0 mm)  0 (>= 20,0 mm)
Heat Base: 18,3  Cool Base: 18,3  Method: Integration