Brak ostrzeżeń pogodowych   -   Brak ostrzeżeń pogodowych


Raport za 2017 Listopad
                   Monthly Climatological Summary for lis 2017

Name: Stacja Pogodowa Tarnów/Moœcice   City: Tarnów   State: Polska
Elevation: 209 m  Lat: N 50° 00' 41"   Lon: E 020° 55' 50"

                  Temperature (°C), Rain (mm), Wind Speed (km/h)

                                      Heat  Cool        Avg
    Mean                              Deg   Deg         Wind                 Dom
Day Temp  High   Time   Low    Time   Days  Days  Rain  Speed High   Time    Dir
----------------------------------------------------------------------------------
 1   7,2   9,3   14:19   2,9   00:00  11,1   0,0   0,6   4,7  27,4   12:22   WSW
 2   9,9  13,6   13:37   8,4   00:00   8,4   0,0  15,2   1,2  17,7   00:21   WSW
 3   8,9  10,5   11:31   8,1   04:10   9,4   0,0   0,6   1,2  14,5   02:08   WSW
 4   8,9  15,0   13:51   3,7   06:51   9,4   0,0   0,0   0,8  12,9   13:00   ESE
 5   9,6  12,9   12:55   6,9   03:51   8,7   0,0   0,0   3,1  24,1   13:35   ESE
 6   9,2  14,2   13:41   4,2   21:46   9,1   0,0   0,0   0,1   8,0   00:10   SSE
 7   7,2   9,2   10:33   6,1   23:59  11,1   0,0   0,0   0,1   8,0   10:28     W
 8   4,8   6,4   13:24   0,9   23:21  13,5   0,0   0,0   0,6  16,1   06:44     E
 9   5,6   7,9   21:10   1,5   00:00  12,7   0,0   0,0   0,1   9,7   21:31   WSW
10   8,5  10,2   12:34   6,3   06:19   9,8   0,0   0,0   2,0  19,3   20:36   WSW
11   6,4   8,8   01:57   3,8   16:53  11,9   0,0   1,6   3,8  33,8   15:47   WSW
12   5,0   8,6   14:19   3,4   03:29  13,3   0,0   7,8   1,3  17,7   01:49   WSW
13   4,4   6,7   07:44   2,4   19:19  13,9   0,0   6,6   1,4  17,7   12:56     W
14   2,8   5,2   11:04  -1,1   22:44  15,5   0,0   0,2   0,5  12,9   01:20     W
15   2,4   8,4   14:43  -2,3   04:25  15,8   0,0   0,2   0,3  11,3   10:24   WSW
16   2,7   9,1   11:52  -1,4   04:21  15,6   0,0   0,0   0,3  12,9   12:47     E
17   3,3   5,2   13:18   0,2   00:18  15,0   0,0   1,8   0,8   9,7   12:54   WSW
18   4,3   5,5   13:11   2,1   19:23  14,0   0,0   1,4   0,6  16,1   23:38   WSW
19   3,8   6,8   12:00   1,5   18:10  14,5   0,0   0,4   3,0  25,7   10:10   WSW
20   2,2   4,1   14:49   0,8   02:04  16,1   0,0   4,4   4,6  33,8   08:57   WSW
21   2,3   3,8   13:25   1,2   05:40  16,0   0,0   1,2   0,8  14,5   02:24    SW
22   4,2   6,0   20:28   2,0   00:00  14,1   0,0   5,4   0,2   9,7   11:15   ESE
23   5,9  10,1   13:36   2,7   07:16  12,3   0,0   0,0   2,2  16,1   11:14   ESE
24   7,3  12,7   13:32   3,1   03:11  11,0   0,0   0,0   1,6  14,5   18:54   ESE
25   8,9  11,4   12:52   7,3   06:51   9,4   0,0   1,4   4,4  37,0   14:43   ESE
26   4,5   8,4   00:00   2,3   23:42  13,8   0,0   3,8   0,5  14,5   00:55     W
27   1,4   4,4   11:28  -1,6   23:17  16,9   0,0   0,0   0,7  12,9   09:21   WSW
28   1,2   5,4   13:48  -2,4   05:20  17,1   0,0   0,0   1,5  12,9   08:04   ESE
29   2,1   3,9   13:39   1,0   07:44  16,2   0,0   0,4   1,6  16,1   09:33   ESE
30   1,7   2,6   05:50   0,7   01:14  16,6   0,0   2,0   2,5  29,0   21:11   WSW
----------------------------------------------------------------------------------
     5,2  15,0     4    -2,4    28   392,2   0,0  55,0   1,6  37,0    25      SW

Max >=  27,0:  0
Max <=   0,0:  0
Min <=   0,0:  5
Min <= -18,0:  0
Max Rain: 15,2 on day 2
Days of Rain: 30 (>= 0,0 mm)  7 (>= 2,0 mm)  0 (>= 20,0 mm)
Heat Base: 18,3  Cool Base: 18,3  Method: Integration