Upały Początek: 25-06-2019 11:30 Koniec: 26-06-2019 19:00 Ostrzeżenie dla: Upały Poziom: Pomarańczowy
Pogoda niebezpieczna.
info button


Raport za 2018 Styczeń
                   Monthly Climatological Summary for sty 2018

Name: Stacja Pogodowa Tarnów/Moœcice   City: Tarnów   State: Polska
Elevation: 209 m  Lat: N 50° 00' 41"   Lon: E 020° 55' 50"

                  Temperature (°C), Rain (mm), Wind Speed (km/h)

                                      Heat  Cool        Avg
    Mean                              Deg   Deg         Wind                 Dom
Day Temp  High   Time   Low    Time   Days  Days  Rain  Speed High   Time    Dir
----------------------------------------------------------------------------------
 1   5,3   8,8   13:41   3,3   23:24  13,0   0,0   0,8   2,3  22,5   05:07   ESE
 2   3,5   5,5   11:06   0,6   07:52  14,8   0,0   0,0   0,6  19,3   22:42   WSW
 3   4,3   7,1   11:59   1,6   08:02  14,0   0,0   1,8   2,6  25,7   14:27     S
 4   5,5   8,9   12:37   2,4   22:38  12,8   0,0   0,4   3,4  24,1   12:14    SW
 5   5,9   9,3   13:36   3,1   00:00  12,4   0,0   0,2   2,5  22,5   01:38   ESE
 6   7,9   9,9   12:19   5,8   00:00  10,4   0,0   0,6   1,3  16,1   00:42   ESE
 7   5,2   7,6   02:30   1,2   21:42  13,1   0,0   0,4   0,7   9,7   11:55     W
 8   0,5   1,4   00:46  -1,8   23:56  17,8   0,0   0,2   0,3   6,4   06:15     W
 9   0,7   5,5   22:59  -4,4   07:40  17,6   0,0   1,4   0,7  16,1   20:28     E
10   7,0  10,5   11:07   1,8   23:54  11,3   0,0   0,0   1,7  19,3   17:51     E
11   1,4   2,0   00:54   0,6   06:55  16,9   0,0   2,0   0,0   3,2   00:23   ---
12   0,7   1,7   00:00  -0,7   22:57  17,6   0,0   0,2   2,2  20,9   20:31     W
13  -0,7   0,4   13:50  -2,9   23:42  19,0   0,0   0,2   2,4  24,1   14:47     E
14  -4,0  -0,7   10:56  -6,6   23:53  22,3   0,0   0,0   0,8  16,1   10:25     E
15  -5,3   0,4   14:56  -9,3   07:19  23,6   0,0   0,0   0,5  14,5   22:33     E
16  -1,9   0,2   14:34  -4,6   00:26  20,2   0,0   0,0   5,6  25,7   05:22   ESE
17   2,2   5,7   12:39  -0,6   00:00  16,1   0,0   0,8   1,8  24,1   01:40   WSW
18   2,5   5,4   13:22  -0,3   06:45  15,8   0,0   0,2   5,1  32,2   23:44    SW
19   3,1   6,2   00:59   0,2   23:58  15,2   0,0   0,2   5,8  41,8   03:43     W
20   0,1   2,9   13:54  -1,9   23:22  18,2   0,0   0,0   0,2  12,9   14:23   WSW
21  -0,5   1,6   12:29  -2,6   03:13  18,8   0,0   0,0   0,0   4,8   16:38     W
22  -2,0   0,0   12:16  -2,9   06:05  20,3   0,0   0,0   0,0   8,0   18:21   ---
23  -3,2   0,5   13:52  -7,9   07:50  21,5   0,0   1,6   0,0   9,7   19:18     E
24   1,3   3,1   13:23  -2,3   01:23  17,0   0,0   2,8   3,3  24,1   22:49   ESE
25   3,0   6,2   12:41   0,9   23:24  15,3   0,0   0,4   4,5  22,5   06:52   ESE
26   2,5   6,0   12:33   0,5   06:44  15,8   0,0   0,0   1,6  12,9   09:04   ESE
27   1,5   3,9   15:17  -2,1   06:00  16,8   0,0   0,2   0,4  11,3   08:19   WSW
28   5,0   7,6   22:30   1,9   06:48  13,3   0,0   0,4   3,5  32,2   12:03   WSW
29   9,2  13,3   14:08   7,1   02:26   9,1   0,0   0,0   6,7  30,6   06:47   WSW
30   5,5   9,3   00:00   3,5   12:24  12,8   0,0   2,8   5,8  43,5   04:48     W
31   4,2   8,5   14:38   0,9   07:50  14,1   0,0   0,0   2,4  17,7   13:46     S
----------------------------------------------------------------------------------
     2,3  13,3    29    -9,3    15   496,9   0,0  17,6   2,2  43,5    30     SSW

Max >=  27,0:  0
Max <=   0,0:  2
Min <=   0,0: 15
Min <= -18,0:  0
Max Rain: 2,8 on day 24
Days of Rain: 31 (>= 0,0 mm)  3 (>= 2,0 mm)  0 (>= 20,0 mm)
Heat Base: 18,3  Cool Base: 18,3  Method: Integration