Brak ostrzeżeń pogodowych   -   Brak ostrzeżeń pogodowych


Raport za 2018 Luty
                   Monthly Climatological Summary for lut 2018

Name: Stacja Pogodowa Tarnów/Moœcice   City: Tarnów   State: Polska
Elevation: 209 m  Lat: N 50° 00' 41"   Lon: E 020° 55' 50"

                  Temperature (°C), Rain (mm), Wind Speed (km/h)

                                      Heat  Cool        Avg
    Mean                              Deg   Deg         Wind                 Dom
Day Temp  High   Time   Low    Time   Days  Days  Rain  Speed High   Time    Dir
----------------------------------------------------------------------------------
 1   6,4  10,1   12:39   3,9   00:00  11,9   0,0   1,2   4,1  22,5   09:43   ESE
 2   2,8   4,9   00:00   0,7   21:39  15,5   0,0   4,2   1,0  19,3   02:58   WSW
 3   0,2   0,9   10:30  -1,2   07:16  18,1   0,0   0,0   0,1   6,4   23:52     W
 4   0,3   1,5   13:16  -0,5   07:18  18,0   0,0   0,0   0,9  11,3   02:33     W
 5  -2,3   0,5   10:37  -7,4   23:55  20,6   0,0   0,0   0,7  16,1   12:57     W
 6  -5,4  -1,0   13:46  -9,8   06:00  23,7   0,0   0,0   1,0  12,9   11:19   ESE
 7  -2,3   0,9   12:54  -6,3   06:11  20,6   0,0   0,0   0,2   9,7   02:12   ESE
 8  -0,8  -0,4   10:47  -1,4   05:44  19,1   0,0   0,0   0,5   9,7   14:01     W
 9  -1,2  -0,4   13:40  -1,7   08:16  19,5   0,0   0,0   0,3   8,0   09:30     W
10  -1,6  -0,6   13:37  -2,3   07:08  19,9   0,0   0,0   0,0   3,2   13:20     W
11  -1,5   1,1   12:10  -3,6   23:00  19,8   0,0   0,0   0,1   6,4   21:04     E
12   0,2   2,1   13:12  -3,6   00:00  18,1   0,0   1,6   0,4   6,4   13:29   WSW
13   0,5   2,2   12:20  -0,7   05:11  17,8   0,0   1,2   0,0   6,4   21:18     W
14  -0,4  -0,3   17:08  -1,4   23:39  18,7   0,0   0,0   0,5   8,0   07:36     W
15  -2,0  -0,9   15:39  -4,3   22:31  20,3   0,0   0,0   0,0   4,8   16:02     W
16  -0,2   2,8   11:07  -3,5   00:00  18,5   0,0   1,6   1,6  14,5   12:27    SW
17   0,5   5,1   12:58  -2,9   05:09  17,8   0,0   0,2   0,9  11,3   10:12   WSW
18   0,5   3,6   14:40  -1,3   03:45  17,8   0,0   0,0   0,8  11,3   14:46     W
19  -1,3   3,7   14:26  -6,1   06:28  19,6   0,0   0,0   0,6  12,9   12:32     E
20  -3,1   0,6   13:25  -7,1   06:31  21,4   0,0   0,0   1,0  12,9   15:41     W
21  -2,7  -1,6   14:44  -4,3   03:28  21,0   0,0   0,0   0,2   8,0   12:29   WSW
22  -2,3  -1,4   12:25  -3,4   23:39  20,7   0,0   0,0   1,5  11,3   12:03     W
23  -3,4  -1,7   13:03  -5,1   23:18  21,7   0,0   0,0   1,1   8,0   00:09     W
24  -6,8  -3,8   13:06 -10,8   23:53  25,1   0,0   0,0   1,5  11,3   09:40     W
25 -10,6  -8,2   13:47 -13,2   06:50  28,9   0,0   0,0   0,7   9,7   03:13     W
26 -10,9  -8,4   12:56 -13,8   23:59  29,2   0,0   0,0   0,9  16,1   12:59     W
27 -12,4  -9,5   15:25 -16,3   05:17  30,6   0,0   0,0   3,4  17,7   20:32     W
28 -11,2  -8,2   14:30 -14,4   23:56  29,4   0,0   0,0   1,1  12,9   11:58     W
----------------------------------------------------------------------------------
    -2,5  10,1     1   -16,3    27   583,3   0,0  10,0   0,9  22,5     1     WSW

Max >=  27,0:  0
Max <=   0,0: 14
Min <=   0,0: 26
Min <= -18,0:  0
Max Rain: 4,2 on day 2
Days of Rain: 28 (>= 0,0 mm)  1 (>= 2,0 mm)  0 (>= 20,0 mm)
Heat Base: 18,3  Cool Base: 18,3  Method: Integration