Brak ostrzeżeń pogodowych   -   Brak ostrzeżeń pogodowych


Raport za 2018 Marzec
                   Monthly Climatological Summary for mar 2018

Name: Stacja Pogodowa Tarnów/Moœcice   City: Tarnów   State: Polska
Elevation: 209 m  Lat: N 50° 00' 41"   Lon: E 020° 55' 50"

                  Temperature (°C), Rain (mm), Wind Speed (km/h)

                                      Heat  Cool        Avg
    Mean                              Deg   Deg         Wind                 Dom
Day Temp  High   Time   Low    Time   Days  Days  Rain  Speed High   Time    Dir
----------------------------------------------------------------------------------
 1 -12,2  -5,6   14:30 -18,3   06:26  30,5   0,0   0,0   0,4   9,7   13:00     E
 2  -9,9  -2,3   14:27 -17,8   06:39  28,1   0,0   0,0   1,6  12,9   17:57     W
 3 -10,4  -5,1   15:24 -15,4   06:16  28,7   0,0   0,0   0,5   8,0   14:41     W
 4  -6,2   1,7   15:49 -10,6   00:00  24,5   0,0   0,2   0,2   8,0   14:45   WSW
 5   0,5   5,4   13:02  -7,6   02:21  17,8   0,0   0,0   2,7  17,7   15:01   ESE
 6   4,1   9,3   11:10   0,4   06:25  14,2   0,0   1,2   2,0  19,3   11:55     E
 7   5,1  10,2   15:29  -0,4   04:52  13,2   0,0   0,0   1,0  14,5   13:37   WSW
 8   6,8  11,8   13:31   1,6   04:35  11,5   0,0   0,0   2,4  24,1   12:25   WSW
 9   5,3  11,7   15:21   0,7   23:46  13,0   0,0   0,0   1,7  25,7   11:52   WSW
10   6,1  14,7   15:57  -2,1   05:49  12,2   0,0   0,0   1,4  16,1   18:45   ESE
11   9,7  14,8   13:42   5,8   05:56   8,6   0,0   0,0   5,0  24,1   14:05   ESE
12  13,3  18,1   14:41   9,6   23:59   5,0   0,0   0,0   7,2  30,6   11:43    SE
13  10,7  15,1   11:44   7,3   01:42   7,6   0,0   0,0   1,9  24,1   09:12     W
14   7,2  10,4   10:21   4,4   23:07  11,1   0,0   0,0   1,8  20,9   10:40     W
15   4,8   6,9   13:13   2,3   23:51  13,5   0,0   0,0   0,4  11,3   19:28   WSW
16   2,8   6,5   13:23  -2,3   23:59  15,5   0,0   8,6   0,9  11,3   11:54    NW
17  -4,5  -2,2   00:00  -6,8   23:33  22,8   0,0   0,0   4,3  17,7   18:03     W
18  -7,1  -5,2   12:12  -8,6   05:03  25,4   0,0   0,0   7,0  20,9   06:55     W
19  -6,4  -4,8   13:21  -8,0   05:09  24,7   0,0   0,0   2,2  11,3   00:27     W
20  -4,3  -2,4   14:57  -5,8   00:00  22,6   0,0   0,0   1,2  11,3   15:12     W
21  -1,6   1,2   12:15  -4,6   00:18  19,9   0,0   0,0   2,3  12,9   11:29     W
22   0,4   6,5   15:39  -6,5   04:45  17,9   0,0   0,2   1,9  20,9   10:09    SW
23   1,2   7,1   13:04  -4,8   06:02  17,1   0,0   0,0   0,2   8,0   00:44   WSW
24   1,5   8,3   13:31  -5,7   05:46  16,8   0,0   0,0   1,0  16,1   13:05   WNW
25   5,4  11,3   16:08  -0,4   06:20  12,4   0,0   0,0   2,0  17,7   14:11     E
26   4,2   9,4   13:12  -2,0   06:43  14,1   0,0   0,0   0,7  12,9   00:01   WSW
27   4,9   6,0   00:00   0,3   23:59  13,4   0,0   0,4   1,9  19,3   14:28   WSW
28   3,8   8,9   16:48  -0,8   06:54  14,5   0,0   0,0   0,6  12,9   22:38   WSW
29   7,5  12,3   13:58   4,5   00:02  10,8   0,0   4,0   1,2  17,7   12:06   SSE
30   9,3  15,2   15:18   4,6   05:12   9,0   0,0   1,0   1,3  14,5   14:18   ESE
31  11,4  16,1   16:16   7,7   01:49   6,9   0,0   1,8   1,8  24,1   13:01   ESE
----------------------------------------------------------------------------------
     2,0  18,1    12   -18,3     1   503,3   0,0  17,4   2,0  30,6    12      SW

Max >=  27,0:  0
Max <=   0,0:  7
Min <=   0,0: 19
Min <= -18,0:  1
Max Rain: 8,6 on day 16
Days of Rain: 31 (>= 0,0 mm)  2 (>= 2,0 mm)  0 (>= 20,0 mm)
Heat Base: 18,3  Cool Base: 18,3  Method: Integration