Brak ostrzeżeń pogodowych   -   Brak ostrzeżeń pogodowych

Wybierz Rok lub Miesiąc Raportu
2019: Sty Lut Mar Kwi Maj Cze Lip Sie Wrz Paź Lis Gru
2018: Sty Lut Mar Kwi Maj Cze Lip Sie Wrz Paź Lis Gru
2017: Sty Lut Mar Kwi Maj Cze Lip Sie Wrz Paź Lis Gru
2016: Sty Lut Mar Kwi Maj Cze Lip Sie Wrz Paź Lis Gru
2015: Sty Lut Mar Kwi Maj Cze Lip Sie Wrz Paź Lis Gru
2014: Sty Lut Mar Kwi Maj Cze Lip Sie Wrz Paź Lis Gru
2013: Sty Lut Mar Kwi Maj Cze Lip Sie Wrz Paź Lis Gru

Raport za 2018 Kwiecień
                   Monthly Climatological Summary for kwi 2018

Name: Stacja Pogodowa Tarnów/Moœcice   City: Tarnów   State: Polska
Elevation: 209 m  Lat: N 50° 00' 41"   Lon: E 020° 55' 50"

                  Temperature (°C), Rain (mm), Wind Speed (km/h)

                                      Heat  Cool        Avg
    Mean                              Deg   Deg         Wind                 Dom
Day Temp  High   Time   Low    Time   Days  Days  Rain  Speed High   Time    Dir
----------------------------------------------------------------------------------
 1   6,1  10,9   00:00   2,7   14:57  12,2   0,0   7,8   5,7  35,4   21:53     W
 2   5,1  11,3   16:35   1,6   23:40  13,2   0,0   0,4   6,7  37,0   03:40     W
 3  10,6  18,8   14:11   1,1   00:41   7,7   0,0   0,0   3,5  24,1   16:23   ESE
 4  14,4  18,9   15:15   9,8   05:31   3,9   0,0   0,0   3,8  19,3   09:24   ESE
 5  14,1  20,9   14:25   8,9   05:57   4,6   0,3   5,4   2,0  25,7   17:59   WSW
 6   9,5  13,2   16:56   2,9   23:52   8,8   0,0   1,2   2,0  19,3   11:30     W
 7   9,4  18,2   16:00  -1,1   06:06   8,9   0,0   0,0   1,9  19,3   11:07     E
 8  16,3  22,9   16:16   8,2   06:17   3,0   1,0   0,0   4,9  32,2   15:29     E
 9  20,6  26,9   15:27  15,0   06:16   0,7   3,0   0,0   5,4  20,9   13:55    SE
10  17,3  24,5   12:12   9,6   06:06   2,4   1,4   0,0   2,4  30,6   15:08     S
11  16,3  23,4   13:02   8,9   06:18   3,2   1,2   0,0   1,2  17,7   11:08   ESE
12  17,8  27,6   15:47   6,9   05:53   3,3   2,9   0,0   1,6  22,5   16:24     E
13  18,1  26,2   12:19  11,9   05:48   1,9   1,7   0,0   3,5  38,6   14:26    SE
14  18,1  24,8   16:07  10,4   05:07   2,5   2,4   0,0   0,8  14,5   13:55   WSW
15  17,8  24,5   16:44   8,1   05:50   2,5   2,0   0,0   1,7  16,1   15:57   ESE
16  19,3  23,7   15:07  15,3   05:48   0,6   1,6   0,0   1,4  17,7   12:28     E
17  14,9  17,6   00:00  10,8   23:02   3,4   0,0   0,0   1,0  14,5   11:57     W
18  12,9  21,1   17:19   7,4   05:30   5,6   0,2   0,0   0,8  11,3   12:11   WSW
19  16,3  23,6   15:02   7,5   04:58   3,5   1,4   0,0   1,0  16,1   12:45     W
20  14,6  22,2   17:38   6,1   05:55   4,4   0,7   0,0   0,3  11,3   10:30     W
21  19,0  28,2   16:41   8,2   05:05   2,9   3,6   0,0   1,6  29,0   16:03     W
22  16,6  23,0   15:40   9,0   23:59   2,8   1,1   0,0   0,4  11,3   12:39     W
23  15,5  24,8   15:35   4,4   05:24   4,4   1,6   2,6   0,9  25,7   21:37   WSW
24  17,0  22,2   15:30  13,4   04:33   2,0   0,8   0,0   0,9  24,1   12:10   WSW
25  19,0  26,5   16:29  10,4   05:50   1,9   2,6   1,8   3,0  29,0   11:30   WSW
26  13,8  17,6   10:42   7,9   23:54   4,5   0,0   2,2   0,5  24,1   16:13    SW
27  12,0  18,6   16:20   4,8   05:55   6,3   0,0   0,0   0,6  12,9   10:43   WSW
28  17,9  26,8   15:07   9,4   00:00   2,8   2,4   0,0   1,6  19,3   16:38    SE
29  20,8  26,9   15:10  14,7   05:35   0,7   3,2   0,0   2,3  20,9   12:56   ESE
30  22,6  27,6   16:23  18,3   06:13   0,0   4,3   0,0   2,6  24,1   09:14   ESE
----------------------------------------------------------------------------------
    15,5  28,2    21    -1,1     7   124,6  39,4  21,4   2,2  38,6    13       S

Max >=  27,0:  3
Max <=   0,0:  0
Min <=   0,0:  1
Min <= -18,0:  0
Max Rain: 7,8 on day 1
Days of Rain: 30 (>= 0,0 mm)  4 (>= 2,0 mm)  0 (>= 20,0 mm)
Heat Base: 18,3  Cool Base: 18,3  Method: Integration