Upały Początek: 25-06-2019 11:30 Koniec: 26-06-2019 19:00 Ostrzeżenie dla: Upały Poziom: Pomarańczowy
Pogoda niebezpieczna.
info button


Raport za 2018 Październik
                   Monthly Climatological Summary for paŸ 2018

Name: Stacja Pogodowa Tarnów/Moœcice   City: Tarnów   State: Polska
Elevation: 209 m  Lat: N 50° 00' 41"   Lon: E 020° 55' 50"

                  Temperature (°C), Rain (mm), Wind Speed (km/h)

                                      Heat  Cool        Avg
    Mean                              Deg   Deg         Wind                 Dom
Day Temp  High   Time   Low    Time   Days  Days  Rain  Speed High   Time    Dir
----------------------------------------------------------------------------------
 1  12,2  19,6   15:28   3,3   07:05   6,1   0,0   0,0   0,7  12,9   11:58    SW
 2   9,5  12,9   00:00   6,5   22:25   8,8   0,0   4,0   2,0  19,3   01:52   WSW
 3  10,0  14,7   15:03   6,9   00:00   8,3   0,0   0,2   6,4  33,8   16:41   WSW
 4   9,3  14,5   16:09   4,6   23:53   9,0   0,0   0,0   2,7  24,1   09:46     W
 5  11,1  20,3   16:43   4,4   03:15   7,3   0,1   0,0   0,8  12,9   14:35    SW
 6  15,0  23,1   15:31   8,7   05:15   4,1   0,9   0,0   2,3  20,9   14:57    SE
 7  17,6  24,8   14:25  13,3   05:03   2,0   1,3   0,0   1,4  17,7   14:27    SW
 8  12,2  14,5   00:00  10,3   06:55   6,1   0,0   0,0   0,2   8,0   01:24   WSW
 9  12,8  20,3   15:45   7,6   23:56   5,6   0,1   0,0   0,2   8,0   10:50    SW
10  13,0  23,6   15:14   4,6   06:56   6,3   1,0   0,0   0,1   4,8   13:48     W
11  13,8  24,8   15:43   5,7   04:10   5,6   1,1   0,0   0,2   9,7   15:42     W
12  14,8  26,4   15:57   7,0   06:35   5,1   1,6   0,0   0,0   1,6   01:57   ---
13  14,4  25,4   14:51   5,3   06:46   5,3   1,3   0,0   0,1   4,8   03:01     W
14  15,0  24,4   13:28   5,8   07:10   4,7   1,4   0,0   0,7  17,7   14:45   ESE
15  15,6  23,7   13:30   7,4   06:51   3,9   1,2   0,0   0,7  19,3   10:49   ESE
16  15,2  24,1   16:18   7,0   06:42   4,3   1,2   0,0   0,2  11,3   11:58    SE
17  14,9  24,2   14:34   8,7   05:19   4,5   1,1   0,0   0,0   6,4   11:12   WSW
18  13,4  20,8   14:35   7,1   05:39   5,2   0,3   0,0   0,0   8,0   13:19     W
19  13,0  16,7   14:20  10,7   23:43   5,3   0,0   0,0   0,8  12,9   16:14   WSW
20  10,6  12,5   14:58   7,6   23:45   7,7   0,0   3,8   0,8   9,7   14:44   WSW
21   8,0  10,3   13:12   5,8   22:44  10,3   0,0   6,8   0,2   9,7   02:32     W
22   6,0  10,0   15:28   3,9   02:17  12,3   0,0   0,2   0,2   6,4   20:00   WSW
23   7,5   9,6   15:51   4,5   07:13  10,8   0,0   7,8   5,4  35,4   23:39   WSW
24   7,3   9,1   15:41   4,7   23:42  11,0   0,0   4,8   4,3  33,8   00:41     W
25   7,4  12,0   16:01   3,5   03:26  10,9   0,0   1,2   5,1  35,4   16:31   WSW
26   9,5  11,9   15:31   7,6   02:03   8,8   0,0   0,0   1,9  16,1   02:43   WSW
27  10,6  16,1   12:16   7,9   00:56   7,7   0,0   3,4   0,7  12,9   07:22   SSW
28   7,2   8,9   00:00   5,6   07:00  11,6   0,0   6,6   0,9   9,7   04:10     W
29  14,0  21,4   13:57   8,3   06:09   4,7   0,3   1,6   1,5  17,7   18:25     E
30  18,2  21,2   12:09  11,8   23:55   0,9   0,8   0,0   3,2  30,6   11:17     E
31  13,1  20,8   13:31   6,2   05:34   5,5   0,3   0,0   0,6  19,3   10:46   SSW
----------------------------------------------------------------------------------
    12,0  26,4    12     3,3     1   209,7  14,0  40,4   1,4  35,4    23     WSW

Max >=  27,0:  0
Max <=   0,0:  0
Min <=   0,0:  0
Min <= -18,0:  0
Max Rain: 7,8 on day 23
Days of Rain: 31 (>= 0,0 mm)  7 (>= 2,0 mm)  0 (>= 20,0 mm)
Heat Base: 18,3  Cool Base: 18,3  Method: Integration