Brak ostrzeżeń pogodowych   -   Brak ostrzeżeń pogodowych


Raport za 2019 Maj
                   Monthly Climatological Summary for maj 2019

Name: Stacja Pogodowa Tarnów/Moœcice   City: Tarnów   State: Polska
Elevation: 209 m  Lat: N 50° 00' 41"   Lon: E 020° 55' 50"

                  Temperature (°C), Rain (mm), Wind Speed (km/h)

                                      Heat  Cool        Avg
    Mean                              Deg   Deg         Wind                 Dom
Day Temp  High   Time   Low    Time   Days  Days  Rain  Speed High   Time    Dir
----------------------------------------------------------------------------------
 1  13,3  18,5   15:30   7,4   05:22   5,0   0,0   0,0   1,3  21,3   15:31     W
 2  15,1  20,2   16:24  10,2   04:35   3,2   0,0   0,0   4,8  40,6   09:30   WSW
 3  10,6  14,8   10:11   8,4   23:21   7,7   0,0   2,6   0,8  13,5   14:30   WSW
 4  11,1  16,8   14:26   5,8   05:56   7,2   0,0   0,0   1,4  21,3   17:45    SE
 5   6,7   8,8   02:16   5,3   10:50  11,6   0,0   4,8   0,4  13,5   12:43   WSW
 6   8,0  10,2   15:36   5,9   05:07  10,3   0,0   0,2   0,3  15,4   18:32     W
 7   9,9  14,3   14:16   6,7   23:28   8,4   0,0   0,0   0,6  13,5   08:10     W
 8  10,6  16,8   13:33   3,0   05:33   7,7   0,0   0,0   1,2  17,4   12:25    SE
 9   9,7  12,0   14:23   7,7   03:25   8,6   0,0   1,2   2,5  25,2   08:23   ESE
10  12,2  19,5   13:53   7,8   03:14   6,1   0,0   4,6   0,6  17,4   15:18   WSW
11  15,3  21,6   16:46  10,2   03:33   3,0   0,0   0,0   0,9  17,4   12:17   WSW
12  15,5  23,6   14:59   9,3   23:59   2,8   0,0   1,0   2,3  29,1   17:10   WSW
13   8,7  10,5   15:37   6,8   23:55   9,6   0,0   0,0   0,6  11,7   00:07     W
14   6,3   7,4   17:56   4,7   04:44  12,0   0,0  15,0   0,2   9,6   13:15     W
15   9,5  11,4   15:24   6,9   03:56   8,8   0,0   8,4   0,0   4,8   10:32   WSW
16  13,5  19,7   15:08   9,6   05:42   4,8   0,0   2,2   0,3   8,0   15:17   WSW
17  16,7  22,8   15:59  12,6   05:25   1,6   0,0   5,2   1,1  20,9   17:03    SE
18  19,3  26,1   14:56  13,0   05:04   0,0   1,0   0,0   0,6  14,5   12:43   SSE
19  18,7  26,6   16:59  11,9   03:57   0,0   0,4   1,0   0,7  22,5   14:35   ESE
20  18,9  23,3   13:23  14,7   04:42   0,0   0,6   0,0   1,7  24,1   10:43   ESE
21  13,7  15,7   10:19  12,3   04:10   4,6   0,0  68,6   2,5  24,1   18:05    SW
22  13,9  15,9   14:28  12,6   06:13   4,4   0,0  20,6   1,8  22,5   00:31   WSW
23  13,2  14,9   10:20  11,8   23:50   5,1   0,0  16,6   1,0  25,7   14:12   WSW
24  12,3  13,5   16:28  11,3   05:21   6,0   0,0  20,2   1,5  14,5   06:31   WSW
25  17,5  23,4   15:35  12,7   04:33   2,3   1,5   0,0   0,6  16,1   13:32   WSW
26  18,4  24,6   17:15  11,7   02:19   2,0   2,1   0,2   0,5  14,5   16:09   WSW
27  20,5  26,9   12:43  14,1   04:51   0,9   3,1   0,4   1,4  19,3   13:51    SE
28  19,9  25,1   15:54  15,0   05:10   0,7   2,3   0,6   2,1  22,5   09:45   SSE
29  13,5  16,2   07:23  11,6   20:05   4,8   0,0   0,6   0,3  12,9   07:42   WSW
30  10,9  12,7   00:55   9,4   20:59   7,4   0,0   9,0   0,5  11,3   17:19   WSW
31  15,5  22,9   18:01   9,3   00:29   3,9   1,1   1,4   0,2  11,3   15:14   WSW
----------------------------------------------------------------------------------
    13,5  26,9    27     3,0     8   160,5  12,1 184,4   1,1  40,6     2      SW

Max >=  27,0:  0
Max <=   0,0:  0
Min <=   0,0:  0
Min <= -18,0:  0
Max Rain: 68,6 on day 21
Days of Rain: 31 (>= 0,0 mm)  12 (>= 2,0 mm)  3 (>= 20,0 mm)
Heat Base: 18,3  Cool Base: 18,3  Method: Integration