Wiatr Początek: 28-11-2020 17:00 Koniec: 29-11-2020 09:00 Ostrzeżenie dla: Wiatr Poziom: Żółty
Pogoda potencjalnie niebezpieczna.
info button


Raport za 2019 Lipiec
                   Monthly Climatological Summary for lip 2019

Name: Stacja Pogodowa Tarnów/Moœcice   City: Tarnów   State: Polska
Elevation: 209 m  Lat: N 50° 00' 41"   Lon: E 020° 55' 50"

                  Temperature (°C), Rain (mm), Wind Speed (km/h)

                                      Heat  Cool        Avg
    Mean                              Deg   Deg         Wind                 Dom
Day Temp  High   Time   Low    Time   Days  Days  Rain  Speed High   Time    Dir
----------------------------------------------------------------------------------
 1  29,1  37,2   15:08  19,7   04:46   0,0  10,8   0,0   2,8  32,2   20:20   WSW
 2  24,0  27,8   13:49  19,0   23:58   0,0   5,7   0,0   1,0  14,5   13:49     W
 3  19,4  24,3   15:24  13,7   05:02   1,0   2,1   0,0   1,0  19,3   16:36     W
 4  18,2  24,4   17:39  12,0   05:45   2,0   1,9   0,0   1,1  19,3   10:29   WSW
 5  18,8  24,2   17:17  11,2   04:25   1,8   2,3   0,0   1,2  20,9   17:26   WSW
 6  22,4  28,9   16:59  16,9   05:26   0,2   4,3   0,0   1,8  22,5   12:47   WSW
 7  20,6  26,7   13:45  15,2   23:42   0,3   2,6   0,0   1,1  12,9   14:06     W
 8  16,6  20,3   17:50  12,5   05:19   2,0   0,4   0,0   2,1  27,4   14:12     W
 9  16,1  21,3   15:45  11,4   04:07   2,7   0,5   0,2   2,8  29,0   12:00   WSW
10  15,6  20,9   12:57  12,7   23:59   2,9   0,2   3,4   2,3  20,9   09:15   WSW
11  14,8  20,5   17:04  11,2   23:56   3,7   0,2   9,6   1,3  17,7   13:18   WSW
12  17,9  26,4   14:21   8,0   05:15   3,0   2,6   0,0   0,5  12,9   13:16   WSW
13  18,2  23,6   17:34  14,2   05:00   1,4   1,4   0,8   0,5  16,1   17:36   WSW
14  15,8  21,4   11:25  13,6   23:44   2,6   0,2   2,8   0,8  12,9   17:52   WSW
15  17,9  24,4   14:26  11,3   05:15   2,4   1,9   0,0   0,7  12,9   15:01     W
16  16,9  23,8   15:56   9,3   04:46   2,7   1,2   0,0   1,3  19,3   10:56   WSW
17  18,2  23,3   15:39  14,4   00:45   1,2   1,2   0,0   1,8  24,1   14:54     W
18  19,3  25,5   17:33  12,3   05:32   1,6   2,5   0,0   0,5   9,7   12:03     W
19  20,8  29,6   13:55  11,7   05:31   1,5   4,1   0,0   0,8  14,5   18:02   WSW
20  22,6  29,7   15:47  16,3   04:31   0,4   4,6   0,0   1,7  19,3   11:03    SW
21  21,5  31,1   13:44  15,9   23:35   0,3   3,5  22,4   1,8  30,6   14:53    SW
22  21,2  27,7   16:01  15,8   00:18   0,5   3,4   0,0   1,3  20,9   17:30   WSW
23  18,1  20,1   13:32  16,2   09:15   0,5   0,3   2,8   0,6   8,0   06:00   WSW
24  19,5  22,9   11:08  17,7   04:30   0,1   1,3   9,0   0,4   6,4   00:41   WSW
25  20,8  30,5   17:18  18,2   00:00   0,1   2,5   0,2   0,3  11,3   14:24     E
26  22,7  29,7   14:42  16,6   04:08   0,3   4,7   0,0   0,2   6,4   07:33     W
27  21,9  27,8   13:19  16,1   04:08   0,4   4,0   0,0   0,6  16,1   18:10   ESE
28  25,3  33,3   14:40  17,9   05:29   0,0   7,1   0,0   0,9  22,5   22:56    SE
29  23,9  33,9   14:53  19,2   04:33   0,0   5,6  29,4   0,3  20,9   16:06     W
30  24,1  30,5   14:44  19,1   05:14   0,0   5,8   0,0   1,3  22,5   19:19   WSW
31  21,7  27,2   15:09  19,2   16:39   0,0   3,4  47,6   0,6  14,5   03:43   WSW
----------------------------------------------------------------------------------
    20,1  37,2     1     8,0    12    35,6  92,3 128,2   1,1  32,2     1     WSW

Max >=  27,0: 14
Max <=   0,0:  0
Min <=   0,0:  0
Min <= -18,0:  0
Max Rain: 47,6 on day 31
Days of Rain: 31 (>= 0,0 mm)  8 (>= 2,0 mm)  3 (>= 20,0 mm)
Heat Base: 18,3  Cool Base: 18,3  Method: Integration