Brak ostrzeżeń pogodowych   -   Brak ostrzeżeń pogodowych


Raport za 2020 Sierpień
                   Monthly Climatological Summary for sie 2020

Name: Stacja Pogodowa Tarnów/Moscice   City: Tarnów   State: Polska
Elevation: 209 m  Lat: N 50° 00' 41"   Lon: E 020° 55' 50"

                  Temperature (°C), Rain (mm), Wind Speed (km/h)

                                      Heat  Cool        Avg
    Mean                              Deg   Deg         Wind                 Dom
Day Temp  High   Time   Low    Time   Days  Days  Rain  Speed High   Time    Dir
----------------------------------------------------------------------------------
01  18,4  25,3   16:08  11,9   04:17   2,0   2,1   0,0   0,8  12,9   15:29     W
02  20,3  29,0   16:21  10,9   05:02   2,0   4,0   0,0   0,8  14,5   13:19    SE
03  22,4  28,8   12:31  17,6   05:56   0,1   4,1   0,0   1,4  22,5   12:50    SE
04  20,7  27,3   13:20  16,9   05:18   0,2   2,6   1,4   0,5  14,5   13:12     W
05  17,8  18,9   00:00  16,3   09:34   0,6   0,1   3,6   0,3   6,4   08:58     W
06  22,0  30,1   16:51  16,5   05:21   0,4   4,2   0,0   0,4   6,4   12:20   WNW
07  24,3  32,6   16:10  15,7   05:50   0,4   6,3   0,0   0,6  11,3   13:24   WNW
08  24,3  32,7   14:26  15,6   05:28   0,5   6,5   0,0   0,7  11,3   12:05     W
09  24,6  33,0   17:30  17,2   06:00   0,1   6,4   6,2   0,4  17,7   20:30     W
10  23,5  30,9   16:00  16,3   06:00   0,3   5,6   0,0   0,4   6,4   13:30     W
11  22,2  30,8   14:00  15,9   06:00   0,4   4,3   0,0   0,4  14,5   18:30     W
12  20,9  28,4   16:00  14,3   05:00   1,1   3,7   0,0   0,5   9,7   16:00     W
13  21,6  30,4   16:30  11,8   06:00   1,5   4,8   0,0   0,4  11,3   10:00    NW
14  22,6  31,2   15:00  14,0   06:00   0,7   5,1   0,0   0,4  11,3   11:00     W
15  21,3  28,1   14:13  14,2   05:41   0,8   3,7   0,0   1,4  14,5   17:56     W
16  22,2  29,4   16:27  15,1   06:10   0,4   4,3   0,0   1,1  12,9   10:51   WNW
17  22,1  29,2   13:11  16,6   03:27   0,3   4,1   0,0   0,9  14,5   14:51   SSE
18  20,4  24,1   17:02  17,5   00:00   0,1   2,1   3,6   0,6  16,1   21:23    SW
19  19,1  22,6   13:30  17,4   00:30   0,2   1,0  12,8   2,4  19,3   23:30   WSW
20  21,7  28,4   17:30  16,3   06:30   0,4   3,8   0,0   1,9  17,7   00:00   WSW
21  23,5  32,3   18:30  14,8   06:00   0,7   5,9   0,0   0,4  14,5   15:30   WSW
22  25,7  34,3   18:30  16,7   06:30   0,1   7,5   0,0   0,7  12,9   12:30   WSW
23  19,6  23,9   17:30  17,3   00:00   0,1   1,4  13,4   0,6  11,3   15:30   WSW
24  20,4  25,7   14:30  15,9   04:00   0,6   2,7   0,0   0,8  14,5   08:30   WSW
25  18,9  24,1   16:00  13,6   00:00   0,9   1,5   0,0   1,2  17,7   09:00     W
26  19,6  29,8   15:30  13,0   01:30   1,9   3,1   5,0   3,0  40,2   15:30   WSW
27  19,0  22,7   16:03  15,4   01:00   0,5   1,1   0,0   2,2  33,8   11:03     W
28  19,1  27,3   16:49  11,9   06:04   1,6   2,4   0,0   1,9  16,1   09:49    SW
29  22,3  29,7   13:28  18,0   23:24   0,0   3,8   0,4   1,4  16,1   00:53    SE
30  25,3  34,0   14:16  16,2   06:21   0,3   7,3   0,0   2,4  27,4   14:46   SSE
31  20,8  24,9   10:08  15,3   22:43   0,4   2,9   0,0   3,2  43,5   15:27   WSW
----------------------------------------------------------------------------------
    21,5  34,3    22    10,9     2    19,6 118,4  46,4   1,2  43,5    31     WSW

Max >=  27,0 22
Max <=   0,0  0
Min <=   0,0  0
Min <= -18,0  0
Max Rain: 13,4 on day 23
Days of Rain: 8 (>= 0,2 mm)  6 (>= 2,0 mm)  0 (>= 20,0 mm)
Heat Base: 18,3  Cool Base: 18,3  Method: Integration