Raport za 2022 Sierpień
                   Monthly Climatological Summary for sie 2022

Name: Stacja Pogodowa Tarnów/Moscice   City: Tarnów   State: Polska
Elevation: 209 m  Lat: N 50° 00' 41"   Lon: E 020° 55' 50"

                  Temperature (°C), Rain (mm), Wind Speed (km/h)

                                      Heat  Cool        Avg
    Mean                              Deg   Deg         Wind                 Dom
Day Temp  High   Time   Low    Time   Days  Days  Rain  Speed High   Time    Dir
----------------------------------------------------------------------------------
01  19,7  25,7   15:13  15,3   00:32   1,1   2,4   5,6   0,8  19,3   13:17   WNW
02  21,0  26,5   17:09  17,8   23:59   0,0   2,7   1,8   1,0  14,5   08:19     W
03  21,9  28,9   18:04  15,2   05:45   0,7   4,2   0,0   0,5   9,7   08:51   WNW
04  22,6  30,2   16:14  14,9   05:53   0,7   5,0   0,0   0,6   9,7   10:30    NW
05  24,4  34,4   17:34  14,6   05:39   0,8   6,9   0,0   0,5  12,9   10:44     S
06  20,1  24,4   09:40  17,1   05:50   0,2   2,0   0,0   1,2  20,9   07:47   WNW
07  18,5  24,1   15:38  14,6   23:41   1,2   1,4   0,0   1,0  11,3   14:35   WNW
08  17,1  22,4   16:10  12,1   02:33   2,1   0,9   0,0   0,7  11,3   16:45   WNW
09  19,6  26,2   16:19  14,8   05:39   0,9   2,3   0,0   0,9   9,7   18:03   WNW
10  19,2  26,7   16:43  11,8   05:34   1,8   2,7   0,0   0,9  14,5   16:26   WNW
11  17,1  24,1   17:03  11,7   06:01   2,5   1,3   3,6   0,8  22,5   18:32   WNW
12  17,6  25,2   14:54  11,4   03:12   2,5   1,8   0,2   0,8   8,0   10:23   WNW
13  19,8  24,7   15:46  16,8   00:48   0,3   1,8   0,2   1,2  11,3   18:30   WNW
14  22,0  27,6   15:20  18,3   03:49   0,0   3,7   4,8   0,8  11,3   15:55   WNW
15  23,0  31,4   16:06  17,2   05:42   0,2   4,9   0,0   0,7  14,5   14:22    NW
16  22,2  29,8   14:22  18,6   06:00   0,0   3,9   0,6   0,5   9,7   07:57   WNW
17  22,9  30,2   14:19  17,3   06:05   0,1   4,7   0,0   0,6  16,1   13:09   WNW
18  24,1  31,1   16:55  17,2   05:50   0,1   5,9   0,0   0,8  14,5   15:25    NW
----------------------------------------------------------------------------------
    20,7  34,4     5    11,4    12    15,2  58,5  16,8   0,8  22,5    11     WNW

Max >=  27,0  8
Max <=   0,0  0
Min <=   0,0  0
Min <= -18,0  0
Max Rain: 5,6 on day 1
Days of Rain: 7 (>= 0,2 mm)  3 (>= 2,0 mm)  0 (>= 20,0 mm)
Heat Base: 18,3  Cool Base: 18,3  Method: Integration