Wybierz Rok lub Miesiąc Raportu
2024: Sty Lut Mar Kwi Maj Cze Lip Sie Wrz Paź Lis Gru
2023: Sty Lut Mar Kwi Maj Cze Lip Sie Wrz Paź Lis Gru
2022: Sty Lut Mar Kwi Maj Cze Lip Sie Wrz Paź Lis Gru
2021: Sty Lut Mar Kwi Maj Cze Lip Sie Wrz Paź Lis Gru
2020: Sty Lut Mar Kwi Maj Cze Lip Sie Wrz Paź Lis Gru
2019: Sty Lut Mar Kwi Maj Cze Lip Sie Wrz Paź Lis Gru
2018: Sty Lut Mar Kwi Maj Cze Lip Sie Wrz Paź Lis Gru
2017: Sty Lut Mar Kwi Maj Cze Lip Sie Wrz Paź Lis Gru
2016: Sty Lut Mar Kwi Maj Cze Lip Sie Wrz Paź Lis Gru
2015: Sty Lut Mar Kwi Maj Cze Lip Sie Wrz Paź Lis Gru
2014: Sty Lut Mar Kwi Maj Cze Lip Sie Wrz Paź Lis Gru
2013: Sty Lut Mar Kwi Maj Cze Lip Sie Wrz Paź Lis Gru
2024: Sty Lut Mar Kwi Maj Cze Lip Sie Wrz Paź Lis Gru
2023: Sty Lut Mar Kwi Maj Cze Lip Sie Wrz Paź Lis Gru
2022: Sty Lut Mar Kwi Maj Cze Lip Sie Wrz Paź Lis Gru
2021: Sty Lut Mar Kwi Maj Cze Lip Sie Wrz Paź Lis Gru
2020: Sty Lut Mar Kwi Maj Cze Lip Sie Wrz Paź Lis Gru
2019: Sty Lut Mar Kwi Maj Cze Lip Sie Wrz Paź Lis Gru
2018: Sty Lut Mar Kwi Maj Cze Lip Sie Wrz Paź Lis Gru
2017: Sty Lut Mar Kwi Maj Cze Lip Sie Wrz Paź Lis Gru
2016: Sty Lut Mar Kwi Maj Cze Lip Sie Wrz Paź Lis Gru
2015: Sty Lut Mar Kwi Maj Cze Lip Sie Wrz Paź Lis Gru
2014: Sty Lut Mar Kwi Maj Cze Lip Sie Wrz Paź Lis Gru
2013: Sty Lut Mar Kwi Maj Cze Lip Sie Wrz Paź Lis Gru
Raport za 2024 Kwiecień
Monthly Climatological Summary for kwi 2024 Name: Stacja Pogodowa Tarnów/Moscice City: Tarnów State: Polska Elevation: 209 m Lat: N 50° 00' 41" Lon: E 020° 55' 50" Temperature (°C), Rain (mm), Wind Speed (km/h) Heat Cool Avg Mean Deg Deg Wind Dom Day Temp High Time Low Time Days Days Rain Speed High Time Dir ---------------------------------------------------------------------------------- 01 20,3 27,1 16:47 10,7 05:47 1,4 3,4 0,0 4,0 29,0 17:41 S 02 11,0 20,1 00:36 7,8 12:21 7,4 0,1 23,2 4,2 33,8 14:35 WNW 03 12,6 17,6 15:10 9,1 06:54 5,7 0,0 0,0 6,4 49,9 12:29 W 04 12,9 17,6 15:14 9,2 06:00 5,4 0,0 0,4 1,7 20,9 23:49 W 05 13,9 19,3 15:48 10,5 02:52 4,4 0,0 2,6 3,2 27,4 09:19 W 06 15,9 20,7 16:10 11,2 23:57 2,6 0,2 0,0 0,9 14,5 12:56 WNW 07 17,0 25,3 16:37 7,8 06:04 3,3 2,0 0,0 1,7 17,7 11:00 ESE 08 20,4 27,6 16:03 15,2 05:59 0,8 2,9 0,0 3,4 17,7 12:55 SE 09 20,4 27,1 15:25 14,7 06:55 0,9 3,0 0,0 2,8 22,5 14:52 SE 10 14,1 17,7 00:08 11,7 23:50 4,2 0,0 0,0 1,6 16,1 07:31 WNW 11 13,5 18,4 16:50 9,4 23:44 4,8 0,0 0,0 0,8 9,7 11:41 WNW 12 13,8 21,2 15:18 5,9 05:43 5,1 0,6 0,0 0,6 14,5 09:21 WNW 13 15,8 22,4 15:17 9,1 05:11 3,4 0,9 0,0 1,9 29,0 12:55 WNW 14 16,7 24,9 14:12 9,4 05:12 3,3 1,6 2,0 3,1 30,6 12:54 W 15 11,4 13,9 00:00 9,7 13:33 6,9 0,0 9,2 0,5 8,0 11:12 WNW 16 9,1 11,8 05:42 4,9 22:31 9,2 0,0 0,8 2,4 30,6 05:35 W 17 5,3 9,2 14:09 1,2 05:43 13,0 0,0 2,6 0,6 14,5 12:59 WNW 18 6,2 10,6 12:44 1,9 06:27 12,1 0,0 0,0 1,1 14,5 11:52 WNW 19 6,6 11,4 15:48 2,4 06:31 11,7 0,0 0,2 3,1 32,2 16:28 W 20 7,5 11,2 12:30 5,3 06:40 10,8 0,0 3,6 1,1 20,9 10:51 SSW 21 4,3 5,7 00:00 2,7 08:20 14,1 0,0 2,0 0,8 12,9 07:48 WNW 22 4,3 7,1 15:16 2,7 08:16 14,0 0,0 0,2 0,6 14,5 10:51 WNW 23 6,5 11,6 14:41 2,1 05:52 11,8 0,0 0,0 1,5 14,5 18:10 NW 24 6,9 8,6 16:27 5,7 23:57 11,4 0,0 11,8 1,1 12,9 13:55 WNW 25 7,3 14,2 15:39 2,3 05:54 11,0 0,0 10,4 1,7 17,7 01:55 WNW ---------------------------------------------------------------------------------- 11,7 27,6 8 1,2 17 178,7 14,7 69,0 2,0 49,9 3 W Max >= 27,0 3 Max <= 0,0 0 Min <= 0,0 0 Min <= -18,0 0 Max Rain: 23,2 on day 2 Days of Rain: 13 (>= 0,2 mm) 9 (>= 2,0 mm) 1 (>= 20,0 mm) Heat Base: 18,3 Cool Base: 18,3 Method: Integration