Burze Początek: 27-07-2021 13:00 Koniec: 28-07-2021 00:00 Ostrzeżenie dla: Burze Poziom: Żółty
Pogoda potencjalnie niebezpieczna.
info button


Raport za 2021 Luty
                   Monthly Climatological Summary for lut 2021

Name: Stacja Pogodowa Tarnów/Moscice   City: Tarnów   State: Polska
Elevation: 209 m  Lat: N 50° 00' 41"   Lon: E 020° 55' 50"

                  Temperature (°C), Rain (mm), Wind Speed (km/h)

                                      Heat  Cool        Avg
    Mean                              Deg   Deg         Wind                 Dom
Day Temp  High   Time   Low    Time   Days  Days  Rain  Speed High   Time    Dir
----------------------------------------------------------------------------------
01  -7,2  -1,9   21:37 -14,6   06:44  25,5   0,0   0,0   0,3   8,0   19:34    NW
02  -0,5   4,2   14:17  -7,4   04:02  18,8   0,0   1,8   2,2  17,7   22:14    SE
03   4,0   7,3   12:15   1,8   00:16  14,3   0,0   3,6   3,8  22,5   16:32    SE
04   4,3   8,8   08:54  -0,1   23:36  14,0   0,0   0,6   3,9  45,1   09:37     W
05  -0,6   0,5   14:05  -1,9   23:55  18,9   0,0   0,0   0,8   6,4   10:00   WNW
06  -2,2   0,4   14:03  -4,4   23:58  20,5   0,0   0,2   2,2  12,9   22:17   WNW
07  -6,9  -4,4   00:00  -8,2   07:07  25,2   0,0   0,0   4,3  17,7   16:40   WNW
08  -5,8  -3,6   13:44  -7,1   00:40  24,1   0,0   0,0   2,6  14,5   02:17   WNW
09  -4,4  -1,6   13:29  -7,0   06:35  22,7   0,0   0,0   0,8   9,7   10:54   WNW
10  -4,0  -2,0   14:58  -5,6   03:34  22,3   0,0   0,0   0,8   9,7   10:40   NNE
11  -8,7  -4,5   00:00 -12,1   23:50  27,0   0,0   0,0   2,6  14,5   15:59   WNW
12 -11,0  -7,4   13:17 -13,1   04:19  29,3   0,0   0,0   3,5  19,3   12:45   WNW
13  -6,8  -2,0   21:55 -12,2   01:46  25,1   0,0   0,0   4,6  24,1   11:19   WNW
14  -3,8  -1,9   15:56  -5,2   23:52  22,1   0,0   0,0   4,6  27,4   21:56   WNW
15  -5,2  -0,8   14:40  -8,9   23:56  23,5   0,0   0,0   3,9  24,1   05:17   WNW
16  -3,7   0,7   13:28  -9,6   02:37  22,0   0,0   1,8   1,6  16,1   14:32   SSE
17   0,8   3,1   23:54  -0,9   03:59  17,5   0,0  16,8   3,0  19,3   19:11    SW
18   0,5   3,1   00:29  -1,2   23:10  17,8   0,0   9,4   0,9  11,3   00:23   NNW
19   1,5   5,9   12:45  -2,8   03:51  16,8   0,0  12,0   1,4  17,7   11:37    SE
20   4,1   9,6   13:46  -0,1   06:46  14,2   0,0   2,2   1,2  11,3   13:04    SE
21   3,6   8,4   13:10   0,7   06:52  14,7   0,0   0,0   3,7  22,5   16:55    SE
22   5,8  12,3   14:47   1,6   00:10  12,5   0,0   0,0   2,9  16,1   00:34    SE
23   4,2  10,2   14:43  -0,5   05:27  14,1   0,0   0,0   1,4  16,1   09:26     W
24   8,6  19,1   15:56   0,8   06:38   9,7   0,0   0,0   0,6  16,1   08:03     W
25   9,4  17,0   13:38   1,2   06:39   8,9   0,0   0,0   1,8  16,1   12:53    SE
26   9,9  19,6   14:35   2,4   05:26   8,4   0,1   6,4   1,7  17,7   15:32   WNW
27   4,6   7,6   16:10   2,2   23:53  13,7   0,0   0,2   3,7  20,9   09:18     W
28   4,4   8,1   14:14   1,2   06:57  13,9   0,0   0,0   4,0  20,9   08:43   WNW
----------------------------------------------------------------------------------
    -0,2  19,6    26   -14,6     1   517,5   0,1  55,0   2,5  45,1     4       W

Max >=  27,0  0
Max <=   0,0 10
Min <=   0,0 20
Min <= -18,0  0
Max Rain: 16,8 on day 17
Days of Rain: 11 (>= 0,2 mm)  6 (>= 2,0 mm)  0 (>= 20,0 mm)
Heat Base: 18,3  Cool Base: 18,3  Method: Integration