Wybierz Rok lub Miesiąc Raportu
2024: Sty Lut Mar Kwi Maj Cze Lip Sie Wrz Paź Lis Gru
2023: Sty Lut Mar Kwi Maj Cze Lip Sie Wrz Paź Lis Gru
2022: Sty Lut Mar Kwi Maj Cze Lip Sie Wrz Paź Lis Gru
2021: Sty Lut Mar Kwi Maj Cze Lip Sie Wrz Paź Lis Gru
2020: Sty Lut Mar Kwi Maj Cze Lip Sie Wrz Paź Lis Gru
2019: Sty Lut Mar Kwi Maj Cze Lip Sie Wrz Paź Lis Gru
2018: Sty Lut Mar Kwi Maj Cze Lip Sie Wrz Paź Lis Gru
2017: Sty Lut Mar Kwi Maj Cze Lip Sie Wrz Paź Lis Gru
2016: Sty Lut Mar Kwi Maj Cze Lip Sie Wrz Paź Lis Gru
2015: Sty Lut Mar Kwi Maj Cze Lip Sie Wrz Paź Lis Gru
2014: Sty Lut Mar Kwi Maj Cze Lip Sie Wrz Paź Lis Gru
2013: Sty Lut Mar Kwi Maj Cze Lip Sie Wrz Paź Lis Gru
2024: Sty Lut Mar Kwi Maj Cze Lip Sie Wrz Paź Lis Gru
2023: Sty Lut Mar Kwi Maj Cze Lip Sie Wrz Paź Lis Gru
2022: Sty Lut Mar Kwi Maj Cze Lip Sie Wrz Paź Lis Gru
2021: Sty Lut Mar Kwi Maj Cze Lip Sie Wrz Paź Lis Gru
2020: Sty Lut Mar Kwi Maj Cze Lip Sie Wrz Paź Lis Gru
2019: Sty Lut Mar Kwi Maj Cze Lip Sie Wrz Paź Lis Gru
2018: Sty Lut Mar Kwi Maj Cze Lip Sie Wrz Paź Lis Gru
2017: Sty Lut Mar Kwi Maj Cze Lip Sie Wrz Paź Lis Gru
2016: Sty Lut Mar Kwi Maj Cze Lip Sie Wrz Paź Lis Gru
2015: Sty Lut Mar Kwi Maj Cze Lip Sie Wrz Paź Lis Gru
2014: Sty Lut Mar Kwi Maj Cze Lip Sie Wrz Paź Lis Gru
2013: Sty Lut Mar Kwi Maj Cze Lip Sie Wrz Paź Lis Gru
Raport za 2022 Lipiec
Monthly Climatological Summary for lip 2022 Name: Stacja Pogodowa Tarnów/Moscice City: Tarnów State: Polska Elevation: 209 m Lat: N 50° 00' 41" Lon: E 020° 55' 50" Temperature (°C), Rain (mm), Wind Speed (km/h) Heat Cool Avg Mean Deg Deg Wind Dom Day Temp High Time Low Time Days Days Rain Speed High Time Dir ---------------------------------------------------------------------------------- 01 29,9 37,4 16:09 21,8 04:45 0,0 11,6 0,0 1,4 30,6 23:30 SE 02 19,7 24,4 00:00 17,1 23:58 0,1 1,4 0,2 1,5 19,3 06:32 WNW 03 21,6 28,8 16:37 14,6 05:22 0,9 4,2 0,0 0,7 12,9 14:53 NW 04 24,1 31,9 16:14 15,2 04:49 0,4 6,2 0,0 0,6 17,7 12:39 WNW 05 19,8 21,4 09:34 16,9 22:50 0,1 1,6 17,2 0,4 9,7 06:33 WNW 06 17,6 22,9 12:32 14,3 23:55 1,2 0,5 21,2 0,9 14,5 13:49 W 07 18,2 24,4 14:45 11,2 05:08 2,0 1,9 1,0 0,8 12,9 21:29 W 08 17,4 23,8 15:04 14,8 23:57 1,7 0,8 2,0 1,3 16,1 14:48 W 09 17,9 22,9 17:51 14,1 03:18 1,5 1,1 0,0 1,4 19,3 14:35 W 10 16,1 20,4 15:56 12,9 23:58 2,4 0,2 4,2 1,6 22,5 17:13 WNW 11 14,0 17,6 14:43 12,2 21:19 4,3 0,0 3,2 2,8 27,4 17:46 W 12 16,3 21,7 15:33 11,9 02:10 2,4 0,5 2,8 3,0 25,7 10:32 W 13 21,7 27,3 17:09 15,2 05:56 0,4 3,7 0,0 3,1 30,6 09:21 WNW 14 23,2 29,8 14:07 18,5 05:41 0,0 4,9 4,4 1,9 25,7 10:08 W 15 19,1 23,3 12:56 14,8 23:54 0,8 1,6 2,6 1,5 20,9 16:27 WNW 16 16,1 22,4 13:39 9,3 05:20 3,2 1,0 0,6 2,1 22,5 12:41 W 17 17,1 23,1 17:20 11,2 04:46 2,5 1,3 0,0 1,7 17,7 16:11 WNW 18 18,7 26,2 16:09 9,7 05:15 2,4 2,8 0,0 0,7 16,1 12:13 WNW 19 22,1 30,2 16:49 13,7 04:28 1,2 5,1 0,0 1,1 19,3 17:06 W 20 24,6 33,3 16:54 15,1 05:28 0,5 6,8 0,0 0,5 11,3 15:13 NW 21 24,1 32,6 16:24 15,3 05:37 0,5 6,3 0,0 0,4 6,4 10:37 WNW 22 25,6 33,6 17:26 17,2 04:12 0,1 7,4 0,0 1,4 17,7 08:15 W 23 25,0 35,3 16:08 18,4 05:23 0,0 6,7 10,0 1,3 35,4 18:09 WSW 24 21,8 27,2 16:32 16,2 23:59 0,1 3,6 0,0 1,1 16,1 13:51 WNW 25 21,9 30,7 17:43 12,5 05:24 1,4 5,0 0,0 0,5 11,3 11:50 SW 26 20,4 28,8 10:12 16,3 23:50 0,4 2,5 3,8 2,2 37,0 13:51 W 27 19,9 26,3 16:28 13,8 05:04 1,1 2,7 0,0 0,8 12,9 06:00 WNW 28 19,9 25,8 15:41 15,4 06:04 0,7 2,4 7,2 0,6 14,5 12:03 NW 29 21,1 29,1 16:28 15,2 05:24 0,7 3,6 6,0 1,5 32,2 19:47 WNW 30 20,7 26,8 17:16 17,4 23:12 0,1 2,5 37,6 0,9 27,4 18:48 W 31 16,6 17,8 01:05 15,4 23:37 1,7 0,0 1,0 3,7 24,1 12:26 W ---------------------------------------------------------------------------------- 20,4 37,4 1 9,3 16 34,8 99,9 125,0 1,4 37,0 26 W Max >= 27,0 14 Max <= 0,0 0 Min <= 0,0 0 Min <= -18,0 0 Max Rain: 37,6 on day 30 Days of Rain: 17 (>= 0,2 mm) 13 (>= 2,0 mm) 2 (>= 20,0 mm) Heat Base: 18,3 Cool Base: 18,3 Method: Integration