Wybierz Rok lub Miesiąc Raportu
2024: Sty Lut Mar Kwi Maj Cze Lip Sie Wrz Paź Lis Gru
2023: Sty Lut Mar Kwi Maj Cze Lip Sie Wrz Paź Lis Gru
2022: Sty Lut Mar Kwi Maj Cze Lip Sie Wrz Paź Lis Gru
2021: Sty Lut Mar Kwi Maj Cze Lip Sie Wrz Paź Lis Gru
2020: Sty Lut Mar Kwi Maj Cze Lip Sie Wrz Paź Lis Gru
2019: Sty Lut Mar Kwi Maj Cze Lip Sie Wrz Paź Lis Gru
2018: Sty Lut Mar Kwi Maj Cze Lip Sie Wrz Paź Lis Gru
2017: Sty Lut Mar Kwi Maj Cze Lip Sie Wrz Paź Lis Gru
2016: Sty Lut Mar Kwi Maj Cze Lip Sie Wrz Paź Lis Gru
2015: Sty Lut Mar Kwi Maj Cze Lip Sie Wrz Paź Lis Gru
2014: Sty Lut Mar Kwi Maj Cze Lip Sie Wrz Paź Lis Gru
2013: Sty Lut Mar Kwi Maj Cze Lip Sie Wrz Paź Lis Gru
2024: Sty Lut Mar Kwi Maj Cze Lip Sie Wrz Paź Lis Gru
2023: Sty Lut Mar Kwi Maj Cze Lip Sie Wrz Paź Lis Gru
2022: Sty Lut Mar Kwi Maj Cze Lip Sie Wrz Paź Lis Gru
2021: Sty Lut Mar Kwi Maj Cze Lip Sie Wrz Paź Lis Gru
2020: Sty Lut Mar Kwi Maj Cze Lip Sie Wrz Paź Lis Gru
2019: Sty Lut Mar Kwi Maj Cze Lip Sie Wrz Paź Lis Gru
2018: Sty Lut Mar Kwi Maj Cze Lip Sie Wrz Paź Lis Gru
2017: Sty Lut Mar Kwi Maj Cze Lip Sie Wrz Paź Lis Gru
2016: Sty Lut Mar Kwi Maj Cze Lip Sie Wrz Paź Lis Gru
2015: Sty Lut Mar Kwi Maj Cze Lip Sie Wrz Paź Lis Gru
2014: Sty Lut Mar Kwi Maj Cze Lip Sie Wrz Paź Lis Gru
2013: Sty Lut Mar Kwi Maj Cze Lip Sie Wrz Paź Lis Gru
Raport za 2023 Czerwiec
Monthly Climatological Summary for cze 2023 Name: Stacja Pogodowa Tarnów/Moscice City: Tarnów State: Polska Elevation: 209 m Lat: N 50° 00' 41" Lon: E 020° 55' 50" Temperature (°C), Rain (mm), Wind Speed (km/h) Heat Cool Avg Mean Deg Deg Wind Dom Day Temp High Time Low Time Days Days Rain Speed High Time Dir ---------------------------------------------------------------------------------- 01 18,7 27,2 16:45 8,7 05:11 2,7 3,1 0,0 1,0 20,9 13:26 W 02 16,0 21,6 12:22 10,5 23:59 2,9 0,6 0,0 1,5 17,7 09:58 WNW 03 13,1 19,6 15:34 5,8 05:03 5,3 0,1 0,0 1,4 12,9 13:45 WNW 04 15,8 23,8 15:03 5,4 05:16 4,1 1,6 0,0 0,7 12,9 11:49 WNW 05 18,2 26,3 16:02 8,2 05:13 2,8 2,7 0,0 1,1 14,5 10:44 NW 06 17,9 22,6 11:04 13,1 04:04 1,6 1,3 0,4 0,7 12,9 15:20 WSW 07 17,8 20,7 17:03 14,9 23:59 1,1 0,6 0,2 0,7 9,7 09:53 WNW 08 16,8 21,5 16:33 14,0 01:19 1,8 0,3 2,2 0,4 6,4 10:00 NW 09 18,4 24,6 14:15 14,5 04:57 1,2 1,3 1,0 0,5 14,5 14:49 ESE 10 18,5 22,3 12:46 15,4 03:40 0,9 1,0 0,0 2,5 14,5 12:30 WNW 11 17,8 22,9 14:36 13,1 23:56 1,5 1,0 0,0 3,2 17,7 14:47 WNW 12 14,1 18,9 14:26 9,3 23:57 4,2 0,0 0,0 2,0 14,5 10:19 WNW 13 11,2 15,5 16:58 6,4 04:38 7,1 0,0 0,4 0,7 9,7 20:07 WNW 14 14,4 19,5 17:09 11,7 01:23 3,9 0,0 4,0 0,7 14,5 15:36 WNW 15 16,7 23,4 17:06 12,1 04:44 2,5 0,9 0,0 0,7 12,9 15:56 W 16 16,6 21,9 12:52 10,8 05:03 2,6 0,9 0,0 0,5 6,4 08:30 NW 17 18,3 23,7 16:35 14,2 04:51 1,4 1,4 0,0 1,3 14,5 06:47 W 18 19,6 24,7 15:55 15,2 05:45 0,9 2,3 0,0 1,6 17,7 17:32 W 19 20,5 27,7 16:35 12,2 05:15 1,4 3,7 0,0 0,7 11,3 11:23 WNW 20 23,1 30,8 16:28 13,4 05:05 1,0 5,8 0,0 0,3 11,3 13:24 E 21 23,4 30,3 14:44 18,3 02:59 0,0 5,1 0,0 1,1 24,1 16:21 SE 22 24,0 30,2 16:27 18,6 04:50 0,0 5,7 0,0 0,9 14,5 07:59 WNW 23 20,8 27,4 09:35 18,2 04:36 0,0 2,5 7,4 0,5 22,5 09:42 SW 24 18,8 20,7 00:45 15,4 23:45 0,4 0,9 0,6 1,2 12,9 01:40 W 25 20,0 26,4 14:32 14,3 04:17 1,0 2,8 0,0 1,1 14,5 06:57 WNW 26 21,5 27,7 16:45 14,9 04:37 0,8 3,9 0,0 1,0 14,5 11:17 WNW 27 17,5 22,0 15:58 13,4 23:58 1,2 0,4 9,8 2,1 25,7 17:56 W 28 15,8 21,0 15:36 12,5 05:10 2,9 0,3 3,6 3,5 27,4 07:59 W 29 18,8 24,8 15:17 13,1 00:00 1,6 2,1 0,0 2,3 19,3 12:39 W 30 21,4 27,9 16:48 13,2 05:13 1,0 4,0 0,0 0,9 16,1 11:25 W ---------------------------------------------------------------------------------- 18,2 30,8 20 5,4 4 59,8 56,3 29,6 1,2 27,4 28 WNW Max >= 27,0 8 Max <= 0,0 0 Min <= 0,0 0 Min <= -18,0 0 Max Rain: 9,8 on day 27 Days of Rain: 10 (>= 0,2 mm) 5 (>= 2,0 mm) 0 (>= 20,0 mm) Heat Base: 18,3 Cool Base: 18,3 Method: Integration