Wybierz Rok lub Miesiąc Raportu
2024: Sty Lut Mar Kwi Maj Cze Lip Sie Wrz Paź Lis Gru
2023: Sty Lut Mar Kwi Maj Cze Lip Sie Wrz Paź Lis Gru
2022: Sty Lut Mar Kwi Maj Cze Lip Sie Wrz Paź Lis Gru
2021: Sty Lut Mar Kwi Maj Cze Lip Sie Wrz Paź Lis Gru
2020: Sty Lut Mar Kwi Maj Cze Lip Sie Wrz Paź Lis Gru
2019: Sty Lut Mar Kwi Maj Cze Lip Sie Wrz Paź Lis Gru
2018: Sty Lut Mar Kwi Maj Cze Lip Sie Wrz Paź Lis Gru
2017: Sty Lut Mar Kwi Maj Cze Lip Sie Wrz Paź Lis Gru
2016: Sty Lut Mar Kwi Maj Cze Lip Sie Wrz Paź Lis Gru
2015: Sty Lut Mar Kwi Maj Cze Lip Sie Wrz Paź Lis Gru
2014: Sty Lut Mar Kwi Maj Cze Lip Sie Wrz Paź Lis Gru
2013: Sty Lut Mar Kwi Maj Cze Lip Sie Wrz Paź Lis Gru
2024: Sty Lut Mar Kwi Maj Cze Lip Sie Wrz Paź Lis Gru
2023: Sty Lut Mar Kwi Maj Cze Lip Sie Wrz Paź Lis Gru
2022: Sty Lut Mar Kwi Maj Cze Lip Sie Wrz Paź Lis Gru
2021: Sty Lut Mar Kwi Maj Cze Lip Sie Wrz Paź Lis Gru
2020: Sty Lut Mar Kwi Maj Cze Lip Sie Wrz Paź Lis Gru
2019: Sty Lut Mar Kwi Maj Cze Lip Sie Wrz Paź Lis Gru
2018: Sty Lut Mar Kwi Maj Cze Lip Sie Wrz Paź Lis Gru
2017: Sty Lut Mar Kwi Maj Cze Lip Sie Wrz Paź Lis Gru
2016: Sty Lut Mar Kwi Maj Cze Lip Sie Wrz Paź Lis Gru
2015: Sty Lut Mar Kwi Maj Cze Lip Sie Wrz Paź Lis Gru
2014: Sty Lut Mar Kwi Maj Cze Lip Sie Wrz Paź Lis Gru
2013: Sty Lut Mar Kwi Maj Cze Lip Sie Wrz Paź Lis Gru
Raport za 2023 Sierpień
Monthly Climatological Summary for sie 2023 Name: Stacja Pogodowa Tarnów/Moscice City: Tarnów State: Polska Elevation: 209 m Lat: N 50° 00' 41" Lon: E 020° 55' 50" Temperature (°C), Rain (mm), Wind Speed (km/h) Heat Cool Avg Mean Deg Deg Wind Dom Day Temp High Time Low Time Days Days Rain Speed High Time Dir ---------------------------------------------------------------------------------- 01 18,9 24,8 12:35 15,3 05:30 1,1 1,6 20,6 1,1 20,9 15:51 S 02 20,3 26,5 16:54 15,4 02:49 0,9 2,8 2,2 1,3 17,7 10:37 W 03 19,3 24,3 10:08 15,8 23:59 0,3 1,3 3,2 1,5 24,1 12:00 SSW 04 20,3 25,9 14:49 15,1 02:17 0,8 2,8 0,0 0,5 8,0 14:24 WNW 05 20,3 26,6 16:39 16,6 07:44 0,3 2,3 45,6 0,9 17,7 07:30 WNW 06 19,3 25,6 14:26 14,6 23:50 1,0 2,0 12,0 3,0 27,4 14:05 SW 07 15,6 19,8 13:49 13,6 04:58 2,8 0,1 4,4 3,3 20,9 09:54 W 08 16,6 21,2 14:12 12,5 23:51 2,1 0,4 0,0 4,0 29,0 14:45 W 09 17,1 22,7 14:25 12,3 00:59 1,9 0,7 0,0 1,6 20,9 02:40 WSW 10 16,7 23,0 15:48 12,6 23:58 2,3 0,7 0,0 0,8 12,9 01:06 WNW 11 17,4 24,9 18:32 9,7 05:28 2,9 2,0 0,0 0,6 14,5 14:07 W 12 19,5 28,7 18:33 10,7 05:45 2,2 3,4 0,0 0,6 12,9 11:39 W 13 23,3 32,6 18:21 14,3 05:49 0,8 5,8 0,0 0,7 16,1 09:57 WSW 14 25,9 32,9 15:23 20,1 05:50 0,0 7,6 0,0 0,8 11,3 10:46 SE 15 25,7 33,6 14:40 17,6 06:25 0,0 7,4 0,0 0,6 12,9 16:21 ESE 16 25,3 31,7 15:14 20,6 06:19 0,0 7,0 0,0 0,8 12,9 09:57 SSW 17 24,2 30,8 14:17 19,8 23:52 0,0 5,9 0,0 0,9 17,7 17:06 W 18 23,6 31,5 14:30 18,8 05:52 0,0 5,3 0,0 0,4 12,9 17:01 WSW 19 24,6 32,9 16:04 18,4 05:40 0,0 6,3 0,0 0,7 14,5 18:28 W 20 25,0 31,7 17:39 18,1 05:49 0,0 6,7 0,0 0,5 12,9 17:44 W 21 24,0 29,6 17:27 18,3 06:05 0,0 5,7 0,0 0,4 11,3 08:45 W 22 24,9 31,9 18:13 18,6 06:08 0,0 6,6 0,0 0,2 6,4 23:42 WNW 23 23,2 28,5 17:23 19,4 23:54 0,0 4,9 0,8 0,5 9,7 00:03 WNW 24 21,8 28,9 18:04 16,2 06:26 0,3 3,9 0,0 0,6 16,1 13:27 W 25 23,5 30,9 17:11 17,2 06:06 0,2 5,3 0,0 1,2 14,5 13:01 SSW 26 22,6 31,5 12:47 18,4 16:47 0,0 4,3 12,0 0,9 45,1 14:49 WSW 27 23,4 29,7 15:55 18,3 01:32 0,0 5,1 7,4 0,6 27,4 02:24 WNW 28 20,5 21,5 00:00 18,7 23:57 0,0 2,2 0,0 0,5 9,7 03:36 WNW 29 20,2 28,8 15:15 15,7 16:27 0,2 2,1 32,4 1,3 48,3 16:07 W 30 18,7 23,5 14:45 16,1 23:59 0,5 0,8 16,0 0,8 14,5 15:58 W 31 17,1 22,5 16:28 13,5 23:56 1,9 0,7 8,0 1,4 17,7 16:33 W ---------------------------------------------------------------------------------- 21,3 33,6 15 9,7 11 22,5 113,7 164,6 1,1 48,3 29 WSW Max >= 27,0 17 Max <= 0,0 0 Min <= 0,0 0 Min <= -18,0 0 Max Rain: 45,6 on day 5 Days of Rain: 12 (>= 0,2 mm) 11 (>= 2,0 mm) 3 (>= 20,0 mm) Heat Base: 18,3 Cool Base: 18,3 Method: Integration