Upały Początek: 25-06-2019 11:30 Koniec: 26-06-2019 19:00 Ostrzeżenie dla: Upały Poziom: Pomarańczowy
Pogoda niebezpieczna.
info button


Raport za 2014 Listopad
                   Monthly Climatological Summary for lis 2014

Name: Stacja Pogodowa Tarnów/Mościce   City: Tarnów   State: Polska
Elevation: 209 m  Lat: N 50° 00' 41"   Lon: E 020° 55' 50"

                  Temperature (°C), Rain (mm), Wind Speed (km/h)

                                      Heat  Cool        Avg
    Mean                              Deg   Deg         Wind                 Dom
Day Temp  High   Time   Low    Time   Days  Days  Rain  Speed High   Time    Dir
----------------------------------------------------------------------------------
 1   6,2  12,7   14:08  -0,6   03:09  12,1   0,0   0,0   0,2   5,7   09:49    SE
 2   9,0  14,2   12:56   6,8   06:29   9,3   0,0   0,0   2,8  19,3   18:56   ESE
 3   9,7  14,7   12:35   6,7   01:29   8,6   0,0   0,0   4,8  19,3   22:00   ESE
 4  11,9  18,6   13:47   7,5   04:06   6,4   0,0   0,0   4,1  25,2   16:02   ESE
 5  14,3  20,0   13:29   9,7   02:42   4,0   0,0   0,0   6,1  29,1   12:04   ESE
 6  15,6  18,5   14:37  13,7   04:58   2,7   0,0   0,0   5,7  27,0   10:41   ESE
 7  15,4  17,4   13:29  13,2   23:45   2,9   0,0   1,6   4,6  27,0   02:21   ESE
 8  11,8  15,3   10:38   9,1   22:56   6,5   0,0   1,2   1,0  29,1   10:47     W
 9  11,2  13,7   14:37   8,9   03:21   7,1   0,0   0,2   0,4   9,6   23:50   ESE
10  13,6  18,3   13:10   9,6   06:18   4,7   0,0   0,0   2,9  21,3   14:50   ESE
11  13,1  18,6   12:37   8,8   04:27   5,2   0,0   0,0   1,7  19,3   14:58     E
12  12,6  16,4   12:33   8,4   23:53   5,7   0,0   0,0   2,1  25,2   12:34     E
13   7,8  11,2   14:00   4,8   06:14  10,5   0,0   0,0   0,2   5,7   08:06     W
14   8,8  10,8   13:44   6,9   00:00   9,5   0,0   0,0   0,3   7,8   14:00     W
15   8,8  15,4   12:28   5,8   22:11   9,5   0,0   0,0   1,6  25,2   13:34     E
16  10,1  13,9   14:38   5,8   01:52   8,2   0,0   0,2   3,7  30,9   12:18     E
17   8,2  10,7   12:00   6,1   23:26  10,1   0,0   0,0   0,9  11,7   15:22     W
18   6,0   7,1   11:13   4,3   23:42  12,3   0,0   1,8   1,4  17,4   16:36   ESE
19   4,5   6,3   11:09   3,3   23:29  13,8   0,0   2,2   1,0  11,7   10:07     W
20   2,8   3,3   00:00   2,3   23:39  15,5   0,0   0,6   0,4   7,8   17:28     W
21   2,6   4,2   12:45   1,8   07:15  15,7   0,0   0,4   0,2   7,8   11:59     W
22   2,8   3,7   13:26   1,8   00:21  15,5   0,0   1,0   0,1   5,7   02:14     W
23   2,9   6,3   12:08   0,1   19:07  15,4   0,0   0,0   0,7  15,4   20:25     E
24   1,7   5,6   13:40  -2,0   05:48  16,6   0,0   0,0   1,8  21,3   12:04     E
25   3,2   4,8   13:05   1,2   02:23  15,1   0,0   8,2   0,7  11,7   01:46   WSW
26   2,7   6,0   14:09   1,2   21:47  15,6   0,0   0,0   0,2   5,7   10:11    SW
27   1,0   2,7   12:33  -1,0   23:10  17,3   0,0   0,0   0,7  15,4   16:43   WSW
28  -1,2   0,4   11:42  -4,1   23:49  19,5   0,0   0,0   1,0  13,5   01:01     W
29  -3,0  -1,2   15:48  -4,6   01:08  21,3   0,0   0,0   1,7  15,4   06:52     W
30  -3,0  -2,3   12:39  -3,5   07:04  21,3   0,0   0,0   2,0  17,4   16:28     W
----------------------------------------------------------------------------------
     7,0  20,0     5    -4,6    29   337,9   0,0  17,4   1,8  30,9    16     ESE

Max >=  27,0:  0
Max <=   0,0:  2
Min <=   0,0:  6
Min <= -18,0:  0
Max Rain: 8,2 on day 25
Days of Rain: 10 (>= 0,2 mm)  2 (>= 2,0 mm)  0 (>= 20,0 mm)
Heat Base: 18,3  Cool Base: 18,3  Method: Integration