Upały Początek: 25-06-2019 11:30 Koniec: 26-06-2019 19:00 Ostrzeżenie dla: Upały Poziom: Pomarańczowy
Pogoda niebezpieczna.
info button


Raport za 2016 Luty
                   Monthly Climatological Summary for lut 2016

Name: Stacja Pogodowa Tarnów/Moœcice   City: Tarnów   State: Polska
Elevation: 209 m  Lat: N 50° 00' 41"   Lon: E 020° 55' 50"

                  Temperature (°C), Rain (mm), Wind Speed (km/h)

                                      Heat  Cool        Avg
    Mean                              Deg   Deg         Wind                 Dom
Day Temp  High   Time   Low    Time   Days  Days  Rain  Speed High   Time    Dir
----------------------------------------------------------------------------------
 1   4,4   8,8   23:58   2,2   07:11  13,9   0,0   0,6   1,7  24,1   02:35   WSW
 2  10,8  14,0   13:21   7,1   22:52   7,5   0,0   0,0   5,8  35,4   12:56   WSW
 3   6,7  10,6   02:21   3,9   23:59  11,6   0,0   1,6   2,3  24,1   08:02   WSW
 4   2,6   4,4   12:51   1,2   20:37  15,7   0,0   0,6   4,1  27,4   15:53   WSW
 5   1,4   3,1   14:47  -0,7   21:09  16,9   0,0   0,8   1,4  14,5   11:53     W
 6   2,8   6,2   14:55  -0,4   01:40  15,5   0,0   0,0   2,5  20,9   18:59   ESE
 7   6,6  10,8   14:44   3,3   00:00  11,7   0,0   0,0   5,2  29,0   08:57   ESE
 8   7,9   9,9   15:35   6,3   07:23  10,4   0,0   0,0   2,7  17,7   10:15   ESE
 9  11,1  15,3   15:22   7,2   06:01   7,2   0,0   0,0   5,6  33,8   11:19    SW
10   7,3  13,4   00:13   0,3   22:55  11,0   0,0   4,0   4,7  29,0   00:56   SSE
11   2,6   5,1   14:09   0,5   00:00  15,7   0,0  16,0   5,3  27,4   11:40   WSW
12   3,8   6,4   14:22   1,6   06:19  14,5   0,0   0,0   1,6  16,1   00:52    SE
13   4,2   7,1   13:00   2,3   03:08  14,1   0,0   1,0   1,4  24,1   11:13     E
14   6,2  11,4   14:19   1,7   06:34  12,1   0,0   0,6   2,3  19,3   09:53   ESE
15   6,7   8,7   11:08   4,5   06:27  11,6   0,0  11,0   0,5  12,9   23:03     W
16   4,2   5,8   00:00   2,1   23:56  14,1   0,0   0,4   1,2  16,1   00:45     W
17   3,5   5,9   22:30   0,8   03:43  14,8   0,0   0,0   1,5  22,5   14:28     E
18   8,7  13,8   14:10   4,3   01:47   9,6   0,0   0,0   0,8  14,5   09:54     E
19   4,4   7,3   00:00   0,5   22:07  13,9   0,0  17,8   2,5  25,7   15:54   WSW
20   2,3   5,8   15:00   0,4   00:52  16,0   0,0   3,0   3,5  22,5   10:33   WSW
21   5,6   9,2   14:09   1,7   02:19  12,7   0,0   5,6   3,1  29,0   11:27   WSW
22  13,2  16,9   14:10   9,0   00:00   5,1   0,0   0,0   5,3  40,2   12:51   WSW
23   5,4  12,0   01:39   0,4   23:12  12,9   0,0   4,0   0,4  16,1   02:04     W
24   1,8   5,7   16:05   0,3   22:55  16,5   0,0   7,6   1,7  27,4   13:47   WSW
25   1,4   4,4   14:41  -2,2   05:54  16,9   0,0   0,0   0,7  11,3   11:36   ESE
26   1,3   3,7   14:05  -1,5   23:58  17,0   0,0   0,0   0,8  11,3   12:03     W
27   1,0   6,9   14:48  -4,6   06:14  17,3   0,0   0,2   0,8  16,1   11:20     E
28   4,7   8,5   13:53   0,6   03:56  13,6   0,0   2,6   0,1   8,0   01:51   ESE
29   4,6   5,6   00:04   3,2   06:06  13,7   0,0   4,8   0,5  12,9   15:08     W
----------------------------------------------------------------------------------
     5,1  16,9    22    -4,6    27   383,5   0,0  82,2   2,4  40,2    22      SW

Max >=  27,0:  0
Max <=   0,0:  0
Min <=   0,0:  5
Min <= -18,0:  0
Max Rain: 17,8 on day 19
Days of Rain: 18 (>= 0,2 mm)  10 (>= 2,0 mm)  0 (>= 20,0 mm)
Heat Base: 18,3  Cool Base: 18,3  Method: Integration