Brak ostrzeżeń pogodowych   -   Brak ostrzeżeń pogodowych

Wybierz Rok lub Miesiąc Raportu
2019: Sty Lut Mar Kwi Maj Cze Lip Sie Wrz Paź Lis Gru
2018: Sty Lut Mar Kwi Maj Cze Lip Sie Wrz Paź Lis Gru
2017: Sty Lut Mar Kwi Maj Cze Lip Sie Wrz Paź Lis Gru
2016: Sty Lut Mar Kwi Maj Cze Lip Sie Wrz Paź Lis Gru
2015: Sty Lut Mar Kwi Maj Cze Lip Sie Wrz Paź Lis Gru
2014: Sty Lut Mar Kwi Maj Cze Lip Sie Wrz Paź Lis Gru
2013: Sty Lut Mar Kwi Maj Cze Lip Sie Wrz Paź Lis Gru

Raport za 2016 Październik
                   Monthly Climatological Summary for paŸ 2016

Name: Stacja Pogodowa Tarnów/Moœcice   City: Tarnów   State: Polska
Elevation: 209 m  Lat: N 50° 00' 41"   Lon: E 020° 55' 50"

                  Temperature (°C), Rain (mm), Wind Speed (km/h)

                                      Heat  Cool        Avg
    Mean                              Deg   Deg         Wind                 Dom
Day Temp  High   Time   Low    Time   Days  Days  Rain  Speed High   Time    Dir
----------------------------------------------------------------------------------
 1  18,1  25,8   14:36  12,7   07:00   1,9   1,7   0,0   0,5   9,7   15:38   ESE
 2  17,6  24,6   15:15  10,9   06:51   2,2   1,4   1,6   0,2   9,7   13:19   SSW
 3  14,1  15,6   00:01  11,0   23:37   4,2   0,0   1,0   1,2  24,1   13:33    NW
 4  10,3  12,8   09:11   7,2   23:59   8,0   0,0  37,4   2,2  20,9   09:23     W
 5   4,6   7,2   00:00   2,9   21:03  13,7   0,0  27,2   1,8  22,5   20:22   WSW
 6   5,0   8,4   14:39   2,2   05:39  13,3   0,0   0,0   0,2   9,7   13:32    SE
 7   6,5  12,2   14:31   3,2   06:02  11,8   0,0   0,0   0,8  12,9   11:15   WSW
 8   6,6   8,6   14:24   5,4   04:23  11,7   0,0   1,0   1,5  16,1   12:07   WSW
 9   6,5  12,1   15:44   2,2   07:17  11,8   0,0   0,2   0,2  12,9   09:55   WSW
10   8,0  10,6   12:06   4,7   00:00  10,3   0,0   1,2   1,0  11,3   12:51   WSW
11   7,4   9,9   11:47   5,6   04:45  10,9   0,0   0,6   1,3  11,3   19:15     W
12   7,2   8,2   14:01   6,3   11:13  11,1   0,0  20,4   2,5  17,7   20:21     W
13   5,3   6,3   00:00   4,1   23:54  13,0   0,0   1,2   1,0  11,3   09:01     W
14   6,5  13,7   14:16   0,4   04:50  11,8   0,0   0,0   0,8  16,1   13:17   ESE
15  10,3  16,5   14:38   6,3   22:22   8,0   0,0   0,0   1,1  19,3   13:07   WSW
16   5,8   6,7   00:00   4,7   10:51  12,5   0,0   4,4   1,0  20,9   17:30     W
17   7,8  11,3   13:07   5,0   06:24  10,5   0,0   0,0   0,8  16,1   14:35   ESE
18  10,2  14,6   15:58   8,1   20:26   8,1   0,0   0,0   1,1  12,9   11:45   ESE
19  10,4  14,2   14:34   8,5   06:06   7,9   0,0   0,0   0,3  11,3   12:58    SE
20   9,3  11,8   14:48   7,8   22:00   9,0   0,0   3,2   0,6  16,1   14:20   ESE
21   8,8  10,4   12:19   7,8   02:43   9,5   0,0  10,6   0,3  14,5   13:25   SSW
22   6,8   9,1   15:41   1,9   23:13  11,5   0,0   5,8   0,3  14,5   11:06   WSW
23   7,6  14,2   14:39   2,2   04:19  10,7   0,0   0,2   1,3  20,9   15:01     E
24  12,1  17,7   14:59   6,7   00:49   6,2   0,0   0,0   2,0  16,1   10:08   ESE
25  15,4  20,3   13:22  11,5   23:57   3,1   0,2   3,0   1,8  14,5   09:51    SE
26   8,6  11,5   00:00   6,3   22:56   9,7   0,0   0,0   0,2   8,0   00:28     W
27   6,5   8,8   13:17   3,9   23:56  11,8   0,0   0,0   0,0   3,2   09:20   ---
28   6,2  11,4   16:00  -1,1   07:28  12,1   0,0   0,2   2,1  24,1   21:49   WSW
29   8,9  11,7   13:47   4,1   22:25   9,4   0,0   7,2   4,5  40,2   11:58     W
30   6,2   8,4   11:42   4,9   02:04  12,6   0,0   0,2   2,7  25,7   10:13     W
31   6,1   7,8   14:50   4,8   05:46  12,2   0,0   0,0   2,3  22,5   14:05     W
----------------------------------------------------------------------------------
     8,7  25,8     1    -1,1    28   300,5   3,3 126,6   1,2  40,2    29     WSW

Max >=  27,0:  0
Max <=   0,0:  0
Min <=   0,0:  1
Min <= -18,0:  0
Max Rain: 37,4 on day 4
Days of Rain: 31 (>= 0,0 mm)  9 (>= 2,0 mm)  3 (>= 20,0 mm)
Heat Base: 18,3  Cool Base: 18,3  Method: Integration