Upały Początek: 25-06-2019 11:30 Koniec: 26-06-2019 19:00 Ostrzeżenie dla: Upały Poziom: Pomarańczowy
Pogoda niebezpieczna.
info button


Raport za 2016 Listopad
                   Monthly Climatological Summary for lis 2016

Name: Stacja Pogodowa Tarnów/Moœcice   City: Tarnów   State: Polska
Elevation: 209 m  Lat: N 50° 00' 41"   Lon: E 020° 55' 50"

                  Temperature (°C), Rain (mm), Wind Speed (km/h)

                                      Heat  Cool        Avg
    Mean                              Deg   Deg         Wind                 Dom
Day Temp  High   Time   Low    Time   Days  Days  Rain  Speed High   Time    Dir
----------------------------------------------------------------------------------
 1   7,9  10,3   13:43   5,8   05:20  10,4   0,0   0,0   0,6  12,9   00:32   WSW
 2   7,2  10,7   01:11   4,5   18:54  11,1   0,0   3,8   3,0  24,1   17:57   WSW
 3   3,6   6,6   02:07   2,4   05:59  14,7   0,0   0,8   3,7  27,4   03:00     W
 4   4,0   8,3   14:49   0,9   05:42  14,3   0,0   0,0   1,8  19,3   20:44    SW
 5   6,6  10,7   12:56   3,2   00:00  11,7   0,0   0,0   3,8  27,4   10:13   ESE
 6   8,0   9,7   04:33   5,6   23:58  10,3   0,0  10,4   0,8  12,9   02:24   ESE
 7   4,8   6,6   14:02   2,8   23:28  13,5   0,0  10,6   1,1  16,1   10:30   WSW
 8   3,8   7,6   11:42  -0,6   06:28  14,5   0,0   0,0   0,2   8,0   00:21    SW
 9   3,0   5,1   14:18   1,6   23:35  15,3   0,0   0,0   0,9  17,7   15:15   WSW
10   2,6   5,2   14:00  -1,6   06:42  15,7   0,0   0,0   0,7  11,3   17:41    SE
11   4,5   7,4   13:51   3,2   01:53  13,8   0,0   0,4   0,1   8,0   09:49   WSW
12   0,9   3,3   00:00  -1,5   23:59  17,4   0,0   1,2   0,9  12,9   13:07     W
13  -0,2   1,4   16:13  -2,2   02:39  18,5   0,0   0,0   0,1   8,0   12:34     W
14   0,2   1,9   13:45  -3,6   23:57  18,1   0,0   2,0   0,1   6,4   01:03   WSW
15  -0,3   3,7   13:12  -4,7   06:23  18,6   0,0   1,0   1,1  14,5   18:51   ESE
16   1,9   2,9   22:22   0,4   01:36  16,4   0,0   5,2   1,8  16,1   15:56   ESE
17   3,7   5,1   12:57   2,3   00:42  14,6   0,0   0,6   4,4  24,1   12:38   ESE
18   7,7  12,1   12:24   3,6   00:10  10,6   0,0   0,2   4,0  33,8   08:52   ESE
19  11,3  14,4   12:57   7,7   03:47   7,0   0,0   0,8   3,6  27,4   12:15   ESE
20  10,6  14,3   12:46   7,6   04:48   7,7   0,0   1,2   2,7  30,6   00:24     E
21  12,0  16,4   13:29   9,8   06:36   6,3   0,0   0,0   4,3  25,7   16:29     E
22  11,7  17,1   13:47   8,6   23:57   6,6   0,0   0,0   2,5  24,1   11:03     E
23   9,1  14,8   13:30   2,9   07:20   9,2   0,0   0,0   0,7  16,1   09:49     E
24   6,7  12,2   13:12   1,9   06:33  11,6   0,0   0,0   0,5  16,1   10:24   ESE
25   4,2   6,1   00:28  -0,6   23:58  14,1   0,0   0,0   0,0   6,4   10:33     W
26   1,1   7,3   23:56  -3,6   06:23  17,2   0,0   0,0   0,5  12,9   23:34   WSW
27   5,1   7,9   02:12   1,2   19:02  13,2   0,0   1,6   3,3  25,7   09:52     W
28   0,1   1,3   00:00  -2,1   23:59  18,2   0,0   0,0   2,2  22,5   05:22     W
29  -1,3   0,8   11:50  -4,3   02:31  19,6   0,0   0,0   4,0  30,6   09:17     W
30   0,7   2,6   16:25  -0,9   19:38  17,5   0,0   0,0   4,7  32,2   16:42   WSW
----------------------------------------------------------------------------------
     4,7  17,1    22    -4,7    15   407,7   0,0  39,8   1,9  33,8    18     SSE

Max >=  27,0:  0
Max <=   0,0:  0
Min <=   0,0: 11
Min <= -18,0:  0
Max Rain: 10,6 on day 7
Days of Rain: 30 (>= 0,0 mm)  5 (>= 2,0 mm)  0 (>= 20,0 mm)
Heat Base: 18,3  Cool Base: 18,3  Method: Integration