Upały Początek: 25-06-2019 11:30 Koniec: 26-06-2019 19:00 Ostrzeżenie dla: Upały Poziom: Pomarańczowy
Pogoda niebezpieczna.
info button


Raport za 2017 Luty
                   Monthly Climatological Summary for lut 2017

Name: Stacja Pogodowa Tarnów/Moœcice   City: Tarnów   State: Polska
Elevation: 209 m  Lat: N 50° 00' 41"   Lon: E 020° 55' 50"

                  Temperature (°C), Rain (mm), Wind Speed (km/h)

                                      Heat  Cool        Avg
    Mean                              Deg   Deg         Wind                 Dom
Day Temp  High   Time   Low    Time   Days  Days  Rain  Speed High   Time    Dir
----------------------------------------------------------------------------------
 1   0,2   5,6   12:39  -4,9   08:24  18,1   0,0   0,0   0,9  16,1   22:56     E
 2   2,7   5,4   12:57   1,2   06:20  15,6   0,0   2,0   1,1  17,7   02:15    SE
 3   1,9   3,4   13:08   0,6   23:59  16,4   0,0   5,0   0,2   6,4   19:30     E
 4   1,3   2,1   13:39   0,5   06:24  17,0   0,0   0,0   0,3   6,4   18:53     W
 5   1,1   2,1   20:36   0,1   06:40  17,2   0,0   3,0   0,1   3,2   01:22     W
 6  -0,9   0,6   00:00  -2,5   23:48  19,2   0,0   0,0   0,3   6,4   17:53     W
 7  -4,3  -2,4   00:14  -7,1   23:32  22,6   0,0   0,0   1,4   9,7   20:12     W
 8  -7,1  -5,8   13:42  -8,2   07:18  25,4   0,0   0,0   1,5   9,7   00:48     W
 9  -5,9  -4,1   23:59  -7,5   00:02  24,2   0,0   0,0   0,7   8,0   06:39     W
10  -3,3   1,6   12:56  -6,9   23:58  21,6   0,0   0,0   1,3  11,3   16:27     W
11  -6,6  -1,9   13:51 -10,1   06:59  24,9   0,0   0,0   1,2   9,7   12:29     W
12  -6,2   0,2   14:00 -10,7   07:04  24,5   0,0   0,0   0,8   9,7   09:29     W
13  -6,5  -3,1   16:08  -8,7   21:29  24,8   0,0   0,0   0,5  11,3   00:52     E
14  -1,8   6,0   14:44  -8,2   00:00  20,1   0,0   0,2   1,7  20,9   09:00     W
15   1,3   8,9   14:25  -3,6   06:56  16,9   0,0   0,0   0,5   8,0   09:04   WSW
16   3,2  13,6   14:54  -4,1   06:48  15,1   0,0   0,0   0,8  12,9   17:33   WSW
17   1,1   8,2   12:07  -0,2   05:44  17,3   0,0   3,6   2,8  16,1   08:34   WSW
18   2,4   3,8   13:53   1,2   01:31  16,0   0,0   0,8   1,3  14,5   07:42   WSW
19   2,7   5,4   13:56   0,3   21:57  15,6   0,0   0,0   0,3   8,0   01:15   WSW
20   4,2   9,1   14:48  -1,3   04:52  14,2   0,0   0,0   2,8  25,7   12:00   WSW
21   6,5   9,7   11:47   4,8   21:11  11,8   0,0   7,2   4,9  32,2   11:37   WSW
22   7,6  10,8   15:34   3,1   03:57  10,7   0,0   0,6   6,4  35,4   13:47   WSW
23   7,3  13,3   23:51   4,8   02:18  11,0   0,0   3,6   5,2  38,6   06:00   WSW
24   7,6  13,3   00:00   0,7   23:31  10,7   0,0   0,4   7,3  62,8   10:59   WSW
25   1,4   5,1   14:55  -1,0   03:52  16,9   0,0   0,0   2,9  30,6   09:49     W
26   4,9   7,9   13:22  -0,3   00:00  13,3   0,0   0,0   1,7  29,0   17:12     S
27   8,9  14,3   13:59   5,1   06:27   9,4   0,0   0,0   2,9  20,9   20:29   ESE
28  11,1  14,9   13:51   7,6   05:17   7,2   0,0   0,0   4,0  38,6   11:42   SSE
----------------------------------------------------------------------------------
     1,2  14,9    28   -10,7    12   477,7   0,0  26,4   2,0  62,8    24     WSW

Max >=  27,0:  0
Max <=   0,0:  5
Min <=   0,0: 16
Min <= -18,0:  0
Max Rain: 7,2 on day 21
Days of Rain: 28 (>= 0,0 mm)  6 (>= 2,0 mm)  0 (>= 20,0 mm)
Heat Base: 18,3  Cool Base: 18,3  Method: Integration