Brak ostrzeżeń pogodowych   -   Brak ostrzeżeń pogodowych


Raport za 2018 Czerwiec
                   Monthly Climatological Summary for cze 2018

Name: Stacja Pogodowa Tarnów/Moœcice   City: Tarnów   State: Polska
Elevation: 209 m  Lat: N 50° 00' 41"   Lon: E 020° 55' 50"

                  Temperature (°C), Rain (mm), Wind Speed (km/h)

                                      Heat  Cool        Avg
    Mean                              Deg   Deg         Wind                 Dom
Day Temp  High   Time   Low    Time   Days  Days  Rain  Speed High   Time    Dir
----------------------------------------------------------------------------------
 1  23,9  31,7   14:18  14,6   05:06   0,6   6,2   0,0   0,5  14,5   12:08     S
 2  21,6  28,7   12:21  18,6   05:27   0,0   3,3   0,8   1,9  24,1   15:38   WSW
 3  20,9  27,6   16:13  17,9   05:02   0,0   2,6   1,0   0,7  16,1   14:06   WSW
 4  22,4  28,7   15:30  16,9   04:30   0,3   4,4   0,0   0,8  11,3   08:30   WSW
 5  21,4  27,9   11:47  15,6   05:15   0,3   3,4   5,0   0,7  14,5   12:58   WSW
 6  17,1  22,2   16:01  12,4   23:56   2,0   0,9   0,0   1,2  12,9   03:31     W
 7  18,3  26,4   16:21   8,1   04:58   2,8   2,8   0,0   0,5  11,3   10:55   WSW
 8  22,1  30,6   17:24  12,2   04:51   1,3   5,0   0,0   0,3  11,3   13:10    SW
 9  24,7  31,6   14:28  17,6   04:54   0,0   6,4   0,0   0,5  11,3   11:04   WSW
10  24,0  31,9   17:11  15,9   05:21   0,3   6,0   0,0   0,3  16,1   18:38   SSE
11  23,3  28,3   16:38  18,8   00:58   0,0   5,0   0,2   1,2  20,9   11:40   WSW
12  19,1  25,1   12:44  15,1   23:47   0,4   1,2   3,6   0,2  19,3   14:37     W
13  16,9  19,3   16:36  12,3   04:53   1,5   0,1   0,4   0,1   8,0   07:41     W
14  17,9  22,6   15:18  15,3   06:26   1,1   0,7   3,6   0,1   8,0   14:56     W
15  20,0  26,3   15:31  13,7   05:53   1,1   2,7   0,0   0,4   9,7   13:54     W
16  20,9  27,6   17:15  12,9   05:01   1,1   3,8   0,0   0,5  11,3   15:17     W
17  21,6  27,7   16:08  13,6   04:27   1,0   4,4   0,0   0,6  12,9   14:49     W
18  20,4  25,5   17:28  16,5   03:26   0,3   2,4   3,0   0,0   8,0   16:28   ENE
19  23,1  28,9   14:57  18,3   04:01   0,0   4,8   0,0   0,3  11,3   13:52     W
20  22,6  29,3   18:07  14,3   04:56   0,6   4,9   0,0   0,2  12,9   14:20   WSW
21  25,6  32,5   15:39  16,5   23:57   0,0   7,4   0,0   2,5  24,1   12:15    SW
22  15,0  18,3   16:30  11,8   03:47   3,3   0,0   3,6   0,7  17,7   01:56     W
23  12,0  15,1   13:06  10,4   05:58   6,3   0,0   7,4   1,1  16,1   17:21   WSW
24  13,6  18,2   16:24  10,7   01:53   4,7   0,0   3,8   3,2  27,4   13:06   WSW
25  15,9  21,1   15:33  11,7   05:54   2,7   0,3   0,0   0,6  14,5   14:52   WSW
26  14,8  20,8   18:15  11,1   03:29   3,7   0,2   1,2   0,1   8,0   14:18     W
27  15,9  20,8   15:08  10,3   03:44   2,8   0,4   4,2   0,1  17,7   16:26   SSW
28  18,5  21,1   16:13  15,8   02:16   0,8   1,0   3,4   0,8   9,7   07:25     W
29  21,7  28,6   16:49  17,6   05:13   0,0   3,4   0,8   0,2  11,3   18:35     W
30  15,5  20,8   00:00  12,3   08:34   2,9   0,1   0,0   0,6  14,5   16:04     W
----------------------------------------------------------------------------------
    19,7  32,5    21     8,1     7    41,9  83,8  42,0   0,7  27,4    24     WSW

Max >=  27,0: 15
Max <=   0,0:  0
Min <=   0,0:  0
Min <= -18,0:  0
Max Rain: 7,4 on day 23
Days of Rain: 30 (>= 0,0 mm)  9 (>= 2,0 mm)  0 (>= 20,0 mm)
Heat Base: 18,3  Cool Base: 18,3  Method: Integration