Upały Początek: 25-06-2019 11:30 Koniec: 26-06-2019 19:00 Ostrzeżenie dla: Upały Poziom: Pomarańczowy
Pogoda niebezpieczna.
info button


Raport za 2018 Listopad
                   Monthly Climatological Summary for lis 2018

Name: Stacja Pogodowa Tarnów/Moœcice   City: Tarnów   State: Polska
Elevation: 209 m  Lat: N 50° 00' 41"   Lon: E 020° 55' 50"

                  Temperature (°C), Rain (mm), Wind Speed (km/h)

                                      Heat  Cool        Avg
    Mean                              Deg   Deg         Wind                 Dom
Day Temp  High   Time   Low    Time   Days  Days  Rain  Speed High   Time    Dir
----------------------------------------------------------------------------------
 1  15,6  22,1   13:37   8,5   06:34   3,3   0,6   0,0   3,7  22,5   17:41   ESE
 2  17,9  22,4   12:31  13,8   23:33   1,2   0,8   0,0   1,2  14,5   10:58   ESE
 3  13,2  17,1   10:56  10,8   22:34   5,1   0,0   1,0   0,3   9,7   12:57     W
 4  11,9  13,5   18:37  10,1   04:39   6,4   0,0   0,4   0,2   6,4   04:11     W
 5  12,3  17,2   14:14   8,9   08:00   6,0   0,0   0,0   0,2   8,0   20:00   ESE
 6  12,3  20,3   15:32   8,1   23:55   6,0   0,0   0,0   1,5  14,5   11:44     E
 7  11,9  21,2   13:37   4,8   06:18   6,7   0,3   0,0   0,4   9,7   09:47    SE
 8  10,3  19,6   14:18   3,9   07:05   8,0   0,0   0,0   0,0   1,6   00:21   ---
 9   9,3  17,9   14:54   2,3   06:37   9,0   0,0   0,0   0,4   9,7   20:04   ESE
10   9,5  13,9   11:09   7,2   23:41   8,8   0,0   0,0   1,2  17,7   08:55   ESE
11  10,4  17,3   14:40   6,2   06:55   7,9   0,0   0,0   0,7  12,9   10:46   ESE
12  11,9  18,8   12:51   7,3   06:40   6,4   0,0   0,0   1,1  16,1   13:02   ESE
13  12,8  18,1   14:05   8,6   07:16   5,5   0,0   3,0   1,1  20,9   21:22   SSW
14   9,2  10,7   00:00   7,4   23:39   9,1   0,0   0,2   2,0  24,1   12:20     W
15   7,6   9,3   13:13   5,7   23:44  10,7   0,0   0,0   0,2   6,4   01:07     W
16   4,0   5,7   00:00   0,4   23:51  14,3   0,0   0,0   0,9   9,7   09:55     W
17  -0,1   3,9   14:19  -2,4   22:16  18,4   0,0   0,2   0,2   8,0   11:48     W
18  -1,7   0,4   12:42  -4,6   06:38  20,0   0,0   0,0   0,2   8,0   10:35   WSW
19  -0,2   0,9   12:20  -2,8   00:00  18,5   0,0   0,0   1,2  11,3   20:13     W
20   0,3   1,1   17:44  -0,3   03:42  18,0   0,0   0,0   1,6  19,3   09:03     W
21   0,4   0,7   09:59  -0,2   00:00  17,9   0,0   0,0   1,2   9,7   15:24     W
22   0,5   1,2   12:51   0,1   17:19  17,8   0,0   0,4   0,4   8,0   09:00     W
23   1,2   2,9   14:39  -0,1   02:47  17,1   0,0   1,2   0,0   4,8   09:01   ---
24   3,7   9,1   12:23  -2,3   07:00  14,6   0,0   1,4   1,3  17,7   10:59   ESE
25   6,1   7,1   13:39   5,6   02:28  12,2   0,0   0,8   0,1   6,4   23:08     W
26   3,4   6,0   00:00  -0,4   23:26  14,9   0,0   0,8   2,6  14,5   18:20     W
27  -1,8  -0,4   00:00  -4,0   22:31  20,1   0,0   0,0   0,8   9,7   09:16     W
28  -2,1   1,2   14:32  -5,7   23:48  20,4   0,0   0,0   0,1   6,4   09:58     W
29  -4,4   0,1   14:12  -7,8   07:05  22,7   0,0   0,0   1,2  19,3   13:40     E
30  -4,3  -0,2   13:27  -9,8   23:54  22,6   0,0   0,0   2,9  25,7   08:24     E
----------------------------------------------------------------------------------
     6,0  22,4     2    -9,8    30   369,6   1,7   9,4   1,0  25,7    30     SSE

Max >=  27,0:  0
Max <=   0,0:  2
Min <=   0,0: 12
Min <= -18,0:  0
Max Rain: 3,0 on day 13
Days of Rain: 30 (>= 0,0 mm)  1 (>= 2,0 mm)  0 (>= 20,0 mm)
Heat Base: 18,3  Cool Base: 18,3  Method: Integration