Brak ostrzeżeń pogodowych   -   Brak ostrzeżeń pogodowych


Raport za 2019 Luty
                   Monthly Climatological Summary for lut 2019

Name: Stacja Pogodowa Tarnów/Moœcice   City: Tarnów   State: Polska
Elevation: 209 m  Lat: N 50° 00' 41"   Lon: E 020° 55' 50"

                  Temperature (°C), Rain (mm), Wind Speed (km/h)

                                      Heat  Cool        Avg
    Mean                              Deg   Deg         Wind                 Dom
Day Temp  High   Time   Low    Time   Days  Days  Rain  Speed High   Time    Dir
----------------------------------------------------------------------------------
 1   2,1   5,5   22:21  -3,2   04:13  16,2   0,0   0,6   3,7  30,6   14:03   ESE
 2   8,2  10,3   12:18   5,2   00:00  10,1   0,0   0,0   4,7  25,7   08:46   ESE
 3   9,0  14,9   12:40   3,1   23:50   9,3   0,0   0,2   2,5  29,0   12:43    SE
 4   1,4   3,1   00:00   0,2   21:31  16,9   0,0   0,4   3,1  30,6   04:58     W
 5   1,1   5,8   14:29  -1,4   22:55  17,2   0,0   0,0   0,6  12,9   23:35   WSW
 6   0,6   4,6   14:01  -2,1   21:41  17,7   0,0   0,0   1,6  16,1   10:42   WSW
 7   2,0   8,4   12:30  -3,2   07:20  16,3   0,0   0,0   1,8  20,9   13:43   ESE
 8   1,8   6,8   15:52  -0,8   05:08  16,5   0,0   0,0   0,3   9,7   11:26   WSW
 9   3,0   6,1   14:18  -0,1   01:10  15,3   0,0   0,0   2,7  20,9   10:18   ESE
10   4,5   8,2   14:29   1,6   06:55  13,8   0,0   0,0   4,6  27,4   12:10   ESE
11   4,9   8,1   11:48   3,1   23:19  13,4   0,0   2,0   2,8  30,6   12:53   WSW
12   1,5   3,3   00:14  -0,1   23:56  16,8   0,0   0,2   2,6  19,3   02:06     W
13   2,5   5,8   23:47  -0,8   01:36  15,8   0,0   1,0   5,1  38,6   16:10   WSW
14   6,4   8,9   14:02   5,5   07:34  11,9   0,0   0,0   2,6  20,9   01:11     W
15   5,5   7,0   12:14   3,7   22:40  12,8   0,0   0,2   1,3  16,1   13:22   WSW
16   6,0  14,6   15:26  -1,2   06:20  12,3   0,0   0,0   0,7  12,9   11:58     W
17   7,1  16,7   14:17   0,1   07:15  11,2   0,0   0,0   0,5  12,9   11:46     W
18   6,6  15,5   14:46  -0,4   05:04  11,7   0,0   0,0   0,4   8,0   11:00   ESE
19   7,8  14,8   14:23   3,3   06:38  10,4   0,0   0,0   1,8  16,1   10:19    SE
20   6,5   8,4   12:05   4,3   04:14  11,8   0,0   1,4   3,4  27,4   12:57     W
21   6,6   9,8   14:02   4,7   21:31  11,7   0,0   6,0   3,4  27,4   14:02     W
22  -0,1   5,8   05:20  -4,9   23:52  18,4   0,0   4,6   3,0  22,5   02:07     W
23  -3,2   0,7   14:53  -8,1   06:15  21,5   0,0   0,0   0,4  11,3   11:11     W
24  -0,2   2,3   16:42  -2,9   00:50  18,5   0,0   0,0   2,6  17,7   12:35   WSW
25   6,3  11,7   14:43   1,6   00:00  12,0   0,0   0,0   3,3  20,9   09:39     W
26   7,3  11,4   14:33   5,2   01:16  11,0   0,0   0,0   3,3  20,9   15:43     W
27   5,2  10,3   14:04   0,1   06:57  13,1   0,0   0,0   2,7  22,5   14:40     W
28  10,4  15,8   13:15   4,2   06:09   7,9   0,0   0,0   3,7  40,2   12:15     W
----------------------------------------------------------------------------------
     4,3  16,7    17    -8,1    23   391,5   0,0  16,6   2,5  40,2    28     WSW

Max >=  27,0:  0
Max <=   0,0:  0
Min <=   0,0: 13
Min <= -18,0:  0
Max Rain: 6,0 on day 21
Days of Rain: 28 (>= 0,0 mm)  3 (>= 2,0 mm)  0 (>= 20,0 mm)
Heat Base: 18,3  Cool Base: 18,3  Method: Integration