Mgła Początek: 25-10-2020 22:00 Koniec: 26-10-2020 09:00 Ostrzeżenie dla: Mgła Poziom: Żółty
Pogoda potencjalnie niebezpieczna.
info button


Raport za 2020 Lipiec
                   Monthly Climatological Summary for lip 2020

Name: Stacja Pogodowa Tarnów/Moscice   City: Tarnów   State: Polska
Elevation: 209 m  Lat: N 50° 00' 41"   Lon: E 020° 55' 50"

                  Temperature (°C), Rain (mm), Wind Speed (km/h)

                                      Heat  Cool        Avg
    Mean                              Deg   Deg         Wind                 Dom
Day Temp  High   Time   Low    Time   Days  Days  Rain  Speed High   Time    Dir
----------------------------------------------------------------------------------
01  24,0  31,2   18:06  16,2   02:16   0,0   5,7   0,0   1,7  25,7   12:06   WSW
02  22,2  27,3   16:24  18,3   23:53   0,0   3,9   1,4   0,2  17,7   06:24     W
03  20,4  26,2   14:14  16,9   05:17   0,0   2,1   0,8   0,9  14,5   11:27     W
04  21,5  27,0   17:23  16,8   04:33   0,0   3,2   0,0   0,6  11,3   14:48     W
05  23,1  30,1   18:04  14,7   04:46   0,0   4,8   0,0   1,3  17,7   09:28   WSW
06  23,2  31,4   16:40  16,5   22:26   0,0   4,9   0,0   1,4  25,7   20:13   WSW
07  16,5  20,4   16:13  10,9   23:53   1,8   0,0   0,0   0,8  16,1   10:14     W
08  15,5  22,0   14:36   8,6   05:05   2,8   0,0   2,8   1,5  20,9   12:19   WSW
09  17,2  24,0   17:00  12,8   04:55   1,1   0,0   0,8   0,4  17,7   14:04   WSW
10  25,3  32,3   15:50  17,7   04:23   0,0   7,0   0,0   2,2  27,4   12:15    SW
11  16,8  23,1   00:29  11,4   17:05   1,5   0,0   5,6   0,6  12,9   13:35     W
12  15,0  20,8   15:35  11,1   05:00   3,3   0,0   2,0   0,3   9,7   10:04     W
13  14,9  19,1   12:27  10,3   02:23   3,4   0,0   0,0   0,6  12,9   08:06     W
14  17,1  24,7   17:29   8,8   05:01   1,2   0,0   0,0   0,2   9,7   10:59     W
15  19,8  27,3   15:47  11,0   04:26   0,0   1,5   0,0   0,3  14,5   16:24   SSE
16  16,6  19,6   07:47  14,2   05:33   1,7   0,0   1,8   1,1  20,9   08:06   WSW
17  15,2  18,1   13:40  13,2   06:05   3,1   0,0   0,8   0,8  11,3   08:44   WSW
18  19,0  26,6   13:46  12,7   04:58   1,4   2,1   9,0   0,7  14,5   15:48     W
19  20,4  27,7   14:42  15,6   04:45   0,7   2,8   0,0   0,6  16,1   16:13     W
20  21,0  29,4   16:28  14,1   05:23   1,1   3,9   5,4   0,6  32,2   20:13   WSW
21  19,1  23,2   14:53  15,0   23:59   0,6   1,4   0,0   1,0  17,7   07:07   WSW
22  19,0  25,6   15:59  13,7   04:56   1,6   2,3   0,0   0,4  12,9   13:47     W
23  17,6  24,6   13:30  10,6   05:26   2,4   1,6   0,0   0,1   6,4   12:47     W
24  21,1  28,8   16:29  13,2   05:31   1,2   4,0   0,0   0,7  16,1   19:04   SSW
25  22,7  28,8   16:13  15,7   05:15   0,3   4,7   0,0   0,5  12,9   08:55     W
26  23,2  30,6   16:08  15,6   06:03   0,3   5,2   0,0   0,5  19,3   17:18   WSW
27  21,8  27,8   16:11  17,2   06:36   0,1   3,6   4,6   0,3   9,7   00:17     W
28  25,2  33,0   17:36  17,3   05:48   0,1   7,0   0,0   1,3  19,3   13:47     S
29  24,8  29,9   16:16  19,3   23:59   0,0   6,5   0,0   1,1  22,5   09:13     W
30  22,7  29,4   16:15  15,8   04:47   0,4   4,8   0,0   1,3  22,5   14:32   WSW
31  20,3  27,5   15:46  14,4   04:51   1,1   3,1   0,0   0,9  22,5   14:17     W
----------------------------------------------------------------------------------
    20,1  33,0    28     8,6     8    31,2  86,1  35,0   0,8  32,2    20     WSW

Max >=  27,0 17
Max <=   0,0  0
Min <=   0,0  0
Min <= -18,0  0
Max Rain: 9,0 on day 18
Days of Rain: 11 (>= 0,2 mm)  6 (>= 2,0 mm)  0 (>= 20,0 mm)
Heat Base: 18,3  Cool Base: 18,3  Method: Integration