Wybierz Rok lub Miesiąc Raportu
2024: Sty Lut Mar Kwi Maj Cze Lip Sie Wrz Paź Lis Gru
2023: Sty Lut Mar Kwi Maj Cze Lip Sie Wrz Paź Lis Gru
2022: Sty Lut Mar Kwi Maj Cze Lip Sie Wrz Paź Lis Gru
2021: Sty Lut Mar Kwi Maj Cze Lip Sie Wrz Paź Lis Gru
2020: Sty Lut Mar Kwi Maj Cze Lip Sie Wrz Paź Lis Gru
2019: Sty Lut Mar Kwi Maj Cze Lip Sie Wrz Paź Lis Gru
2018: Sty Lut Mar Kwi Maj Cze Lip Sie Wrz Paź Lis Gru
2017: Sty Lut Mar Kwi Maj Cze Lip Sie Wrz Paź Lis Gru
2016: Sty Lut Mar Kwi Maj Cze Lip Sie Wrz Paź Lis Gru
2015: Sty Lut Mar Kwi Maj Cze Lip Sie Wrz Paź Lis Gru
2014: Sty Lut Mar Kwi Maj Cze Lip Sie Wrz Paź Lis Gru
2013: Sty Lut Mar Kwi Maj Cze Lip Sie Wrz Paź Lis Gru
2024: Sty Lut Mar Kwi Maj Cze Lip Sie Wrz Paź Lis Gru
2023: Sty Lut Mar Kwi Maj Cze Lip Sie Wrz Paź Lis Gru
2022: Sty Lut Mar Kwi Maj Cze Lip Sie Wrz Paź Lis Gru
2021: Sty Lut Mar Kwi Maj Cze Lip Sie Wrz Paź Lis Gru
2020: Sty Lut Mar Kwi Maj Cze Lip Sie Wrz Paź Lis Gru
2019: Sty Lut Mar Kwi Maj Cze Lip Sie Wrz Paź Lis Gru
2018: Sty Lut Mar Kwi Maj Cze Lip Sie Wrz Paź Lis Gru
2017: Sty Lut Mar Kwi Maj Cze Lip Sie Wrz Paź Lis Gru
2016: Sty Lut Mar Kwi Maj Cze Lip Sie Wrz Paź Lis Gru
2015: Sty Lut Mar Kwi Maj Cze Lip Sie Wrz Paź Lis Gru
2014: Sty Lut Mar Kwi Maj Cze Lip Sie Wrz Paź Lis Gru
2013: Sty Lut Mar Kwi Maj Cze Lip Sie Wrz Paź Lis Gru
Raport za 2023 Styczeń
Monthly Climatological Summary for sty 2023 Name: Stacja Pogodowa Tarnów/Moscice City: Tarnów State: Polska Elevation: 209 m Lat: N 50° 00' 41" Lon: E 020° 55' 50" Temperature (°C), Rain (mm), Wind Speed (km/h) Heat Cool Avg Mean Deg Deg Wind Dom Day Temp High Time Low Time Days Days Rain Speed High Time Dir ---------------------------------------------------------------------------------- 01 10,1 13,7 13:14 8,3 23:50 8,2 0,0 0,0 3,8 20,9 11:51 SSE 02 9,8 15,0 13:27 5,8 23:37 8,5 0,0 0,0 3,0 24,1 14:44 SSE 03 7,1 10,4 12:23 3,2 05:06 11,2 0,0 0,0 2,2 16,1 11:00 W 04 5,1 9,4 13:03 -1,4 06:18 13,2 0,0 0,0 2,4 27,4 21:05 WSW 05 8,5 11,5 06:15 4,9 23:42 9,8 0,0 4,6 7,2 37,0 06:55 WNW 06 3,5 6,7 23:59 1,9 04:44 14,8 0,0 1,8 1,9 22,5 02:18 WNW 07 6,7 12,0 13:51 3,2 21:50 11,6 0,0 0,0 2,1 19,3 00:56 WSW 08 5,3 9,4 12:03 2,1 08:08 13,0 0,0 0,0 2,3 20,9 12:27 SE 09 7,2 9,4 13:29 4,6 05:26 11,1 0,0 0,0 2,6 20,9 13:10 SE 10 4,7 6,7 00:00 3,7 23:07 13,6 0,0 19,6 1,6 12,9 08:47 WNW 11 3,7 6,2 11:09 1,7 19:58 14,6 0,0 0,0 0,5 9,7 12:40 SE 12 5,7 10,9 13:46 2,9 00:00 12,5 0,0 0,4 1,8 16,1 04:43 S 13 5,7 7,3 13:57 3,8 00:07 12,6 0,0 2,2 4,4 22,5 11:45 SE 14 5,7 9,6 14:23 2,9 21:34 12,6 0,0 0,4 2,7 19,3 21:46 SW 15 5,2 7,7 11:33 2,9 01:03 13,1 0,0 7,2 5,2 27,4 09:06 SSE 16 3,4 4,6 19:39 1,8 05:16 14,9 0,0 0,0 2,7 29,0 19:35 ESE 17 4,4 6,9 13:58 2,9 19:02 13,9 0,0 3,6 1,7 17,7 00:05 SSE 18 2,1 3,8 14:33 -0,2 22:42 16,2 0,0 17,4 2,1 17,7 13:47 W 19 0,3 0,9 00:00 -0,1 03:21 18,0 0,0 6,8 0,7 9,7 18:58 WNW 20 0,0 0,5 12:51 -0,4 08:55 18,1 0,0 2,6 1,0 11,3 15:38 WNW 21 0,1 0,9 13:40 -0,3 07:23 18,2 0,0 4,8 0,5 11,3 11:48 W 22 0,5 1,3 16:06 -0,3 06:23 17,8 0,0 8,0 1,2 9,7 07:59 NW 23 1,5 2,2 23:31 0,6 05:42 16,8 0,0 8,2 0,1 4,8 00:49 WNW 24 1,3 2,2 00:00 0,3 22:05 17,0 0,0 0,4 0,9 9,7 13:13 NW 25 0,3 1,5 12:53 -0,6 23:51 18,0 0,0 0,8 0,5 9,7 20:40 N 26 -0,8 -0,1 14:15 -1,3 22:51 19,1 0,0 0,0 0,4 12,9 07:12 SE 27 -0,8 0,4 13:30 -1,4 04:25 19,1 0,0 0,0 1,4 11,3 17:05 WNW 28 -1,0 -0,4 13:49 -1,8 06:30 19,3 0,0 0,0 1,3 9,7 18:23 WNW 29 -1,5 -0,7 00:36 -2,4 09:57 19,8 0,0 0,0 2,9 20,9 13:29 WNW 30 -0,1 3,1 22:46 -2,9 02:35 18,4 0,0 1,0 4,1 29,0 12:57 W 31 1,7 2,6 12:44 1,1 02:43 16,6 0,0 0,8 5,5 32,2 13:45 W ---------------------------------------------------------------------------------- 3,4 15,0 2 -2,9 30 461,6 0,0 90,6 2,3 37,0 5 SW Max >= 27,0 0 Max <= 0,0 3 Min <= 0,0 12 Min <= -18,0 0 Max Rain: 19,6 on day 10 Days of Rain: 18 (>= 0,2 mm) 11 (>= 2,0 mm) 0 (>= 20,0 mm) Heat Base: 18,3 Cool Base: 18,3 Method: Integration