Wybierz Rok lub Miesiąc Raportu
2024: Sty Lut Mar Kwi Maj Cze Lip Sie Wrz Paź Lis Gru
2023: Sty Lut Mar Kwi Maj Cze Lip Sie Wrz Paź Lis Gru
2022: Sty Lut Mar Kwi Maj Cze Lip Sie Wrz Paź Lis Gru
2021: Sty Lut Mar Kwi Maj Cze Lip Sie Wrz Paź Lis Gru
2020: Sty Lut Mar Kwi Maj Cze Lip Sie Wrz Paź Lis Gru
2019: Sty Lut Mar Kwi Maj Cze Lip Sie Wrz Paź Lis Gru
2018: Sty Lut Mar Kwi Maj Cze Lip Sie Wrz Paź Lis Gru
2017: Sty Lut Mar Kwi Maj Cze Lip Sie Wrz Paź Lis Gru
2016: Sty Lut Mar Kwi Maj Cze Lip Sie Wrz Paź Lis Gru
2015: Sty Lut Mar Kwi Maj Cze Lip Sie Wrz Paź Lis Gru
2014: Sty Lut Mar Kwi Maj Cze Lip Sie Wrz Paź Lis Gru
2013: Sty Lut Mar Kwi Maj Cze Lip Sie Wrz Paź Lis Gru
2024: Sty Lut Mar Kwi Maj Cze Lip Sie Wrz Paź Lis Gru
2023: Sty Lut Mar Kwi Maj Cze Lip Sie Wrz Paź Lis Gru
2022: Sty Lut Mar Kwi Maj Cze Lip Sie Wrz Paź Lis Gru
2021: Sty Lut Mar Kwi Maj Cze Lip Sie Wrz Paź Lis Gru
2020: Sty Lut Mar Kwi Maj Cze Lip Sie Wrz Paź Lis Gru
2019: Sty Lut Mar Kwi Maj Cze Lip Sie Wrz Paź Lis Gru
2018: Sty Lut Mar Kwi Maj Cze Lip Sie Wrz Paź Lis Gru
2017: Sty Lut Mar Kwi Maj Cze Lip Sie Wrz Paź Lis Gru
2016: Sty Lut Mar Kwi Maj Cze Lip Sie Wrz Paź Lis Gru
2015: Sty Lut Mar Kwi Maj Cze Lip Sie Wrz Paź Lis Gru
2014: Sty Lut Mar Kwi Maj Cze Lip Sie Wrz Paź Lis Gru
2013: Sty Lut Mar Kwi Maj Cze Lip Sie Wrz Paź Lis Gru
Raport za 2023 Luty
Monthly Climatological Summary for lut 2023 Name: Stacja Pogodowa Tarnów/Moscice City: Tarnów State: Polska Elevation: 209 m Lat: N 50° 00' 41" Lon: E 020° 55' 50" Temperature (°C), Rain (mm), Wind Speed (km/h) Heat Cool Avg Mean Deg Deg Wind Dom Day Temp High Time Low Time Days Days Rain Speed High Time Dir ---------------------------------------------------------------------------------- 01 3,1 4,8 12:28 1,6 00:24 15,2 0,0 1,0 7,6 37,0 03:59 W 02 2,2 3,7 09:15 1,1 19:07 16,1 0,0 4,6 6,8 40,2 12:20 W 03 1,0 2,8 19:57 -0,7 15:09 17,3 0,0 7,6 4,0 27,4 19:50 W 04 -0,5 2,5 01:07 -3,1 23:58 18,8 0,0 5,0 3,8 24,1 01:27 WNW 05 -3,7 -2,9 00:21 -4,4 06:27 22,0 0,0 0,0 1,9 14,5 11:37 WNW 06 -4,2 -1,8 10:46 -8,1 22:21 22,5 0,0 0,0 0,5 6,4 02:14 WNW 07 -4,5 -2,6 23:53 -7,7 00:00 22,7 0,0 0,0 2,1 17,7 08:44 W 08 -2,0 2,3 13:04 -7,4 23:46 20,3 0,0 0,8 0,7 14,5 10:24 NNE 09 -2,9 4,6 15:21 -9,6 06:51 21,2 0,0 0,0 1,1 14,5 12:30 SE 10 -0,6 3,8 15:13 -5,7 05:38 18,9 0,0 0,0 2,3 30,6 11:29 W 11 2,3 5,8 13:18 -1,2 06:55 16,0 0,0 0,8 5,0 33,8 13:34 W 12 1,8 3,5 15:15 -1,8 20:32 16,5 0,0 0,6 1,6 16,1 01:41 WNW 13 3,9 6,8 12:55 1,7 00:00 14,4 0,0 0,8 3,7 20,9 13:48 W 14 4,0 5,4 14:30 3,3 01:49 14,3 0,0 0,0 3,0 22,5 00:47 WNW 15 4,1 9,4 14:59 1,6 20:09 14,2 0,0 0,0 0,9 12,9 12:29 ESE 16 4,1 11,5 14:59 -1,5 07:13 14,2 0,0 0,0 1,2 19,3 14:01 W 17 5,3 9,9 23:34 -0,9 01:19 13,0 0,0 4,6 3,3 33,8 22:27 W 18 8,8 11,2 02:23 6,2 18:01 9,5 0,0 7,6 7,2 48,3 02:21 WNW 19 4,7 8,4 00:00 1,3 23:54 13,6 0,0 9,0 3,0 20,9 06:46 WNW 20 5,5 11,1 21:23 0,8 06:29 12,8 0,0 0,0 8,6 48,3 22:00 W 21 8,1 10,8 00:00 5,8 23:35 5,6 0,0 4,0 4,0 30,6 00:15 WNW 22 5,5 8,8 12:11 0,9 23:56 12,8 0,0 0,0 1,6 19,3 12:01 WNW 23 4,5 11,0 14:21 -1,8 05:55 13,8 0,0 0,0 1,1 12,9 12:04 ESE 24 7,6 11,8 14:04 4,8 07:15 10,7 0,0 1,2 2,8 29,0 23:31 S 25 4,3 7,8 13:24 2,0 23:43 14,0 0,0 5,0 5,2 32,2 12:45 W 26 0,6 2,1 00:00 -0,4 21:14 17,7 0,0 0,2 2,2 19,3 00:18 WNW 27 0,1 2,1 11:33 -1,1 05:18 18,2 0,0 0,0 1,1 11,3 11:41 WNW 28 -0,3 4,6 14:56 -4,1 06:49 18,6 0,0 0,0 0,6 12,9 13:12 NW ---------------------------------------------------------------------------------- 2,2 11,8 24 -9,6 9 444,9 0,0 52,8 3,1 48,3 18 W Max >= 27,0 0 Max <= 0,0 3 Min <= 0,0 16 Min <= -18,0 0 Max Rain: 9,0 on day 19 Days of Rain: 15 (>= 0,2 mm) 8 (>= 2,0 mm) 0 (>= 20,0 mm) Heat Base: 18,3 Cool Base: 18,3 Method: Integration