Wybierz Rok lub Miesiąc Raportu
2024: Sty Lut Mar Kwi Maj Cze Lip Sie Wrz Paź Lis Gru
2023: Sty Lut Mar Kwi Maj Cze Lip Sie Wrz Paź Lis Gru
2022: Sty Lut Mar Kwi Maj Cze Lip Sie Wrz Paź Lis Gru
2021: Sty Lut Mar Kwi Maj Cze Lip Sie Wrz Paź Lis Gru
2020: Sty Lut Mar Kwi Maj Cze Lip Sie Wrz Paź Lis Gru
2019: Sty Lut Mar Kwi Maj Cze Lip Sie Wrz Paź Lis Gru
2018: Sty Lut Mar Kwi Maj Cze Lip Sie Wrz Paź Lis Gru
2017: Sty Lut Mar Kwi Maj Cze Lip Sie Wrz Paź Lis Gru
2016: Sty Lut Mar Kwi Maj Cze Lip Sie Wrz Paź Lis Gru
2015: Sty Lut Mar Kwi Maj Cze Lip Sie Wrz Paź Lis Gru
2014: Sty Lut Mar Kwi Maj Cze Lip Sie Wrz Paź Lis Gru
2013: Sty Lut Mar Kwi Maj Cze Lip Sie Wrz Paź Lis Gru
2024: Sty Lut Mar Kwi Maj Cze Lip Sie Wrz Paź Lis Gru
2023: Sty Lut Mar Kwi Maj Cze Lip Sie Wrz Paź Lis Gru
2022: Sty Lut Mar Kwi Maj Cze Lip Sie Wrz Paź Lis Gru
2021: Sty Lut Mar Kwi Maj Cze Lip Sie Wrz Paź Lis Gru
2020: Sty Lut Mar Kwi Maj Cze Lip Sie Wrz Paź Lis Gru
2019: Sty Lut Mar Kwi Maj Cze Lip Sie Wrz Paź Lis Gru
2018: Sty Lut Mar Kwi Maj Cze Lip Sie Wrz Paź Lis Gru
2017: Sty Lut Mar Kwi Maj Cze Lip Sie Wrz Paź Lis Gru
2016: Sty Lut Mar Kwi Maj Cze Lip Sie Wrz Paź Lis Gru
2015: Sty Lut Mar Kwi Maj Cze Lip Sie Wrz Paź Lis Gru
2014: Sty Lut Mar Kwi Maj Cze Lip Sie Wrz Paź Lis Gru
2013: Sty Lut Mar Kwi Maj Cze Lip Sie Wrz Paź Lis Gru
Raport za 2023 Maj
Monthly Climatological Summary for maj 2023 Name: Stacja Pogodowa Tarnów/Moscice City: Tarnów State: Polska Elevation: 209 m Lat: N 50° 00' 41" Lon: E 020° 55' 50" Temperature (°C), Rain (mm), Wind Speed (km/h) Heat Cool Avg Mean Deg Deg Wind Dom Day Temp High Time Low Time Days Days Rain Speed High Time Dir ---------------------------------------------------------------------------------- 01 11,0 19,9 16:24 0,6 05:35 7,4 0,2 0,0 1,2 14,5 14:15 NE 02 14,4 22,6 12:19 8,9 02:22 4,4 0,5 2,2 1,4 25,7 14:49 WSW 03 10,9 12,0 00:00 9,3 23:56 7,4 0,0 7,0 0,6 11,3 00:12 WNW 04 11,8 17,4 16:10 7,3 04:34 6,5 0,0 0,2 0,9 11,3 15:44 WNW 05 13,5 20,9 15:56 5,2 05:24 5,2 0,4 0,0 0,9 11,3 14:35 NW 06 12,6 19,3 12:13 6,7 04:51 5,8 0,1 9,8 1,6 32,2 15:12 WNW 07 7,1 11,8 00:00 5,2 23:51 11,2 0,0 0,2 1,9 11,3 20:13 WNW 08 7,4 12,4 18:16 3,5 23:59 10,9 0,0 0,0 2,5 14,5 09:04 WNW 09 9,7 17,2 15:48 1,4 05:19 8,6 0,0 0,0 1,6 20,9 09:51 NNE 10 12,9 19,7 16:37 5,4 05:44 5,5 0,1 0,0 2,0 22,5 14:38 ESE 11 13,8 20,6 17:14 4,8 05:44 4,8 0,3 0,0 1,4 22,5 12:49 NE 12 14,5 20,3 15:07 7,5 04:42 4,1 0,3 0,0 2,2 22,5 13:27 NW 13 13,3 19,2 11:54 7,2 05:21 5,1 0,0 0,0 1,4 19,3 12:30 ESE 14 14,7 21,6 15:50 5,8 05:27 4,3 0,8 1,2 1,6 17,7 11:07 ESE 15 13,9 17,2 12:47 11,6 06:15 4,4 0,0 9,4 2,5 27,4 11:02 SE 16 14,8 20,3 12:47 9,4 04:33 3,6 0,2 3,0 0,7 12,9 01:11 S 17 12,0 13,4 06:32 9,1 19:37 6,3 0,0 32,4 0,5 9,7 18:52 WNW 18 8,4 9,6 02:09 5,8 08:44 9,9 0,0 10,4 0,9 12,9 08:02 WNW 19 10,1 11,7 17:13 8,4 01:41 8,2 0,0 0,4 0,4 4,8 00:17 NW 20 16,1 24,3 16:06 10,7 01:22 3,4 1,2 0,0 1,3 16,1 18:22 NW 21 18,2 24,8 15:55 11,3 05:41 2,2 2,2 0,0 1,4 14,5 14:04 NW 22 16,5 23,3 15:15 8,2 05:11 3,1 1,3 0,0 1,3 14,5 10:23 NW 23 18,4 27,0 16:33 8,5 04:52 2,7 2,7 0,0 1,2 17,7 20:45 W 24 16,2 19,3 12:47 13,4 23:49 2,2 0,1 2,8 2,3 20,9 17:00 WNW 25 14,0 15,8 16:56 11,8 05:39 4,3 0,0 0,0 1,6 14,5 09:12 WNW 26 17,3 23,0 15:23 12,5 05:30 2,0 1,0 0,0 1,5 16,1 07:33 WNW 27 15,1 20,4 15:57 9,5 05:42 3,5 0,3 0,0 1,2 11,3 10:58 WNW 28 14,7 21,9 15:39 6,1 04:57 4,4 0,8 0,0 0,9 12,9 15:24 NW 29 16,7 24,2 15:16 8,1 05:10 3,4 1,8 0,0 0,7 9,7 15:03 WNW 30 16,8 23,5 16:42 9,9 03:34 2,9 1,4 0,0 0,9 12,9 17:51 WNW 31 16,6 23,6 16:12 7,8 05:15 3,3 1,6 0,0 0,5 12,9 11:25 WNW ---------------------------------------------------------------------------------- 13,7 27,0 23 0,6 1 161,0 17,3 79,0 1,3 32,2 6 NW Max >= 27,0 1 Max <= 0,0 0 Min <= 0,0 0 Min <= -18,0 0 Max Rain: 32,4 on day 17 Days of Rain: 12 (>= 0,2 mm) 8 (>= 2,0 mm) 1 (>= 20,0 mm) Heat Base: 18,3 Cool Base: 18,3 Method: Integration