Wybierz Rok lub Miesiąc Raportu
2024: Sty Lut Mar Kwi Maj Cze Lip Sie Wrz Paź Lis Gru
2023: Sty Lut Mar Kwi Maj Cze Lip Sie Wrz Paź Lis Gru
2022: Sty Lut Mar Kwi Maj Cze Lip Sie Wrz Paź Lis Gru
2021: Sty Lut Mar Kwi Maj Cze Lip Sie Wrz Paź Lis Gru
2020: Sty Lut Mar Kwi Maj Cze Lip Sie Wrz Paź Lis Gru
2019: Sty Lut Mar Kwi Maj Cze Lip Sie Wrz Paź Lis Gru
2018: Sty Lut Mar Kwi Maj Cze Lip Sie Wrz Paź Lis Gru
2017: Sty Lut Mar Kwi Maj Cze Lip Sie Wrz Paź Lis Gru
2016: Sty Lut Mar Kwi Maj Cze Lip Sie Wrz Paź Lis Gru
2015: Sty Lut Mar Kwi Maj Cze Lip Sie Wrz Paź Lis Gru
2014: Sty Lut Mar Kwi Maj Cze Lip Sie Wrz Paź Lis Gru
2013: Sty Lut Mar Kwi Maj Cze Lip Sie Wrz Paź Lis Gru
2024: Sty Lut Mar Kwi Maj Cze Lip Sie Wrz Paź Lis Gru
2023: Sty Lut Mar Kwi Maj Cze Lip Sie Wrz Paź Lis Gru
2022: Sty Lut Mar Kwi Maj Cze Lip Sie Wrz Paź Lis Gru
2021: Sty Lut Mar Kwi Maj Cze Lip Sie Wrz Paź Lis Gru
2020: Sty Lut Mar Kwi Maj Cze Lip Sie Wrz Paź Lis Gru
2019: Sty Lut Mar Kwi Maj Cze Lip Sie Wrz Paź Lis Gru
2018: Sty Lut Mar Kwi Maj Cze Lip Sie Wrz Paź Lis Gru
2017: Sty Lut Mar Kwi Maj Cze Lip Sie Wrz Paź Lis Gru
2016: Sty Lut Mar Kwi Maj Cze Lip Sie Wrz Paź Lis Gru
2015: Sty Lut Mar Kwi Maj Cze Lip Sie Wrz Paź Lis Gru
2014: Sty Lut Mar Kwi Maj Cze Lip Sie Wrz Paź Lis Gru
2013: Sty Lut Mar Kwi Maj Cze Lip Sie Wrz Paź Lis Gru
Raport za 2023 Lipiec
Monthly Climatological Summary for lip 2023 Name: Stacja Pogodowa Tarnów/Moscice City: Tarnów State: Polska Elevation: 209 m Lat: N 50° 00' 41" Lon: E 020° 55' 50" Temperature (°C), Rain (mm), Wind Speed (km/h) Heat Cool Avg Mean Deg Deg Wind Dom Day Temp High Time Low Time Days Days Rain Speed High Time Dir ---------------------------------------------------------------------------------- 01 19,9 22,6 15:06 17,9 11:07 0,0 1,6 4,0 0,2 9,7 18:24 W 02 21,0 26,0 11:33 15,4 23:58 0,3 2,9 0,0 1,6 22,5 13:13 W 03 21,3 27,3 15:59 14,2 01:41 0,9 3,9 0,0 1,8 24,1 14:47 W 04 22,5 28,3 16:30 16,5 05:08 0,2 4,3 0,0 1,0 14,5 16:10 WSW 05 23,7 30,7 15:52 16,2 04:47 0,3 5,7 3,2 1,3 16,1 14:17 ESE 06 19,1 22,3 16:11 16,9 04:14 0,3 1,1 0,0 1,4 20,9 00:12 W 07 20,4 26,8 17:07 14,3 06:38 1,0 3,1 0,0 0,8 11,3 12:42 WNW 08 21,3 28,8 15:40 12,3 05:24 1,4 4,4 0,0 0,6 9,7 07:39 WNW 09 23,0 31,3 16:03 13,7 04:57 1,0 5,7 0,0 0,9 16,1 15:20 WNW 10 22,7 29,5 14:40 13,4 05:04 0,9 5,2 0,0 0,7 11,3 14:39 WNW 11 22,3 27,5 16:22 17,9 23:55 0,0 4,0 6,6 1,6 19,3 06:45 WNW 12 23,1 29,9 12:29 17,3 00:42 0,2 4,9 0,0 1,8 24,1 13:24 S 13 20,0 26,2 10:24 16,6 23:32 0,3 2,0 15,8 1,0 20,9 14:59 W 14 21,4 27,7 16:23 15,8 04:42 0,6 3,7 1,6 1,2 14,5 09:49 W 15 24,7 32,5 17:02 15,6 04:31 0,5 6,8 0,2 1,2 17,7 14:44 S 16 27,5 34,3 16:46 21,2 04:31 0,0 9,2 0,0 1,3 16,1 14:45 SW 17 21,9 29,1 13:45 17,7 23:55 0,0 3,6 31,4 1,0 35,4 15:42 W 18 20,7 26,4 15:30 16,1 04:53 0,5 3,0 1,4 1,2 17,7 09:05 WNW 19 22,4 29,7 16:16 15,1 04:44 0,7 4,8 0,0 0,5 14,5 16:33 W 20 19,4 25,0 15:22 15,3 23:55 0,5 1,7 0,4 1,2 20,9 19:20 WNW 21 18,8 24,6 12:26 13,0 04:58 1,4 1,9 0,2 0,2 11,3 10:17 S 22 19,9 24,7 16:59 15,7 23:58 0,5 2,1 0,2 1,7 22,5 12:33 WNW 23 21,3 28,7 15:13 12,3 05:13 1,5 4,5 0,0 2,1 27,4 15:22 W 24 24,6 31,5 15:37 18,4 22:13 0,0 6,3 19,4 2,3 25,7 10:47 SW 25 19,9 26,5 12:18 15,8 23:58 0,3 2,0 27,6 1,3 17,7 14:52 W 26 14,7 18,0 11:39 12,3 22:20 3,6 0,0 61,6 0,8 14,5 22:10 WNW 27 16,3 22,5 16:21 11,5 02:22 2,9 0,9 0,0 1,6 20,9 12:36 W 28 18,1 23,7 18:35 13,4 01:42 1,6 1,4 1,2 2,5 24,1 16:57 WSW 29 21,2 27,3 13:07 14,7 05:30 0,5 3,4 0,0 1,5 22,5 16:15 WSW 30 21,6 25,3 13:44 17,6 04:54 0,0 3,3 0,0 1,7 17,7 08:10 W 31 20,2 25,6 16:51 16,1 07:01 0,3 2,2 6,4 1,9 20,9 14:43 W ---------------------------------------------------------------------------------- 21,1 34,3 16 11,5 27 22,2 109,6 181,2 1,3 35,4 17 W Max >= 27,0 16 Max <= 0,0 0 Min <= 0,0 0 Min <= -18,0 0 Max Rain: 61,6 on day 26 Days of Rain: 16 (>= 0,2 mm) 9 (>= 2,0 mm) 3 (>= 20,0 mm) Heat Base: 18,3 Cool Base: 18,3 Method: Integration