Wybierz Rok lub Miesiąc Raportu
2024: Sty Lut Mar Kwi Maj Cze Lip Sie Wrz Paź Lis Gru
2023: Sty Lut Mar Kwi Maj Cze Lip Sie Wrz Paź Lis Gru
2022: Sty Lut Mar Kwi Maj Cze Lip Sie Wrz Paź Lis Gru
2021: Sty Lut Mar Kwi Maj Cze Lip Sie Wrz Paź Lis Gru
2020: Sty Lut Mar Kwi Maj Cze Lip Sie Wrz Paź Lis Gru
2019: Sty Lut Mar Kwi Maj Cze Lip Sie Wrz Paź Lis Gru
2018: Sty Lut Mar Kwi Maj Cze Lip Sie Wrz Paź Lis Gru
2017: Sty Lut Mar Kwi Maj Cze Lip Sie Wrz Paź Lis Gru
2016: Sty Lut Mar Kwi Maj Cze Lip Sie Wrz Paź Lis Gru
2015: Sty Lut Mar Kwi Maj Cze Lip Sie Wrz Paź Lis Gru
2014: Sty Lut Mar Kwi Maj Cze Lip Sie Wrz Paź Lis Gru
2013: Sty Lut Mar Kwi Maj Cze Lip Sie Wrz Paź Lis Gru
2024: Sty Lut Mar Kwi Maj Cze Lip Sie Wrz Paź Lis Gru
2023: Sty Lut Mar Kwi Maj Cze Lip Sie Wrz Paź Lis Gru
2022: Sty Lut Mar Kwi Maj Cze Lip Sie Wrz Paź Lis Gru
2021: Sty Lut Mar Kwi Maj Cze Lip Sie Wrz Paź Lis Gru
2020: Sty Lut Mar Kwi Maj Cze Lip Sie Wrz Paź Lis Gru
2019: Sty Lut Mar Kwi Maj Cze Lip Sie Wrz Paź Lis Gru
2018: Sty Lut Mar Kwi Maj Cze Lip Sie Wrz Paź Lis Gru
2017: Sty Lut Mar Kwi Maj Cze Lip Sie Wrz Paź Lis Gru
2016: Sty Lut Mar Kwi Maj Cze Lip Sie Wrz Paź Lis Gru
2015: Sty Lut Mar Kwi Maj Cze Lip Sie Wrz Paź Lis Gru
2014: Sty Lut Mar Kwi Maj Cze Lip Sie Wrz Paź Lis Gru
2013: Sty Lut Mar Kwi Maj Cze Lip Sie Wrz Paź Lis Gru
Raport za 2023 Wrzesień
Monthly Climatological Summary for wrz 2023 Name: Stacja Pogodowa Tarnów/Moscice City: Tarnów State: Polska Elevation: 209 m Lat: N 50° 00' 41" Lon: E 020° 55' 50" Temperature (°C), Rain (mm), Wind Speed (km/h) Heat Cool Avg Mean Deg Deg Wind Dom Day Temp High Time Low Time Days Days Rain Speed High Time Dir ---------------------------------------------------------------------------------- 01 17,2 23,4 15:06 11,1 06:00 2,3 1,2 0,2 1,4 17,7 12:11 W 02 18,2 23,7 15:42 15,2 23:57 1,2 1,1 15,4 0,5 12,9 10:04 W 03 15,8 22,6 14:45 12,4 23:51 2,8 0,3 10,6 0,5 12,9 13:27 WNW 04 16,2 22,5 16:47 12,0 06:14 2,9 0,8 0,0 0,9 11,3 07:23 W 05 17,1 25,6 14:48 9,8 06:17 3,2 2,0 0,2 0,3 9,7 14:00 NNW 06 17,7 26,7 17:05 9,7 05:54 3,1 2,4 0,0 0,4 9,7 13:16 ENE 07 18,5 26,7 15:47 10,8 06:29 2,5 2,7 0,0 0,5 11,3 15:16 NW 08 19,7 28,3 15:52 12,1 06:10 1,9 3,3 0,0 0,2 6,4 12:11 NW 09 19,5 27,8 15:02 12,3 06:35 1,8 3,0 0,0 0,2 9,7 12:44 ENE 10 20,8 29,6 15:57 13,3 05:48 1,4 3,9 0,0 0,3 8,0 13:28 W 11 21,2 29,7 15:31 13,7 06:08 1,2 4,1 0,0 0,5 14,5 14:00 W 12 22,4 30,2 15:03 15,6 06:14 0,5 4,7 0,0 0,5 12,9 14:26 W 13 23,0 30,8 15:08 17,8 04:36 0,1 4,8 0,0 0,6 12,9 13:42 WSW 14 18,4 20,8 00:16 15,6 22:41 0,5 0,6 5,4 0,7 12,9 10:38 W 15 17,0 22,2 14:31 11,6 23:57 2,1 0,9 0,0 0,7 8,0 15:21 WNW 16 16,4 24,9 15:20 9,1 06:20 3,5 1,6 0,0 1,0 19,3 17:16 NNW 17 20,6 28,5 16:12 14,5 04:24 1,0 3,3 0,0 1,1 17,7 12:23 S 18 21,5 26,8 13:42 16,7 07:15 0,2 3,4 0,0 2,7 22,5 11:49 SE 19 18,2 20,9 03:45 16,5 23:59 0,6 0,5 23,0 2,5 24,1 12:24 WSW 20 18,5 25,3 17:52 13,3 07:01 1,6 1,9 0,0 1,2 20,9 10:54 W 21 20,3 25,9 14:49 14,5 06:33 0,9 2,9 0,0 2,6 24,1 12:43 SE 22 21,9 26,7 13:53 18,1 06:28 0,0 3,6 0,0 3,9 30,6 10:11 SSE 23 17,7 21,0 01:58 14,3 22:58 1,2 0,6 2,2 1,0 12,9 17:26 WSW 24 14,0 15,1 15:24 12,8 07:21 4,3 0,0 9,4 0,3 9,7 01:03 WNW 25 16,3 18,0 16:00 14,3 00:00 2,0 0,0 0,0 1,2 9,7 11:28 NW 26 20,0 27,4 15:54 16,2 23:57 0,8 2,4 0,0 0,6 9,7 15:30 NNW 27 19,4 27,7 14:10 13,1 07:04 1,7 2,8 0,0 0,0 4,8 15:42 WNW 28 18,9 28,4 15:09 11,8 03:43 2,2 2,8 0,0 0,7 12,9 15:17 SE 29 18,7 27,3 16:01 11,0 07:06 2,2 2,6 0,0 0,4 12,9 14:50 WSW 30 14,7 18,2 13:09 11,3 05:23 3,6 0,0 20,0 1,2 14,5 10:37 W ---------------------------------------------------------------------------------- 18,7 30,8 13 9,1 16 53,3 64,2 86,4 1,0 30,6 22 SW Max >= 27,0 11 Max <= 0,0 0 Min <= 0,0 0 Min <= -18,0 0 Max Rain: 23,0 on day 19 Days of Rain: 9 (>= 0,2 mm) 7 (>= 2,0 mm) 2 (>= 20,0 mm) Heat Base: 18,3 Cool Base: 18,3 Method: Integration