Wybierz Rok lub Miesiąc Raportu
2024: Sty Lut Mar Kwi Maj Cze Lip Sie Wrz Paź Lis Gru
2023: Sty Lut Mar Kwi Maj Cze Lip Sie Wrz Paź Lis Gru
2022: Sty Lut Mar Kwi Maj Cze Lip Sie Wrz Paź Lis Gru
2021: Sty Lut Mar Kwi Maj Cze Lip Sie Wrz Paź Lis Gru
2020: Sty Lut Mar Kwi Maj Cze Lip Sie Wrz Paź Lis Gru
2019: Sty Lut Mar Kwi Maj Cze Lip Sie Wrz Paź Lis Gru
2018: Sty Lut Mar Kwi Maj Cze Lip Sie Wrz Paź Lis Gru
2017: Sty Lut Mar Kwi Maj Cze Lip Sie Wrz Paź Lis Gru
2016: Sty Lut Mar Kwi Maj Cze Lip Sie Wrz Paź Lis Gru
2015: Sty Lut Mar Kwi Maj Cze Lip Sie Wrz Paź Lis Gru
2014: Sty Lut Mar Kwi Maj Cze Lip Sie Wrz Paź Lis Gru
2013: Sty Lut Mar Kwi Maj Cze Lip Sie Wrz Paź Lis Gru
2024: Sty Lut Mar Kwi Maj Cze Lip Sie Wrz Paź Lis Gru
2023: Sty Lut Mar Kwi Maj Cze Lip Sie Wrz Paź Lis Gru
2022: Sty Lut Mar Kwi Maj Cze Lip Sie Wrz Paź Lis Gru
2021: Sty Lut Mar Kwi Maj Cze Lip Sie Wrz Paź Lis Gru
2020: Sty Lut Mar Kwi Maj Cze Lip Sie Wrz Paź Lis Gru
2019: Sty Lut Mar Kwi Maj Cze Lip Sie Wrz Paź Lis Gru
2018: Sty Lut Mar Kwi Maj Cze Lip Sie Wrz Paź Lis Gru
2017: Sty Lut Mar Kwi Maj Cze Lip Sie Wrz Paź Lis Gru
2016: Sty Lut Mar Kwi Maj Cze Lip Sie Wrz Paź Lis Gru
2015: Sty Lut Mar Kwi Maj Cze Lip Sie Wrz Paź Lis Gru
2014: Sty Lut Mar Kwi Maj Cze Lip Sie Wrz Paź Lis Gru
2013: Sty Lut Mar Kwi Maj Cze Lip Sie Wrz Paź Lis Gru
Raport za 2023 Październik
Monthly Climatological Summary for paz 2023 Name: Stacja Pogodowa Tarnów/Moscice City: Tarnów State: Polska Elevation: 209 m Lat: N 50° 00' 41" Lon: E 020° 55' 50" Temperature (°C), Rain (mm), Wind Speed (km/h) Heat Cool Avg Mean Deg Deg Wind Dom Day Temp High Time Low Time Days Days Rain Speed High Time Dir ---------------------------------------------------------------------------------- 01 13,4 17,3 14:37 10,7 04:45 4,9 0,0 0,0 1,2 16,1 10:41 W 02 15,4 21,7 15:24 9,8 02:21 3,6 0,7 0,0 0,8 14,5 11:29 W 03 18,1 24,3 14:33 13,7 06:09 1,6 1,4 0,0 2,9 19,3 16:21 SE 04 15,1 18,6 02:15 10,6 23:59 3,2 0,0 2,0 2,7 24,1 09:30 W 05 13,2 19,3 13:57 7,9 07:26 5,1 0,0 0,0 2,1 27,4 12:01 W 06 13,2 18,4 16:02 9,8 07:00 5,1 0,0 0,0 1,3 16,1 00:49 W 07 16,8 22,2 14:40 11,6 00:00 2,2 0,6 1,0 5,6 35,4 12:48 W 08 10,5 16,3 00:51 6,0 23:57 7,8 0,0 14,2 2,0 19,3 09:41 WNW 09 5,9 8,3 12:40 3,1 04:09 12,4 0,0 0,0 1,0 14,5 11:20 SW 10 8,7 12,7 15:39 3,9 06:11 9,6 0,0 0,0 0,4 9,7 13:01 SE 11 14,2 20,7 14:53 9,8 01:51 4,3 0,2 0,0 3,1 19,3 17:24 SE 12 17,6 25,2 13:47 13,4 05:30 2,1 1,5 0,4 3,6 25,7 13:56 SW 13 17,3 23,4 16:06 13,1 06:56 1,9 0,9 0,0 1,0 16,1 12:41 SW 14 19,7 26,7 15:13 11,8 23:58 1,0 2,3 1,2 3,1 24,1 12:19 SW 15 9,9 11,8 00:00 5,9 23:56 8,4 0,0 2,2 2,4 19,3 10:40 W 16 6,9 10,1 15:04 4,9 04:05 11,4 0,0 0,0 3,8 29,0 11:28 W 17 6,5 12,3 14:00 2,0 23:55 11,8 0,0 0,0 0,6 9,7 10:18 W 18 5,8 14,7 16:51 -0,1 07:26 12,5 0,0 0,0 0,6 17,7 14:25 W 19 8,0 13,9 11:50 1,3 06:47 10,3 0,0 0,2 1,8 19,3 10:31 SE 20 15,8 19,6 13:34 10,9 00:00 2,8 0,2 0,0 1,9 17,7 11:36 SE 21 19,9 24,1 14:46 15,6 23:59 0,2 1,8 0,8 1,9 17,7 01:49 SSE 22 14,6 15,9 01:39 12,8 21:57 3,7 0,0 16,4 3,0 32,2 16:01 W 23 12,0 18,6 15:47 7,3 23:57 6,3 0,0 0,0 1,1 20,9 00:50 W 24 12,1 18,6 14:12 6,3 07:17 6,2 0,0 2,4 1,0 17,7 14:01 SE 25 12,3 13,6 00:01 8,2 23:43 6,0 0,0 11,0 2,6 30,6 13:29 W 26 11,4 15,9 14:46 6,4 02:36 6,9 0,0 0,0 0,6 12,9 11:07 SW 27 11,2 12,4 13:00 9,1 23:53 7,1 0,0 25,6 1,0 20,9 20:03 WNW 28 11,8 15,3 15:42 9,1 00:00 6,5 0,0 1,6 2,9 29,0 17:23 W 29 13,8 19,1 12:47 10,9 07:10 4,7 0,0 0,0 2,5 19,3 13:47 SSE 30 15,6 20,4 14:02 11,4 04:17 3,0 0,3 0,0 1,8 17,7 23:47 SE 31 15,4 20,3 12:49 9,9 23:54 3,0 0,1 18,4 3,8 24,1 07:54 SSE ---------------------------------------------------------------------------------- 13,0 26,7 14 -0,1 18 175,6 10,0 97,4 2,1 35,4 7 SW Max >= 27,0 0 Max <= 0,0 0 Min <= 0,0 1 Min <= -18,0 0 Max Rain: 25,6 on day 27 Days of Rain: 14 (>= 0,2 mm) 8 (>= 2,0 mm) 1 (>= 20,0 mm) Heat Base: 18,3 Cool Base: 18,3 Method: Integration